{"id":742320,"date":"2025-08-28T01:09:00","date_gmt":"2025-08-27T22:09:00","guid":{"rendered":"https:\/\/roveyayinevi.com.tr\/index.php\/urun\/modern-dunyanin-yeniden-insasi\/"},"modified":"2026-04-16T02:53:24","modified_gmt":"2026-04-15T23:53:24","slug":"modern-dunyanin-yeniden-insasi","status":"publish","type":"product","link":"https:\/\/roveyayinevi.com.tr\/index.php\/urun\/modern-dunyanin-yeniden-insasi\/","title":{"rendered":"Modern D\u00fcnyan\u0131n Yeniden \u0130n\u015fas\u0131"},"content":{"rendered":"<p>\u0130\u00c7ER\u0130K TANITIM Modern D\u00fcnyan\u0131n Yeniden \u0130n\u015fas\u0131, \u0130ngiliz tarih\u00e7i Christopher Alan Bayly\u2019nin modern tarih yaz\u0131m\u0131nda \u00e7\u0131\u011f\u0131r a\u00e7an Modern D\u00fcnyan\u0131n Do\u011fu\u015fu adl\u0131 geni\u015f kapsaml\u0131 ve incelikle i\u015flenmi\u015f \u00e7al\u0131\u015fmas\u0131n\u0131n devam\u0131 ve tamamlay\u0131c\u0131 cildidir. \u201cG\u00f6z kama\u015ft\u0131r\u0131c\u0131 bilgi derinli\u011fiyle uzakl\u0131k tan\u0131mayan \u00e7\u00f6z\u00fcmleme g\u00fcc\u00fcn\u00fcn ba\u015fyap\u0131t\u0131\u201d olarak tan\u0131mlanan ilk ciltte oldu\u011fu gibi Bayly bu ciltte de iktisadi, siyasal ve toplumsal geli\u015fmeleri, g\u00f6r\u00fcn\u00fcr g\u00f6r\u00fcnmez karma\u015f\u0131kl\u0131klar\u0131 i\u00e7inde, kendine \u00f6zg\u00fc ba\u011flant\u0131l\u0131 ve kar\u015f\u0131la\u015ft\u0131rmal\u0131 bak\u0131\u015f y\u00f6ntemiyle k\u00fcresel \u00f6l\u00e7ekte \u00e7\u00f6z\u00fcmlemeyi s\u00fcrd\u00fcr\u00fcyor. Devlet, sermaye, \u00fcretim, sava\u015f, ileti\u015fim, k\u00fclt\u00fcrel ya\u015fam, k\u00fcresellik, yerellik temalar\u0131n\u0131 y\u00fczy\u0131l\u0131n ba\u015f\u0131ndan beri ortaya \u00e7\u0131kan de\u011fi\u015fimlere ba\u011fl\u0131 olarak somut bi\u00e7imde irdeleyen Bayly, okura, her bir a\u015famada \u00e7arp\u0131c\u0131 \u00f6rneklerle donat\u0131lm\u0131\u015f, zengin ve izlenebilir bir tarih anlat\u0131s\u0131 sunuyor. Modern D\u00fcnyan\u0131n Yeniden \u0130n\u015fas\u0131, ola\u011fan\u00fcst\u00fc derinlikteki yap\u0131tlar\u0131yla oldu\u011fu kadar se\u00e7kin bir e\u011fitmen olarak da ya\u015fam\u0131n\u0131n son an\u0131na dek katk\u0131lar\u0131n\u0131 devam ettirdi\u011fi akademi \u00e7evrelerince \u201cbenzersiz entelekt\u00fcel yelpazeye sahip bir virt\u00fc\u00f6z\u201d olarak an\u0131lan Bayly\u2019nin modern tarih yaz\u0131m\u0131na miras b\u0131rakt\u0131\u011f\u0131 bir \u201cson dokunu\u015f\u201d olarak kabul edilmektedir. \u201cYirminci y\u00fczy\u0131l\u0131n k\u00fcresel tarihini t\u00fcm kli\u015felerden ar\u0131nm\u0131\u015f bi\u00e7imde yaln\u0131zca Chris Bayly yazabilirdi. Engin bilgi birikimi ve ayn\u0131 bi\u00e7imde derin d\u00fc\u015f\u00fcnce yetisi \u00fczerinde y\u00fckselen, ge\u00e7mi\u015fe \u0131\u015f\u0131k d\u00fc\u015f\u00fcrd\u00fc\u011f\u00fc kadar g\u00fcn\u00fcm\u00fcz\u00fcn \u00e7alkant\u0131l\u0131 d\u00fcnyas\u0131n\u0131 da ayd\u0131nlatan, ilham verici bir eser.\u201d (Ruth Harris, Modern Tarih Profes\u00f6r\u00fc, Oxford \u00dcniversitesi) \u201cModern D\u00fcnyan\u0131n Yeniden \u0130n\u015fas\u0131, ilk bak\u0131\u015fta yerel \u00e7at\u0131\u015fmalar ve k\u00fc\u00e7\u00fck sava\u015flar\u0131 d\u00fcnya tarihinin merkezine yerle\u015ftirir g\u00f6r\u00fcn\u00fcrken temelde k\u00fcresel kapitalizmin e\u015fitsizliklerini derinli\u011fine sorgulamakta ve de\u011fi\u015fen birey ve toplum kavray\u0131\u015flar\u0131na dikkat \u00e7ekmektedir. \u00c7a\u011f\u0131m\u0131z\u0131n en \u00f6nemli tarih\u00e7ilerinden birinin en par\u0131lt\u0131l\u0131 eseri\u201d (Lauren Benton, Hukuk ve Tarih Profes\u00f6r\u00fc, Vanderbilt \u00dcniversitesi)   CHRISTOPHER ALAN BAYLY: 1945, Tunbridge Wells, Kent do\u011fumlu \u0130ngiliz tarih\u00e7i. Doktoras\u0131n\u0131 1970 y\u0131l\u0131nda Oxford \u00dcniversitesi\u2019nde tamamlad\u0131. 1990 y\u0131l\u0131nda British Academy\u2019e kabul edildi. Britanya \u0130mparatorlu\u011fu ve Hindistan tarihi alan\u0131ndaki yap\u0131tlar\u0131yla \u00f6ne \u00e7\u0131kan Bayly, d\u00fcnya tarihi \u00fczerine \u00e7al\u0131\u015fmalardaki \u00f6nc\u00fcl\u00fc\u011f\u00fc dolay\u0131s\u0131yla aralar\u0131nda 2004 \u201cWolfson History Oeuvre\u201d ve 2007 \u201cQueen\u2019s Birthday Honours List\u201d gibi unvan\u0131n da yer ald\u0131\u011f\u0131 \u00e7ok say\u0131da \u00f6d\u00fcle de\u011fer g\u00f6r\u00fcld\u00fc ve \u201cSir\u201d unvan\u0131yla onurland\u0131r\u0131ld\u0131. 1970\u2019de St. Catharine\u2019s College\u2019da \u00f6\u011fretim g\u00f6revlisi olarak ba\u015flayan akademik kariyerini 1992\u2019den 2013\u2019e kadar imparatorluk ve deniza\u015f\u0131r\u0131 \u00fclkeler tarihi profes\u00f6r\u00fc oldu\u011fu Cambridge \u00dcniversitesi\u2019nde s\u00fcrd\u00fcrd\u00fc. \u0130ktisadi, toplumsal, siyasal, k\u00fclt\u00fcrel tarih, g\u00f6rsel sanatlar ve do\u011fa bilimleri tarihi alan\u0131ndaki ola\u011fan\u00fcst\u00fc derinlikteki yap\u0131tlar\u0131yla \u201cbenzersiz entelekt\u00fcel yelpazeye sahip virt\u00fc\u00f6z bir tarih\u00e7i\u201d olarak an\u0131lan Bayly 2015 Nisan\u2019\u0131nda ya\u015fama veda etti\u011finde Chicago, Kopenhag ve Londra Queen Mary \u00dcniversitesi\u2019nde ders vermeyi s\u00fcrd\u00fcrmekteydi. <\/p>\n","protected":false},"excerpt":{"rendered":"<p>\u0130\u00c7ER\u0130K TANITIM Modern D\u00fcnyan\u0131n Yeniden \u0130n\u015fas\u0131, \u0130ngiliz tarih\u00e7i Christopher Alan Bayly\u2019nin modern tarih yaz\u0131m\u0131nda \u00e7\u0131\u011f\u0131r a\u00e7an Modern D\u00fcnyan\u0131n Do\u011fu\u015fu adl\u0131 geni\u015f kapsaml\u0131 ve incelikle i\u015flenmi\u015f \u00e7al\u0131\u015fmas\u0131n\u0131n<span class=\"excerpt-hellip\"> [\u2026]<\/span><\/p>\n","protected":false},"featured_media":0,"template":"","meta":{"_monsterinsights_skip_tracking":false,"_monsterinsights_sitenote_active":false,"_monsterinsights_sitenote_note":"","_monsterinsights_sitenote_category":0},"product_brand":[],"product_cat":[12370,12304],"product_tag":[],"class_list":{"0":"post-742320","1":"product","2":"type-product","3":"status-publish","5":"product_cat-arastirma-inceleme","6":"product_cat-tarih","7":"pa_cilt-ciltsiz","8":"pa_tur-kitap","9":"pa_yayinevi-ayrinti-yayinlari","10":"pa_yazar-christopher-alan-bayly","12":"first","13":"instock","14":"sale","15":"shipping-taxable","16":"purchasable","17":"product-type-simple"},"_links":{"self":[{"href":"https:\/\/roveyayinevi.com.tr\/index.php\/wp-json\/wp\/v2\/product\/742320","targetHints":{"allow":["GET"]}}],"collection":[{"href":"https:\/\/roveyayinevi.com.tr\/index.php\/wp-json\/wp\/v2\/product"}],"about":[{"href":"https:\/\/roveyayinevi.com.tr\/index.php\/wp-json\/wp\/v2\/types\/product"}],"wp:attachment":[{"href":"https:\/\/roveyayinevi.com.tr\/index.php\/wp-json\/wp\/v2\/media?parent=742320"}],"wp:term":[{"taxonomy":"product_brand","embeddable":true,"href":"https:\/\/roveyayinevi.com.tr\/index.php\/wp-json\/wp\/v2\/product_brand?post=742320"},{"taxonomy":"product_cat","embeddable":true,"href":"https:\/\/roveyayinevi.com.tr\/index.php\/wp-json\/wp\/v2\/product_cat?post=742320"},{"taxonomy":"product_tag","embeddable":true,"href":"https:\/\/roveyayinevi.com.tr\/index.php\/wp-json\/wp\/v2\/product_tag?post=742320"}],"curies":[{"name":"wp","href":"https:\/\/api.w.org\/{rel}","templated":true}]}}