{"id":742319,"date":"2025-08-28T01:08:59","date_gmt":"2025-08-27T22:08:59","guid":{"rendered":"https:\/\/roveyayinevi.com.tr\/index.php\/urun\/kediler-sehri\/"},"modified":"2026-04-16T02:53:24","modified_gmt":"2026-04-15T23:53:24","slug":"kediler-sehri","status":"publish","type":"product","link":"https:\/\/roveyayinevi.com.tr\/index.php\/urun\/kediler-sehri\/","title":{"rendered":"Kediler \u015eehri"},"content":{"rendered":"<p>Limandaki eski mahallelerden birinde Dil Bal\u0131\u011f\u0131 Caddesi 3 numarada i\u00e7inde g\u00fcr\u00fclt\u00fcc\u00fc m\u00fc g\u00fcr\u00fclt\u00fcc\u00fc, sevimli mi sevimli kedilerin ya\u015fad\u0131\u011f\u0131 kocaman pembe bir apartman varm\u0131\u015f. Kedilerin yolu bir g\u00fcn kendi gibi mini minnac\u0131k \u00e7at\u0131 kat\u0131nda oturan ve zamanla kedilerin can dostu olan farecik Filippo ile kesi\u015fmi\u015f.   NICOLETTA COSTA \u0130\u00e7indeki \u00e7ocu\u011fu korumay\u0131 bildi\u011finden ve d\u00fcnyaya bir \u00e7ocu\u011fun g\u00f6zleriyle bakmay\u0131 ba\u015farabildi\u011finden \u00e7ocuk d\u00fcnyas\u0131n\u0131n en b\u00fcy\u00fck yazarlar\u0131ndan biri olarak bilinir. 1980\u2019den beri onlarca hik\u00e2yede kelimeleriyle ve \u00e7izimleriyle o d\u00fcnyay\u0131 anlatmaya devam ediyor. Yay\u0131mlad\u0131\u011f\u0131 300\u2019den fazla kitap arac\u0131l\u0131\u011f\u0131yla \u00e7ocuklar\u0131n d\u00fc\u015f\u00fcncelerini, davran\u0131\u015flar\u0131n\u0131 ve tutumlar\u0131n\u0131 ke\u015ffetmemizi sa\u011fl\u0131yor. Kitaplar\u0131 Rusya, Yunanistan, \u0130spanya, \u00c7in de dahil pek \u00e7ok \u00fclkede yay\u0131mland\u0131. Y\u0131llar i\u00e7erisinde \u00f6nemli \u00f6d\u00fcller kazand\u0131. Nicoletta Costa eserlerini hem yazar hem de resimler. \u201cKediler\u201d adl\u0131 seri Nicoletta Costa\u2019n\u0131n en sevdi\u011fi hayvan olan kedilere adanm\u0131\u015ft\u0131r ve Dil Bal\u0131\u011f\u0131 Caddesi\u2019ndeki 3 numaral\u0131 b\u00fcy\u00fck binan\u0131n sakinlerinin maceralar\u0131n\u0131 anlatmaktad\u0131r.   <\/p>\n","protected":false},"excerpt":{"rendered":"<p>Limandaki eski mahallelerden birinde Dil Bal\u0131\u011f\u0131 Caddesi 3 numarada i\u00e7inde g\u00fcr\u00fclt\u00fcc\u00fc m\u00fc g\u00fcr\u00fclt\u00fcc\u00fc, sevimli mi sevimli kedilerin ya\u015fad\u0131\u011f\u0131 kocaman pembe bir apartman varm\u0131\u015f. Kedilerin yolu bir<span class=\"excerpt-hellip\"> [\u2026]<\/span><\/p>\n","protected":false},"featured_media":0,"template":"","meta":{"_monsterinsights_skip_tracking":false,"_monsterinsights_sitenote_active":false,"_monsterinsights_sitenote_note":"","_monsterinsights_sitenote_category":0},"product_brand":[],"product_cat":[12689,12274],"product_tag":[],"class_list":{"0":"post-742319","1":"product","2":"type-product","3":"status-publish","5":"product_cat-cizgi-roman-cocuk-ve-genclik-kitaplari","6":"product_cat-cocuk-ve-genclik-kitaplari","7":"pa_cilt-ciltsiz","8":"pa_tur-kitap","9":"pa_yayinevi-dinozor-cocuk","10":"pa_yazar-nicoletta-costa","12":"first","13":"instock","14":"sale","15":"shipping-taxable","16":"purchasable","17":"product-type-simple"},"_links":{"self":[{"href":"https:\/\/roveyayinevi.com.tr\/index.php\/wp-json\/wp\/v2\/product\/742319","targetHints":{"allow":["GET"]}}],"collection":[{"href":"https:\/\/roveyayinevi.com.tr\/index.php\/wp-json\/wp\/v2\/product"}],"about":[{"href":"https:\/\/roveyayinevi.com.tr\/index.php\/wp-json\/wp\/v2\/types\/product"}],"wp:attachment":[{"href":"https:\/\/roveyayinevi.com.tr\/index.php\/wp-json\/wp\/v2\/media?parent=742319"}],"wp:term":[{"taxonomy":"product_brand","embeddable":true,"href":"https:\/\/roveyayinevi.com.tr\/index.php\/wp-json\/wp\/v2\/product_brand?post=742319"},{"taxonomy":"product_cat","embeddable":true,"href":"https:\/\/roveyayinevi.com.tr\/index.php\/wp-json\/wp\/v2\/product_cat?post=742319"},{"taxonomy":"product_tag","embeddable":true,"href":"https:\/\/roveyayinevi.com.tr\/index.php\/wp-json\/wp\/v2\/product_tag?post=742319"}],"curies":[{"name":"wp","href":"https:\/\/api.w.org\/{rel}","templated":true}]}}