{"id":742315,"date":"2025-08-28T01:08:55","date_gmt":"2025-08-27T22:08:55","guid":{"rendered":"https:\/\/roveyayinevi.com.tr\/index.php\/urun\/kostebek-kardesler\/"},"modified":"2026-04-16T02:53:24","modified_gmt":"2026-04-15T23:53:24","slug":"kostebek-kardesler","status":"publish","type":"product","link":"https:\/\/roveyayinevi.com.tr\/index.php\/urun\/kostebek-kardesler\/","title":{"rendered":"K\u00f6stebek Karde\u015fler"},"content":{"rendered":"<p>K\u00f6stebekler, ormandaki en ilgin\u00e7 hayvanlardand\u0131r. Topra\u011f\u0131n alt\u0131na yuva kazarlar. Olur olmaz yerlerden ba\u015flar\u0131n\u0131 \u00e7\u0131kar\u0131p bizi \u015fa\u015f\u0131rt\u0131rlar. Sevimli ve oyuncu olan k\u00f6stebekler, havucu \u00e7ok severler. Yer elmas\u0131 ve patatesin kokusunu uzaktan al\u0131p, bir anda tarlada biterler. Bizim iki k\u00f6stebe\u011fimiz Sevgi ve Nefret, adlar\u0131 gibi huylar\u0131 da birbirinden farkl\u0131 iki oyuncu karde\u015f. \u0130kisi de k\u00f6r do\u011fmalar\u0131na ra\u011fmen Nefret s\u00fcrekli etraf\u0131nda olan nesnelere, ki\u015filere zarar verir, Sevgi ise ba\u015fkalar\u0131na yard\u0131m eder. K\u00f6stebek Sevgi yeni \u015feyler \u00f6\u011frenmeye \u00e7ok merakl\u0131d\u0131r. Karde\u015fi gibi kendisinin neden iyi \u015feyler yapamad\u0131\u011f\u0131n\u0131 anlamayan Nefret ise, i\u00e7indeki \u00f6fke ve h\u0131n\u00e7la asl\u0131nda kendisini yok eder. Ta ki bir g\u00fcn Sevgi, karde\u015finin de isterse iyi \u015feyler yapabilece\u011fine onu ikna edene kadar. B\u00f6ylece Nefret de bir \u015feyleri yok etmektense var etmenin daha g\u00fczel oldu\u011funu karde\u015finin \u00e7abas\u0131yla anlar. Sonu\u00e7ta karde\u015f demek, biraz da farkl\u0131 y\u00f6nleriyle bir b\u00fct\u00fcn olmak de\u011fil mi? (Tan\u0131t\u0131m B\u00fclteninden)<\/p>\n","protected":false},"excerpt":{"rendered":"<p>K\u00f6stebekler, ormandaki en ilgin\u00e7 hayvanlardand\u0131r. Topra\u011f\u0131n alt\u0131na yuva kazarlar. Olur olmaz yerlerden ba\u015flar\u0131n\u0131 \u00e7\u0131kar\u0131p bizi \u015fa\u015f\u0131rt\u0131rlar. Sevimli ve oyuncu olan k\u00f6stebekler, havucu \u00e7ok severler. Yer elmas\u0131<span class=\"excerpt-hellip\"> [\u2026]<\/span><\/p>\n","protected":false},"featured_media":0,"template":"","meta":{"_monsterinsights_skip_tracking":false,"_monsterinsights_sitenote_active":false,"_monsterinsights_sitenote_note":"","_monsterinsights_sitenote_category":0},"product_brand":[],"product_cat":[12913,12274],"product_tag":[],"class_list":{"0":"post-742315","1":"product","2":"type-product","3":"status-publish","5":"product_cat-3-6-yas-kitaplari","6":"product_cat-cocuk-ve-genclik-kitaplari","7":"pa_cilt-ciltsiz","8":"pa_tur-kitap","9":"pa_yayinevi-yeni-insan-yayinlari","10":"pa_yazar-ivan-mata","12":"first","13":"instock","14":"sale","15":"shipping-taxable","16":"purchasable","17":"product-type-simple"},"_links":{"self":[{"href":"https:\/\/roveyayinevi.com.tr\/index.php\/wp-json\/wp\/v2\/product\/742315","targetHints":{"allow":["GET"]}}],"collection":[{"href":"https:\/\/roveyayinevi.com.tr\/index.php\/wp-json\/wp\/v2\/product"}],"about":[{"href":"https:\/\/roveyayinevi.com.tr\/index.php\/wp-json\/wp\/v2\/types\/product"}],"wp:attachment":[{"href":"https:\/\/roveyayinevi.com.tr\/index.php\/wp-json\/wp\/v2\/media?parent=742315"}],"wp:term":[{"taxonomy":"product_brand","embeddable":true,"href":"https:\/\/roveyayinevi.com.tr\/index.php\/wp-json\/wp\/v2\/product_brand?post=742315"},{"taxonomy":"product_cat","embeddable":true,"href":"https:\/\/roveyayinevi.com.tr\/index.php\/wp-json\/wp\/v2\/product_cat?post=742315"},{"taxonomy":"product_tag","embeddable":true,"href":"https:\/\/roveyayinevi.com.tr\/index.php\/wp-json\/wp\/v2\/product_tag?post=742315"}],"curies":[{"name":"wp","href":"https:\/\/api.w.org\/{rel}","templated":true}]}}