{"id":742290,"date":"2025-08-28T01:08:26","date_gmt":"2025-08-27T22:08:26","guid":{"rendered":"https:\/\/roveyayinevi.com.tr\/index.php\/urun\/hani-ayriliklar-da-sevdaya-dahildi\/"},"modified":"2026-03-23T02:59:19","modified_gmt":"2026-03-22T23:59:19","slug":"hani-ayriliklar-da-sevdaya-dahildi","status":"publish","type":"product","link":"https:\/\/roveyayinevi.com.tr\/index.php\/urun\/hani-ayriliklar-da-sevdaya-dahildi\/","title":{"rendered":"Hani Ayr\u0131l\u0131klar da Sevdaya Dahildi?"},"content":{"rendered":"<p>\u201cNE B\u0130R GEM\u0130 TEK DEM\u0130RE BA\u011eLANIR NE DE HAYAT, TEK B\u0130R \u00dcM\u0130DE.\u201d \u2013 EP\u0130KTETOS   \u201cOnu ili\u015fkiye ba\u015flarken de\u011fil, ayr\u0131l\u0131rken tan\u0131rs\u0131n.\u201d Neden b\u00f6yle s\u00f6ylenir biliyor musun? \u00c7\u00fcnk\u00fc ayr\u0131l\u0131klar\u0131n nedenleri \u015fimdinin i\u00e7inde gizli de\u011fildir, \u00e7ok eskilere dayan\u0131r. Anneyle kurulan ilk temasa kadar geri gitmek gerekir. Ba\u011flanmak i\u00e7in hep ayn\u0131 tip insanlar\u0131 se\u00e7iyor olman ve sonunda yine hep birbirine \u00e7ok benzeyen ayr\u0131l\u0131klar ya\u015faman tesad\u00fcf de\u011fil, se\u00e7im&#8230; \u0130li\u015fkilerinde ya\u015fad\u0131\u011f\u0131n sorunlar\u0131 kar\u015f\u0131ndaki insanla \u00e7\u00f6zemezsin. Mesele \u00e7ocukluk y\u0131llar\u0131nda \u00f6\u011frendi\u011fin ba\u011flanma bi\u00e7imleriyle ilgili, onunla de\u011fil&#8230; Ayr\u0131l\u0131r ayr\u0131lmaz ba\u015fkas\u0131n\u0131 m\u0131 buldu? Hi\u00e7 de\u011ferin yokmu\u015f gibi mi gitti? Uzaklara m\u0131 ka\u00e7t\u0131? Me\u011fer hi\u00e7 mi sevmemi\u015f seni? Neden hi\u00e7 \u00fcz\u00fclm\u00fcyor? Neden hissetmiyor yoklu\u011funu? Her \u015fey yalan m\u0131ym\u0131\u015f? B\u00fct\u00fcn bunlar\u0131n, onun nas\u0131l bir insan oldu\u011fuyla de\u011fil, senin ba\u011flanma \u015feklinle nas\u0131l bir ili\u015fkisi oldu\u011funu anlamaya ve konuyu k\u00f6k\u00fcnden \u00e7\u00f6zmeye haz\u0131r m\u0131s\u0131n? Klinik Psikolog Ziya \u00dcnl\u00fct\u00fcrk\u2019\u00fcn kaleme ald\u0131\u011f\u0131 HAN\u0130 AYRILIKLAR DA SEVDAYA DAH\u0130LD\u0130, ba\u011flanma \u015fekillerini, travmalar\u0131 ve ayr\u0131l\u0131k sonras\u0131 s\u00fcreci g\u00fcvenli bir deneyime d\u00f6n\u00fc\u015ft\u00fcrecek. <\/p>\n","protected":false},"excerpt":{"rendered":"<p>\u201cNE B\u0130R GEM\u0130 TEK DEM\u0130RE BA\u011eLANIR NE DE HAYAT, TEK B\u0130R \u00dcM\u0130DE.\u201d \u2013 EP\u0130KTETOS \u201cOnu ili\u015fkiye ba\u015flarken de\u011fil, ayr\u0131l\u0131rken tan\u0131rs\u0131n.\u201d Neden b\u00f6yle s\u00f6ylenir biliyor musun? \u00c7\u00fcnk\u00fc<span class=\"excerpt-hellip\"> [\u2026]<\/span><\/p>\n","protected":false},"featured_media":0,"template":"","meta":{"_monsterinsights_skip_tracking":false,"_monsterinsights_sitenote_active":false,"_monsterinsights_sitenote_note":"","_monsterinsights_sitenote_category":0},"product_brand":[],"product_cat":[12364,12376],"product_tag":[],"class_list":{"0":"post-742290","1":"product","2":"type-product","3":"status-publish","5":"product_cat-genel-konular","6":"product_cat-kisisel-gelisim","7":"pa_cilt-ciltsiz","8":"pa_tur-kitap","9":"pa_yayinevi-destek-yayinlari","10":"pa_yazar-ziya-unluturk","12":"first","13":"instock","14":"sale","15":"shipping-taxable","16":"purchasable","17":"product-type-simple"},"_links":{"self":[{"href":"https:\/\/roveyayinevi.com.tr\/index.php\/wp-json\/wp\/v2\/product\/742290","targetHints":{"allow":["GET"]}}],"collection":[{"href":"https:\/\/roveyayinevi.com.tr\/index.php\/wp-json\/wp\/v2\/product"}],"about":[{"href":"https:\/\/roveyayinevi.com.tr\/index.php\/wp-json\/wp\/v2\/types\/product"}],"wp:attachment":[{"href":"https:\/\/roveyayinevi.com.tr\/index.php\/wp-json\/wp\/v2\/media?parent=742290"}],"wp:term":[{"taxonomy":"product_brand","embeddable":true,"href":"https:\/\/roveyayinevi.com.tr\/index.php\/wp-json\/wp\/v2\/product_brand?post=742290"},{"taxonomy":"product_cat","embeddable":true,"href":"https:\/\/roveyayinevi.com.tr\/index.php\/wp-json\/wp\/v2\/product_cat?post=742290"},{"taxonomy":"product_tag","embeddable":true,"href":"https:\/\/roveyayinevi.com.tr\/index.php\/wp-json\/wp\/v2\/product_tag?post=742290"}],"curies":[{"name":"wp","href":"https:\/\/api.w.org\/{rel}","templated":true}]}}