{"id":742268,"date":"2025-08-28T01:08:02","date_gmt":"2025-08-27T22:08:02","guid":{"rendered":"https:\/\/roveyayinevi.com.tr\/index.php\/urun\/bizler-buyuyunce\/"},"modified":"2026-04-16T02:53:23","modified_gmt":"2026-04-15T23:53:23","slug":"bizler-buyuyunce","status":"publish","type":"product","link":"https:\/\/roveyayinevi.com.tr\/index.php\/urun\/bizler-buyuyunce\/","title":{"rendered":"Bizler B\u00fcy\u00fcy\u00fcnce"},"content":{"rendered":"<p>T\u00fcrk\u00e7enin ustalar\u0131ndan Emin \u00d6zdemir&#8217;in T\u00fcrkiye&#8217;nin g\u00fczel \u00e7ocuklar\u0131 i\u00e7in yazd\u0131\u011f\u0131 bu romanda, \u00fclkenin farkl\u0131 yerlerinde oturan \u00d6zg\u00fcr ile Yeter adl\u0131 iki \u00e7ocu\u011fun mektuplar\u0131n\u0131 okuyacaks\u0131n\u0131z.\u0130kisi de ilkokul be\u015finci s\u0131n\u0131f \u00f6\u011frencisi, farkl\u0131 k\u00fclt\u00fcrlere sahipler ancak zamanla bu iki \u00e7ocuk aras\u0131nda s\u0131cak bir dostluk kuruluyor. Yeter&#8217;in yazd\u0131klar\u0131 zaman zaman \u00d6zg\u00fcr&#8217;\u00fc \u00fcz\u00fcyor, birtak\u0131m sorular uyand\u0131r\u0131yor onun kafas\u0131nda. Bunlar\u0131 annesine, babas\u0131na y\u00f6neltiyor, \u00e7o\u011fu kez a\u00e7\u0131k se\u00e7ik yan\u0131t alam\u0131yor. Yeter ise \u00d6zg\u00fcr&#8217;\u00fcn yazd\u0131klar\u0131na \u015fa\u015f\u0131r\u0131yor, onlar\u0131 kendince yorumluyor. Onun da kafas\u0131nda sorular \u00e7i\u00e7ekleniyor.Onlar\u0131n ger\u00e7ek ya\u015famlar\u0131n\u0131 kendi anlat\u0131mlar\u0131ndan tan\u0131rken duygulanacak, 1970&#8217;lerin son d\u00f6nemindeki T\u00fcrkiye&#8217;nin k\u00fclt\u00fcrel ve toplumsal yap\u0131s\u0131n\u0131 daha iyi anlayacaks\u0131n\u0131z.<\/p>\n","protected":false},"excerpt":{"rendered":"<p>T\u00fcrk\u00e7enin ustalar\u0131ndan Emin \u00d6zdemir&#8217;in T\u00fcrkiye&#8217;nin g\u00fczel \u00e7ocuklar\u0131 i\u00e7in yazd\u0131\u011f\u0131 bu romanda, \u00fclkenin farkl\u0131 yerlerinde oturan \u00d6zg\u00fcr ile Yeter adl\u0131 iki \u00e7ocu\u011fun mektuplar\u0131n\u0131 okuyacaks\u0131n\u0131z.\u0130kisi de ilkokul be\u015finci<span class=\"excerpt-hellip\"> [\u2026]<\/span><\/p>\n","protected":false},"featured_media":0,"template":"","meta":{"_monsterinsights_skip_tracking":false,"_monsterinsights_sitenote_active":false,"_monsterinsights_sitenote_note":"","_monsterinsights_sitenote_category":0},"product_brand":[],"product_cat":[12689,12274],"product_tag":[],"class_list":{"0":"post-742268","1":"product","2":"type-product","3":"status-publish","5":"product_cat-cizgi-roman-cocuk-ve-genclik-kitaplari","6":"product_cat-cocuk-ve-genclik-kitaplari","7":"pa_cilt-ciltsiz","8":"pa_tur-kitap","9":"pa_yayinevi-cumhuriyet-kitaplari","10":"pa_yazar-emin-ozdemir","12":"first","13":"instock","14":"sale","15":"shipping-taxable","16":"purchasable","17":"product-type-simple"},"_links":{"self":[{"href":"https:\/\/roveyayinevi.com.tr\/index.php\/wp-json\/wp\/v2\/product\/742268","targetHints":{"allow":["GET"]}}],"collection":[{"href":"https:\/\/roveyayinevi.com.tr\/index.php\/wp-json\/wp\/v2\/product"}],"about":[{"href":"https:\/\/roveyayinevi.com.tr\/index.php\/wp-json\/wp\/v2\/types\/product"}],"wp:attachment":[{"href":"https:\/\/roveyayinevi.com.tr\/index.php\/wp-json\/wp\/v2\/media?parent=742268"}],"wp:term":[{"taxonomy":"product_brand","embeddable":true,"href":"https:\/\/roveyayinevi.com.tr\/index.php\/wp-json\/wp\/v2\/product_brand?post=742268"},{"taxonomy":"product_cat","embeddable":true,"href":"https:\/\/roveyayinevi.com.tr\/index.php\/wp-json\/wp\/v2\/product_cat?post=742268"},{"taxonomy":"product_tag","embeddable":true,"href":"https:\/\/roveyayinevi.com.tr\/index.php\/wp-json\/wp\/v2\/product_tag?post=742268"}],"curies":[{"name":"wp","href":"https:\/\/api.w.org\/{rel}","templated":true}]}}