{"id":742267,"date":"2025-08-28T01:08:01","date_gmt":"2025-08-27T22:08:01","guid":{"rendered":"https:\/\/roveyayinevi.com.tr\/index.php\/urun\/cumhuriyet-ve-bagimsizlik\/"},"modified":"2026-04-16T02:53:23","modified_gmt":"2026-04-15T23:53:23","slug":"cumhuriyet-ve-bagimsizlik","status":"publish","type":"product","link":"https:\/\/roveyayinevi.com.tr\/index.php\/urun\/cumhuriyet-ve-bagimsizlik\/","title":{"rendered":"Cumhuriyet ve Ba\u011f\u0131ms\u0131zl\u0131k"},"content":{"rendered":"<p>Yurt savunmas\u0131ndan d\u00fc\u015f\u00fcnceye, ya\u015fama bak\u0131\u015ftan siyasaya her alanda ba\u011f\u0131ms\u0131zl\u0131k bilincinin \u0131\u015f\u0131mas\u0131n\u0131n temeli T\u00fcrk devrimidir.  T\u00fcrk devrimi, insanl\u0131\u011f\u0131n y\u00fczy\u0131llard\u0131r ger\u00e7ekle\u015ftirdi\u011fi evrensel eylemlerin i\u00e7erdi\u011fi \u00e7a\u011fda\u015f geli\u015fme ve ilerlemeleri i\u00e7inde bar\u0131nd\u0131rmas\u0131n\u0131n \u00f6tesinde, ba\u011f\u0131ms\u0131zl\u0131\u011f\u0131 \u00f6nceleyerek kendisine \u00f6zg\u00fc ve t\u00fcm s\u00f6m\u00fcr\u00fclen halklara \u00f6rnek, insanc\u0131, toplumcu bir at\u0131l\u0131m olarak uygarl\u0131k tarihine ge\u00e7mi\u015ftir.  \u201cBa\u011f\u0131ms\u0131zl\u0131k benim karakterimdir\u201d diyen bir halk \u00f6nderinin g\u00fcne\u015flendirdi\u011fi bir toplumun yeni Orta\u00e7a\u011flara savrulmak, yasakl\u0131, ezin\u00e7li ortamlara s\u00fcr\u00fcklenmek istenmesi kar\u015f\u0131s\u0131nda ba\u011f\u0131ms\u0131zl\u0131k duyun\u00e7 ile istencinin silinip gitmeyece\u011fi, yeniden yeniden uyanaca\u011f\u0131 yak\u0131n ge\u00e7mi\u015fimizde s\u0131nanm\u0131\u015f ve do\u011frulanm\u0131\u015ft\u0131r.  Elinizdeki kitap, i\u015fte bu uyan\u0131\u015f ve direncin, 1923 devrimini yaratan ana\u00e7 topra\u011f\u0131n hep ba\u011f\u0131ms\u0131zl\u0131k ya\u011fmurlar\u0131yla beslendi\u011finin ve beslenece\u011finin d\u00fc\u015f\u00fcnsel kan\u0131t\u0131d\u0131r.  I\u015f\u0131k Kansu <\/p>\n","protected":false},"excerpt":{"rendered":"<p>Yurt savunmas\u0131ndan d\u00fc\u015f\u00fcnceye, ya\u015fama bak\u0131\u015ftan siyasaya her alanda ba\u011f\u0131ms\u0131zl\u0131k bilincinin \u0131\u015f\u0131mas\u0131n\u0131n temeli T\u00fcrk devrimidir. T\u00fcrk devrimi, insanl\u0131\u011f\u0131n y\u00fczy\u0131llard\u0131r ger\u00e7ekle\u015ftirdi\u011fi evrensel eylemlerin i\u00e7erdi\u011fi \u00e7a\u011fda\u015f geli\u015fme ve ilerlemeleri<span class=\"excerpt-hellip\"> [\u2026]<\/span><\/p>\n","protected":false},"featured_media":0,"template":"","meta":{"_monsterinsights_skip_tracking":false,"_monsterinsights_sitenote_active":false,"_monsterinsights_sitenote_note":"","_monsterinsights_sitenote_category":0},"product_brand":[],"product_cat":[13590,12337],"product_tag":[],"class_list":{"0":"post-742267","1":"product","2":"type-product","3":"status-publish","5":"product_cat-arastirma-inceleme-politika-siyaset","6":"product_cat-politika-siyaset","7":"pa_cilt-ciltsiz","8":"pa_tur-kitap","9":"pa_yayinevi-cumhuriyet-kitaplari","10":"pa_yazar-kollektif","12":"first","13":"instock","14":"sale","15":"shipping-taxable","16":"purchasable","17":"product-type-simple"},"_links":{"self":[{"href":"https:\/\/roveyayinevi.com.tr\/index.php\/wp-json\/wp\/v2\/product\/742267","targetHints":{"allow":["GET"]}}],"collection":[{"href":"https:\/\/roveyayinevi.com.tr\/index.php\/wp-json\/wp\/v2\/product"}],"about":[{"href":"https:\/\/roveyayinevi.com.tr\/index.php\/wp-json\/wp\/v2\/types\/product"}],"wp:attachment":[{"href":"https:\/\/roveyayinevi.com.tr\/index.php\/wp-json\/wp\/v2\/media?parent=742267"}],"wp:term":[{"taxonomy":"product_brand","embeddable":true,"href":"https:\/\/roveyayinevi.com.tr\/index.php\/wp-json\/wp\/v2\/product_brand?post=742267"},{"taxonomy":"product_cat","embeddable":true,"href":"https:\/\/roveyayinevi.com.tr\/index.php\/wp-json\/wp\/v2\/product_cat?post=742267"},{"taxonomy":"product_tag","embeddable":true,"href":"https:\/\/roveyayinevi.com.tr\/index.php\/wp-json\/wp\/v2\/product_tag?post=742267"}],"curies":[{"name":"wp","href":"https:\/\/api.w.org\/{rel}","templated":true}]}}