{"id":742221,"date":"2025-08-28T01:06:39","date_gmt":"2025-08-27T22:06:39","guid":{"rendered":"https:\/\/roveyayinevi.com.tr\/index.php\/urun\/turk-toplumunda-tuketici-deger-ve-yasam-tarzi\/"},"modified":"2026-04-16T02:53:22","modified_gmt":"2026-04-15T23:53:22","slug":"turk-toplumunda-tuketici-deger-ve-yasam-tarzi","status":"publish","type":"product","link":"https:\/\/roveyayinevi.com.tr\/index.php\/urun\/turk-toplumunda-tuketici-deger-ve-yasam-tarzi\/","title":{"rendered":"T\u00fcrk Toplumunda T\u00fcketici De\u011fer ve Ya\u015fam Tarz\u0131"},"content":{"rendered":"<p>\u0130\u00e7indekiler   I. B\u00d6L\u00dcM T\u00dcKET\u0130M\u0130N B\u0130R BEL\u0130RLEY\u0130C\u0130S\u0130 OLARAK DE\u011eER   II. B\u00d6L\u00dcM T\u00dcKET\u0130M\u0130N B\u0130R BEL\u0130RLEY\u0130C\u0130S\u0130 OLARAK YA\u015eAM TARZI   III. B\u00d6L\u00dcM T\u00dcKET\u0130C\u0130 DE\u011eER VE YA\u015eAM TARZI   IV. B\u00d6L\u00dcM Y\u00d6NTEM <\/p>\n","protected":false},"excerpt":{"rendered":"<p>\u0130\u00e7indekiler I. B\u00d6L\u00dcM T\u00dcKET\u0130M\u0130N B\u0130R BEL\u0130RLEY\u0130C\u0130S\u0130 OLARAK DE\u011eER II. B\u00d6L\u00dcM T\u00dcKET\u0130M\u0130N B\u0130R BEL\u0130RLEY\u0130C\u0130S\u0130 OLARAK YA\u015eAM TARZI III. B\u00d6L\u00dcM T\u00dcKET\u0130C\u0130 DE\u011eER VE YA\u015eAM TARZI IV. B\u00d6L\u00dcM Y\u00d6NTEM<\/p>\n","protected":false},"featured_media":0,"template":"","meta":{"_monsterinsights_skip_tracking":false,"_monsterinsights_sitenote_active":false,"_monsterinsights_sitenote_note":"","_monsterinsights_sitenote_category":0},"product_brand":[],"product_cat":[14787,13488],"product_tag":[],"class_list":{"0":"post-742221","1":"product","2":"type-product","3":"status-publish","5":"product_cat-diger-toplum-ve-insan","6":"product_cat-toplum-ve-insan","7":"pa_cilt-ciltsiz","8":"pa_tur-kitap","9":"pa_yayinevi-gazi-kitabevi","10":"pa_yazar-kolektif","12":"first","13":"instock","14":"sale","15":"shipping-taxable","16":"purchasable","17":"product-type-simple"},"_links":{"self":[{"href":"https:\/\/roveyayinevi.com.tr\/index.php\/wp-json\/wp\/v2\/product\/742221","targetHints":{"allow":["GET"]}}],"collection":[{"href":"https:\/\/roveyayinevi.com.tr\/index.php\/wp-json\/wp\/v2\/product"}],"about":[{"href":"https:\/\/roveyayinevi.com.tr\/index.php\/wp-json\/wp\/v2\/types\/product"}],"wp:attachment":[{"href":"https:\/\/roveyayinevi.com.tr\/index.php\/wp-json\/wp\/v2\/media?parent=742221"}],"wp:term":[{"taxonomy":"product_brand","embeddable":true,"href":"https:\/\/roveyayinevi.com.tr\/index.php\/wp-json\/wp\/v2\/product_brand?post=742221"},{"taxonomy":"product_cat","embeddable":true,"href":"https:\/\/roveyayinevi.com.tr\/index.php\/wp-json\/wp\/v2\/product_cat?post=742221"},{"taxonomy":"product_tag","embeddable":true,"href":"https:\/\/roveyayinevi.com.tr\/index.php\/wp-json\/wp\/v2\/product_tag?post=742221"}],"curies":[{"name":"wp","href":"https:\/\/api.w.org\/{rel}","templated":true}]}}