{"id":742218,"date":"2025-08-28T01:06:37","date_gmt":"2025-08-27T22:06:37","guid":{"rendered":"https:\/\/roveyayinevi.com.tr\/index.php\/urun\/tarihten-ve-gunumuzden-klasik-muzik-yazilari-iii\/"},"modified":"2026-04-16T02:53:22","modified_gmt":"2026-04-15T23:53:22","slug":"tarihten-ve-gunumuzden-klasik-muzik-yazilari-iii","status":"publish","type":"product","link":"https:\/\/roveyayinevi.com.tr\/index.php\/urun\/tarihten-ve-gunumuzden-klasik-muzik-yazilari-iii\/","title":{"rendered":"Tarihten ve G\u00fcn\u00fcm\u00fczden Klasik M\u00fczik Yaz\u0131lar\u0131 -III"},"content":{"rendered":"<p>Ya\u015fam\u0131n\u0131 Amerika\u2019n\u0131n Kaliforniya eyaletinde s\u00fcrd\u00fcren Prof. Dr. \u00d6mer E\u01e7ecio\u01e7lu, m\u00fczik tarihinin tozlu yapraklar\u0131 aras\u0131nda unutulmu\u015f birbirinden ilgin\u00e7 olaylar\u0131, ki\u015fileri ve gezip g\u00f6rd\u00fc\u011f\u00fc yerleri belgeler ve foto\u011fraflar \u0131\u015f\u0131\u011f\u0131nda m\u00fczikseverlerle \/ ara\u015ft\u0131rmac\u0131larla payla\u015f\u0131yor. Serinin birinci ve ikinci kitaplar\u0131n\u0131n ard\u0131ndan bu kitapta yer alan ba\u015fl\u0131klar ise a\u015fa\u011f\u0131daki gibidir. III. Kitaptan Ba\u015fl\u0131klar: C\u00e9cile Chaminade Y\u0131ld\u0131z Saray\u0131\u2019nda     Mozart\u2019\u0131 Bir Kez de Tenor Michele Ochelli\u2019den Dinleyin  J. S. Bach\u2019\u0131n Cezaevinde Ge\u00e7irdi\u011fi Ay   Camille Saint-Sa\u00ebns\u2019\u0131n Operalar\u0131          Riga Wagner Salonu     Heifetz\u2019in 1928\u2019de \u0130stanbul\u2019da Bitirdi\u01e7i Rameau Rigaudon Uyarlamas\u0131    Mozart\u2019\u0131n Librettisti, New York\u2019un Bakkal\u0131          Donizetti\u2019nin Tudor Krali\u00e7eleri ve Leyla Gencer  Reykjavik\u2019in I\u015f\u0131lt\u0131l\u0131 Konser Salonu Harpa            Frederick Tarihsel Piyanolar Koleksiyonu Lizbon \u015eehrinin Ulusal Tiyatrosu Teatro Nacional de S\u00e3o Carlos            Mermerden Ama Nefes Alan Bir Handel            Beethoven\u2019\u0131n Senfonilerine bir Bak\u0131\u015f<\/p>\n","protected":false},"excerpt":{"rendered":"<p>Ya\u015fam\u0131n\u0131 Amerika\u2019n\u0131n Kaliforniya eyaletinde s\u00fcrd\u00fcren Prof. Dr. \u00d6mer E\u01e7ecio\u01e7lu, m\u00fczik tarihinin tozlu yapraklar\u0131 aras\u0131nda unutulmu\u015f birbirinden ilgin\u00e7 olaylar\u0131, ki\u015fileri ve gezip g\u00f6rd\u00fc\u011f\u00fc yerleri belgeler ve foto\u011fraflar<span class=\"excerpt-hellip\"> [\u2026]<\/span><\/p>\n","protected":false},"featured_media":0,"template":"","meta":{"_monsterinsights_skip_tracking":false,"_monsterinsights_sitenote_active":false,"_monsterinsights_sitenote_note":"","_monsterinsights_sitenote_category":0},"product_brand":[],"product_cat":[14556],"product_tag":[],"class_list":{"0":"post-742218","1":"product","2":"type-product","3":"status-publish","5":"product_cat-muzik","6":"pa_cilt-ciltsiz","7":"pa_tur-kitap","8":"pa_yayinevi-muzik-egitimi-yayinlari","9":"pa_yazar-omer-egecioglu","11":"first","12":"instock","13":"sale","14":"shipping-taxable","15":"purchasable","16":"product-type-simple"},"_links":{"self":[{"href":"https:\/\/roveyayinevi.com.tr\/index.php\/wp-json\/wp\/v2\/product\/742218","targetHints":{"allow":["GET"]}}],"collection":[{"href":"https:\/\/roveyayinevi.com.tr\/index.php\/wp-json\/wp\/v2\/product"}],"about":[{"href":"https:\/\/roveyayinevi.com.tr\/index.php\/wp-json\/wp\/v2\/types\/product"}],"wp:attachment":[{"href":"https:\/\/roveyayinevi.com.tr\/index.php\/wp-json\/wp\/v2\/media?parent=742218"}],"wp:term":[{"taxonomy":"product_brand","embeddable":true,"href":"https:\/\/roveyayinevi.com.tr\/index.php\/wp-json\/wp\/v2\/product_brand?post=742218"},{"taxonomy":"product_cat","embeddable":true,"href":"https:\/\/roveyayinevi.com.tr\/index.php\/wp-json\/wp\/v2\/product_cat?post=742218"},{"taxonomy":"product_tag","embeddable":true,"href":"https:\/\/roveyayinevi.com.tr\/index.php\/wp-json\/wp\/v2\/product_tag?post=742218"}],"curies":[{"name":"wp","href":"https:\/\/api.w.org\/{rel}","templated":true}]}}