{"id":742214,"date":"2025-08-28T01:06:33","date_gmt":"2025-08-27T22:06:33","guid":{"rendered":"https:\/\/roveyayinevi.com.tr\/index.php\/urun\/beni-sec\/"},"modified":"2026-04-13T03:00:19","modified_gmt":"2026-04-13T00:00:19","slug":"beni-sec","status":"publish","type":"product","link":"https:\/\/roveyayinevi.com.tr\/index.php\/urun\/beni-sec\/","title":{"rendered":"Beni Se\u00e7"},"content":{"rendered":"<p>Tess Gerritsen ve Gray Braver\u2019dan kusursuz bir i\u015fbirli\u011fi\u2026 Ge\u00e7mi\u015fle bug\u00fcn aras\u0131nda gidip gelen, if\u015falarla dolu, ba\u015ftan \u00e7\u0131kar\u0131c\u0131 bir roman. The Wall Street Journal B\u00fcy\u00fcleyici bir su\u00e7 roman\u0131. Gerritsen ile Braver\u2019\u0131n usta hik\u00e2ye anlat\u0131c\u0131l\u0131\u011f\u0131 t\u00fcm netli\u011fiyle kar\u015f\u0131m\u0131zda.  Karin Slaughter \u00dcniversite son s\u0131n\u0131f \u00f6\u011frencisi Taryn Moore\u2019un cesedi ya\u015fad\u0131\u011f\u0131 apartman\u0131n \u00f6n\u00fcnde bulunur. G\u00f6r\u00fcn\u00fc\u015fe g\u00f6re, dairesinin balkonundan atlayarak intihar etmi\u015ftir. Olay yerine gelen dedektif Frankie Loomis\u2019in i\u00e7g\u00fcd\u00fcleri bu gen\u00e7 ve g\u00fczel kad\u0131n\u0131n \u00f6l\u00fcm\u00fcn\u00fcn ard\u0131nda ba\u015fka ger\u00e7ekler oldu\u011funu s\u00f6yler. Dedektif Loomis\u2019in soru\u015fturmas\u0131 onu \u00fcniversite profes\u00f6r\u00fc Jack Dorian\u2019a ula\u015ft\u0131r\u0131r. Taryn b\u00fcy\u00fck hayranl\u0131k duydu\u011fu hocas\u0131yla bir ili\u015fki mi ya\u015fam\u0131\u015ft\u0131r? \u0130ddial\u0131 ve hatta tehditk\u00e2r bir gen\u00e7 kad\u0131n olan Taryn\u2019in \u00f6l\u00fcm\u00fcyle Jack\u2019in ilgisi var m\u0131d\u0131r? Frankie art arda s\u0131rlar\u0131 ortaya \u00e7\u0131kar\u0131rken Jack\u2019in bir \u015feyler saklad\u0131\u011f\u0131 kesinle\u015fir. Yalan s\u00f6yleyen Jack ayn\u0131 zamanda so\u011fukkanl\u0131 bir katil midir? <\/p>\n","protected":false},"excerpt":{"rendered":"<p>Tess Gerritsen ve Gray Braver\u2019dan kusursuz bir i\u015fbirli\u011fi\u2026 Ge\u00e7mi\u015fle bug\u00fcn aras\u0131nda gidip gelen, if\u015falarla dolu, ba\u015ftan \u00e7\u0131kar\u0131c\u0131 bir roman. The Wall Street Journal B\u00fcy\u00fcleyici bir su\u00e7<span class=\"excerpt-hellip\"> [\u2026]<\/span><\/p>\n","protected":false},"featured_media":0,"template":"","meta":{"_monsterinsights_skip_tracking":false,"_monsterinsights_sitenote_active":false,"_monsterinsights_sitenote_note":"","_monsterinsights_sitenote_category":0},"product_brand":[],"product_cat":[12291,15445],"product_tag":[],"class_list":{"0":"post-742214","1":"product","2":"type-product","3":"status-publish","5":"product_cat-edebiyat","6":"product_cat-polisiye","7":"pa_cilt-ciltsiz","8":"pa_tur-kitap","9":"pa_yayinevi-dogan-kitap","10":"pa_yazar-tess-gerritsen-gary-braver","12":"first","13":"instock","14":"sale","15":"shipping-taxable","16":"purchasable","17":"product-type-simple"},"_links":{"self":[{"href":"https:\/\/roveyayinevi.com.tr\/index.php\/wp-json\/wp\/v2\/product\/742214","targetHints":{"allow":["GET"]}}],"collection":[{"href":"https:\/\/roveyayinevi.com.tr\/index.php\/wp-json\/wp\/v2\/product"}],"about":[{"href":"https:\/\/roveyayinevi.com.tr\/index.php\/wp-json\/wp\/v2\/types\/product"}],"wp:attachment":[{"href":"https:\/\/roveyayinevi.com.tr\/index.php\/wp-json\/wp\/v2\/media?parent=742214"}],"wp:term":[{"taxonomy":"product_brand","embeddable":true,"href":"https:\/\/roveyayinevi.com.tr\/index.php\/wp-json\/wp\/v2\/product_brand?post=742214"},{"taxonomy":"product_cat","embeddable":true,"href":"https:\/\/roveyayinevi.com.tr\/index.php\/wp-json\/wp\/v2\/product_cat?post=742214"},{"taxonomy":"product_tag","embeddable":true,"href":"https:\/\/roveyayinevi.com.tr\/index.php\/wp-json\/wp\/v2\/product_tag?post=742214"}],"curies":[{"name":"wp","href":"https:\/\/api.w.org\/{rel}","templated":true}]}}