{"id":742206,"date":"2025-08-28T01:06:25","date_gmt":"2025-08-27T22:06:25","guid":{"rendered":"https:\/\/roveyayinevi.com.tr\/index.php\/urun\/bir-ari-olsaydin-nasil-hayatta-kalirdin\/"},"modified":"2026-04-16T02:53:21","modified_gmt":"2026-04-15T23:53:21","slug":"bir-ari-olsaydin-nasil-hayatta-kalirdin","status":"publish","type":"product","link":"https:\/\/roveyayinevi.com.tr\/index.php\/urun\/bir-ari-olsaydin-nasil-hayatta-kalirdin\/","title":{"rendered":"Bir Ar\u0131 Olsayd\u0131n Nas\u0131l Hayatta Kal\u0131rd\u0131n?"},"content":{"rendered":"<p>Sen bir bal ar\u0131s\u0131s\u0131n\u2026 T\u0131pk\u0131 sana benzeyen ba\u015fka ar\u0131larla birlikte bir kolonide ya\u015f\u0131yor, bal yapabilmek i\u00e7in \u00e7i\u00e7eklerden polen ve nektar topluyorsun. Bir ar\u0131n\u0131n hayat\u0131 olduk\u00e7a zor olabilir. Kovan\u0131nla ilgilenmek ve yeni ar\u0131lar yeti\u015ftirmek yorucu bir i\u015f.\u00dcstelik ku\u015flar ve sald\u0131rgan e\u015fekar\u0131lar\u0131 gibi pek \u00e7ok ba\u015fka tehlike var.\u015eimdi o b\u00fcy\u00fck soruyu cevaplaman\u0131n zaman\u0131 geldi: Nas\u0131l hayatta kalacaks\u0131n?  Kitab\u0131n i\u00e7inde ba\u015fka neler var? \u2022 Ar\u0131larla ilgili \u00f6nemli ve ilgin\u00e7 bilgiler\u2022 G\u00f6z al\u0131c\u0131, e\u011flenceli resimler ve b\u00fcy\u00fcleyici foto\u011fraflar\u2022 Bal ar\u0131lar\u0131n\u0131n ve akraba t\u00fcrlerin aile a\u011fac\u0131\u2022 Ar\u0131 dans\u0131n\u0131n farkl\u0131 t\u00fcrleri hakk\u0131nda bilgiler <\/p>\n","protected":false},"excerpt":{"rendered":"<p>Sen bir bal ar\u0131s\u0131s\u0131n\u2026 T\u0131pk\u0131 sana benzeyen ba\u015fka ar\u0131larla birlikte bir kolonide ya\u015f\u0131yor, bal yapabilmek i\u00e7in \u00e7i\u00e7eklerden polen ve nektar topluyorsun. Bir ar\u0131n\u0131n hayat\u0131 olduk\u00e7a zor<span class=\"excerpt-hellip\"> [\u2026]<\/span><\/p>\n","protected":false},"featured_media":0,"template":"","meta":{"_monsterinsights_skip_tracking":false,"_monsterinsights_sitenote_active":false,"_monsterinsights_sitenote_note":"","_monsterinsights_sitenote_category":0},"product_brand":[],"product_cat":[13829,12274],"product_tag":[],"class_list":{"0":"post-742206","1":"product","2":"type-product","3":"status-publish","5":"product_cat-bilimsel-kitaplar","6":"product_cat-cocuk-ve-genclik-kitaplari","7":"pa_cilt-ciltsiz","8":"pa_tur-kitap","9":"pa_yayinevi-masalperest-ozel-urun","10":"pa_yazar-david-stewart","12":"first","13":"instock","14":"sale","15":"shipping-taxable","16":"purchasable","17":"product-type-simple"},"_links":{"self":[{"href":"https:\/\/roveyayinevi.com.tr\/index.php\/wp-json\/wp\/v2\/product\/742206","targetHints":{"allow":["GET"]}}],"collection":[{"href":"https:\/\/roveyayinevi.com.tr\/index.php\/wp-json\/wp\/v2\/product"}],"about":[{"href":"https:\/\/roveyayinevi.com.tr\/index.php\/wp-json\/wp\/v2\/types\/product"}],"wp:attachment":[{"href":"https:\/\/roveyayinevi.com.tr\/index.php\/wp-json\/wp\/v2\/media?parent=742206"}],"wp:term":[{"taxonomy":"product_brand","embeddable":true,"href":"https:\/\/roveyayinevi.com.tr\/index.php\/wp-json\/wp\/v2\/product_brand?post=742206"},{"taxonomy":"product_cat","embeddable":true,"href":"https:\/\/roveyayinevi.com.tr\/index.php\/wp-json\/wp\/v2\/product_cat?post=742206"},{"taxonomy":"product_tag","embeddable":true,"href":"https:\/\/roveyayinevi.com.tr\/index.php\/wp-json\/wp\/v2\/product_tag?post=742206"}],"curies":[{"name":"wp","href":"https:\/\/api.w.org\/{rel}","templated":true}]}}