{"id":742205,"date":"2025-08-28T01:06:24","date_gmt":"2025-08-27T22:06:24","guid":{"rendered":"https:\/\/roveyayinevi.com.tr\/index.php\/urun\/gezegenin-sana-ihtiyaci-var\/"},"modified":"2026-04-16T02:53:21","modified_gmt":"2026-04-15T23:53:21","slug":"gezegenin-sana-ihtiyaci-var","status":"publish","type":"product","link":"https:\/\/roveyayinevi.com.tr\/index.php\/urun\/gezegenin-sana-ihtiyaci-var\/","title":{"rendered":"Gezegenin Sana \u0130htiyac\u0131 Var!"},"content":{"rendered":"<p>E\u011flenceli, anla\u015f\u0131l\u0131r, ilgin\u00e7 ve bilimsel&#8230; \u201cD\u00fcnya bizim tek evimiz ve onunla ilgilenmek hepimizin g\u00f6revi. Gezegenimizi temizlemeye yard\u0131mc\u0131 olmak i\u00e7in bu kitaptaki fikirlerden faydalan\u0131n, zamanla daha \u00e7ok insan size kat\u0131lacakt\u0131r.\u201d AzaltYeniden KullanD\u00f6n\u00fc\u015ft\u00fcrYenile G\u00fcn\u00fcm\u00fcz\u00fcn gen\u00e7 eko-sava\u015f\u00e7\u0131lar\u0131ndan olmaya ne dersiniz? At\u0131klar ve \u00e7evre konusundaki fark\u0131ndal\u0131\u011f\u0131n\u0131z gezegenimizikurtaracak! Yapman\u0131z gerekenler \u00e7ok basit. \u00d6d\u00fcll\u00fc yazar PhilipBunting, e\u011flenceli ve pratik \u00e7\u00f6z\u00fcmlerle gezegenimize nas\u0131l katk\u0131dabulunabilece\u011fimizi anlat\u0131yor. \u015eimdi harekete ge\u00e7me zaman\u0131!<\/p>\n","protected":false},"excerpt":{"rendered":"<p>E\u011flenceli, anla\u015f\u0131l\u0131r, ilgin\u00e7 ve bilimsel&#8230; \u201cD\u00fcnya bizim tek evimiz ve onunla ilgilenmek hepimizin g\u00f6revi. Gezegenimizi temizlemeye yard\u0131mc\u0131 olmak i\u00e7in bu kitaptaki fikirlerden faydalan\u0131n, zamanla daha \u00e7ok<span class=\"excerpt-hellip\"> [\u2026]<\/span><\/p>\n","protected":false},"featured_media":0,"template":"","meta":{"_monsterinsights_skip_tracking":false,"_monsterinsights_sitenote_active":false,"_monsterinsights_sitenote_note":"","_monsterinsights_sitenote_category":0},"product_brand":[],"product_cat":[12274,15842],"product_tag":[],"class_list":{"0":"post-742205","1":"product","2":"type-product","3":"status-publish","5":"product_cat-cocuk-ve-genclik-kitaplari","6":"product_cat-egitici-kitaplar","7":"pa_cilt-ciltsiz","8":"pa_tur-kitap","9":"pa_yayinevi-masalperest-ozel-urun","10":"pa_yazar-philip-bunting","12":"first","13":"instock","14":"sale","15":"shipping-taxable","16":"purchasable","17":"product-type-simple"},"_links":{"self":[{"href":"https:\/\/roveyayinevi.com.tr\/index.php\/wp-json\/wp\/v2\/product\/742205","targetHints":{"allow":["GET"]}}],"collection":[{"href":"https:\/\/roveyayinevi.com.tr\/index.php\/wp-json\/wp\/v2\/product"}],"about":[{"href":"https:\/\/roveyayinevi.com.tr\/index.php\/wp-json\/wp\/v2\/types\/product"}],"wp:attachment":[{"href":"https:\/\/roveyayinevi.com.tr\/index.php\/wp-json\/wp\/v2\/media?parent=742205"}],"wp:term":[{"taxonomy":"product_brand","embeddable":true,"href":"https:\/\/roveyayinevi.com.tr\/index.php\/wp-json\/wp\/v2\/product_brand?post=742205"},{"taxonomy":"product_cat","embeddable":true,"href":"https:\/\/roveyayinevi.com.tr\/index.php\/wp-json\/wp\/v2\/product_cat?post=742205"},{"taxonomy":"product_tag","embeddable":true,"href":"https:\/\/roveyayinevi.com.tr\/index.php\/wp-json\/wp\/v2\/product_tag?post=742205"}],"curies":[{"name":"wp","href":"https:\/\/api.w.org\/{rel}","templated":true}]}}