{"id":742198,"date":"2025-08-28T01:06:18","date_gmt":"2025-08-27T22:06:18","guid":{"rendered":"https:\/\/roveyayinevi.com.tr\/index.php\/urun\/harezmsahlar\/"},"modified":"2026-04-16T02:53:21","modified_gmt":"2026-04-15T23:53:21","slug":"harezmsahlar","status":"publish","type":"product","link":"https:\/\/roveyayinevi.com.tr\/index.php\/urun\/harezmsahlar\/","title":{"rendered":"Harezm\u015fahlar"},"content":{"rendered":"<p>H\u00e2rezm\u015f\u00e2hlar, 1128-1156 y\u0131llar\u0131 aras\u0131nda h\u00fck\u00fcm s\u00fcren H\u00e2rezm\u015f\u00e2h Ats\u0131z\u2019\u0131n birka\u00e7 isyan\u0131 d\u0131\u015f\u0131nda Sultan Sencer\u2019in \u00f6l\u00fcm\u00fcne kadar B\u00fcy\u00fck Sel\u00e7uklulara tabi olarak varl\u0131\u011f\u0131n\u0131 s\u00fcrd\u00fcrd\u00fcler. Sencer\u2019in \u00f6l\u00fcm\u00fc \u00fczerine ba\u011f\u0131ms\u0131z hareket etmeye ba\u015flayan \u0130l Arslan ve Teki\u015f d\u00f6nemlerinde ger\u00e7ekle\u015fen fetih hareketleriyle s\u0131n\u0131rlar\u0131n\u0131 geni\u015fleten H\u00e2rezm\u015f\u00e2hlar, Sel\u00e7uklular\u0131n y\u0131k\u0131lmas\u0131ndan sonra ortaya \u00e7\u0131kan bo\u015flu\u011fu doldurmaya ba\u015flad\u0131lar. Sultan Alaeddin Muhammed d\u00f6neminde (1200-1220) ise alt\u0131n \u00e7a\u011flar\u0131n\u0131 ya\u015fad\u0131lar. Bu d\u00f6nemde devletin s\u0131n\u0131rlar\u0131; merkez H\u00e2rezm olmak \u00fczere Aral G\u00f6l\u00fc\u2019n\u00fcn kuzeyinden Umman Denizi\u2019ne, Sirderya\u2019dan Irak-\u0131 Arap ve Azerbaycan\u2019a kadar uzanm\u0131\u015ft\u0131. Ancak ayn\u0131 y\u0131llarda ortaya \u00e7\u0131kan Mo\u011fol kas\u0131rgas\u0131n\u0131n H\u00e2rezm\u015f\u00e2hlar\u0131 vurmas\u0131yla devlet h\u0131zl\u0131 bir \u00e7\u00f6k\u00fc\u015fe ge\u00e7ti. Mo\u011follara kar\u015f\u0131 uzun y\u0131llar m\u00fccadele eden son H\u00e2rezm\u015f\u00e2h, Celaleddin Meng\u00fcberti\u2019nin \u00f6l\u00fcm\u00fcyle de 1231\u2019de H\u00e2rezm\u015f\u00e2hlar tarihe kar\u0131\u015ft\u0131.Elinizdeki kitap, Timurlular d\u00f6nemi m\u00fcelliflerinden Muhammed bin H\u00e2vend\u015f\u00e2h bin Mahmud M\u00eerh\u00e2nd taraf\u0131ndan kaleme al\u0131nan Ravzatu\u2019s-Saf\u00e2\u2019n\u0131n H\u00e2rezm\u015f\u00e2hlar bahsinin terc\u00fcmesidir. M\u00eerh\u00e2nd, Ravzatu\u2019s-Saf\u00e2\u2019y\u0131 \u0130slam d\u00fcnyas\u0131nda kendi zaman\u0131na kadar yaz\u0131lm\u0131\u015f olan tarih kitaplar\u0131n\u0131n bir\u00e7o\u011funu inceleyerek ve bunlardan istifade ederek kaleme alm\u0131\u015ft\u0131r. Say\u0131s\u0131 elliyi bulan bu eserlerin bir k\u0131sm\u0131 g\u00fcn\u00fcm\u00fcze ula\u015fmam\u0131\u015ft\u0131r ki bu durum Ravzatu\u2019s-Saf\u00e2\u2019y\u0131 s\u0131radan bir eser olmaktan \u00e7\u0131karmakta ve T\u00fcrk tarihinin en \u00f6nemli kaynaklar\u0131ndan biri h\u00e2line getirmektedir. Orta\u00e7a\u011f T\u00fcrk tarihinin Fars\u00e7a kaleme al\u0131nm\u0131\u015f bir\u00e7ok ana kayna\u011f\u0131n\u0131 dilimize kazand\u0131ran Erkan G\u00f6ksu\u2019nun nefis T\u00fcrk\u00e7esi ve notlar\u0131yla haz\u0131rlanan H\u00e2rezm\u015f\u00e2hlar, hem tarih\u00e7iler hem de konuyla ilgilenenler i\u00e7in olduk\u00e7a \u00f6nemli olan bir \u00e7al\u0131\u015fma. Eser, H\u00e2rezm\u015f\u00e2hlar\u0131n ortaya \u00e7\u0131k\u0131\u015f\u0131n\u0131, Sel\u00e7uklular ve di\u011fer devletlerle olan ili\u015fkilerini, neredeyse kurulu\u015flar\u0131ndan itibaren kesintisiz s\u00fcren siyasi hareketlili\u011fi, sava\u015flar\u0131, asker\u00ee manevralar\u0131 ve stratejileri, evlilikleri, e\u011flenceleri, h\u00fck\u00fcmdarlar\u0131n niteliklerini ve b\u00f6lgenin kendine has \u00f6zelliklerini, nihayet devletin sonunu t\u00fcm detaylar\u0131yla ve e\u015fsiz bir \u00fcslupla ortaya koyuyor. <\/p>\n","protected":false},"excerpt":{"rendered":"<p>H\u00e2rezm\u015f\u00e2hlar, 1128-1156 y\u0131llar\u0131 aras\u0131nda h\u00fck\u00fcm s\u00fcren H\u00e2rezm\u015f\u00e2h Ats\u0131z\u2019\u0131n birka\u00e7 isyan\u0131 d\u0131\u015f\u0131nda Sultan Sencer\u2019in \u00f6l\u00fcm\u00fcne kadar B\u00fcy\u00fck Sel\u00e7uklulara tabi olarak varl\u0131\u011f\u0131n\u0131 s\u00fcrd\u00fcrd\u00fcler. Sencer\u2019in \u00f6l\u00fcm\u00fc \u00fczerine ba\u011f\u0131ms\u0131z hareket<span class=\"excerpt-hellip\"> [\u2026]<\/span><\/p>\n","protected":false},"featured_media":0,"template":"","meta":{"_monsterinsights_skip_tracking":false,"_monsterinsights_sitenote_active":false,"_monsterinsights_sitenote_note":"","_monsterinsights_sitenote_category":0},"product_brand":[],"product_cat":[12305,12304],"product_tag":[],"class_list":{"0":"post-742198","1":"product","2":"type-product","3":"status-publish","5":"product_cat-dunya-tarihi","6":"product_cat-tarih","7":"pa_cilt-ciltsiz","8":"pa_tur-kitap","9":"pa_yayinevi-kronik-kitap","10":"pa_yazar-erkan-goksu","12":"first","13":"instock","14":"sale","15":"shipping-taxable","16":"purchasable","17":"product-type-simple"},"_links":{"self":[{"href":"https:\/\/roveyayinevi.com.tr\/index.php\/wp-json\/wp\/v2\/product\/742198","targetHints":{"allow":["GET"]}}],"collection":[{"href":"https:\/\/roveyayinevi.com.tr\/index.php\/wp-json\/wp\/v2\/product"}],"about":[{"href":"https:\/\/roveyayinevi.com.tr\/index.php\/wp-json\/wp\/v2\/types\/product"}],"wp:attachment":[{"href":"https:\/\/roveyayinevi.com.tr\/index.php\/wp-json\/wp\/v2\/media?parent=742198"}],"wp:term":[{"taxonomy":"product_brand","embeddable":true,"href":"https:\/\/roveyayinevi.com.tr\/index.php\/wp-json\/wp\/v2\/product_brand?post=742198"},{"taxonomy":"product_cat","embeddable":true,"href":"https:\/\/roveyayinevi.com.tr\/index.php\/wp-json\/wp\/v2\/product_cat?post=742198"},{"taxonomy":"product_tag","embeddable":true,"href":"https:\/\/roveyayinevi.com.tr\/index.php\/wp-json\/wp\/v2\/product_tag?post=742198"}],"curies":[{"name":"wp","href":"https:\/\/api.w.org\/{rel}","templated":true}]}}