{"id":742190,"date":"2025-08-28T01:06:11","date_gmt":"2025-08-27T22:06:11","guid":{"rendered":"https:\/\/roveyayinevi.com.tr\/index.php\/urun\/iktidar-ve-sanat-damat-ibrahim-pasanin-hamiligi-1718-1730\/"},"modified":"2026-04-16T02:53:21","modified_gmt":"2026-04-15T23:53:21","slug":"iktidar-ve-sanat-damat-ibrahim-pasanin-hamiligi-1718-1730","status":"publish","type":"product","link":"https:\/\/roveyayinevi.com.tr\/index.php\/urun\/iktidar-ve-sanat-damat-ibrahim-pasanin-hamiligi-1718-1730\/","title":{"rendered":"\u0130ktidar ve Sanat : Damat \u0130brahim Pa\u015fa\u2019n\u0131n Hamili\u011fi (1718-1730)"},"content":{"rendered":"<p>1730\u2019da kanl\u0131 bir isyanla sona eren Damat \u0130brahim Pa\u015fa\u2019n\u0131n 12 y\u0131ll\u0131k iktidar\u0131 bir\u00e7ok tarih\u00e7i taraf\u0131ndan Osmanl\u0131 tarihinde \u00f6nemli siyasi ve k\u00fclt\u00fcrel de\u011fi\u015fikliklerin meydana geldi\u011fi bir d\u00f6nem olarak kabul edilir. 20. y\u00fczy\u0131l\u0131n \u00f6nde gelen tarih\u00e7ilerinden Ahmed Refik\u2019in tabiri ile \u201cLale Devri\u201d safahat\u0131n, \u015fa\u015faan\u0131n, k\u00fclt\u00fcrel ve asker\u00ee anlamda Bat\u0131 etkisinin ba\u015flang\u0131c\u0131 olmu\u015ftu. Bu romantik tabir son y\u0131llardaki \u00e7al\u0131\u015fmalarda sorguland\u0131 ve Osmanl\u0131 tarihinin on iki y\u0131ll\u0131k bu d\u00f6nemindeki (1718-1730) k\u00fclt\u00fcr ve siyaset \u00e7e\u015fitli a\u00e7\u0131lardan tekrar de\u011ferlendirildi. Bu d\u00f6nemde, sanat ve siyasetin, \u015fair ve haminin, mimar ve baninin bir arada de\u011ferlendirildi\u011fi elinizdeki bu eser Osmanl\u0131 k\u00fclt\u00fcr tarihinin kapsaml\u0131 rehberlerinden biri olmay\u0131 vaat ediyor: Sadabad kas\u0131rlar\u0131nda, Ka\u011f\u0131thane mesirelerinde \u015fiirlerini takdim eden \u015fairler, y\u00fcksek k\u00fclt\u00fcrde kitab\u0131n ve k\u00fct\u00fcphanenin de\u011fi\u015fen rolleri, Arap\u00e7a, Fars\u00e7a ve Bat\u0131 dillerinden yapt\u0131r\u0131lan terc\u00fcmeler, \u0130stanbul\u2019un d\u00f6rt bir yan\u0131nda yeni mimari \u00fcsluplarla y\u00fckselen k\u00fclliyeler, \u00e7e\u015fmeler ve su yollar\u0131\u2026 Tebriz\u2019den Nev\u015fehir\u2019e, \u00dcsk\u00fcdar\u2019dan Rumeli\u2019ye yay\u0131lan geni\u015f Osmanl\u0131 co\u011frafyas\u0131nda, \u015fairlerin sunduklar\u0131 kasidelerde, yenilenen binalar\u0131n kitabelerinde Damat \u0130brahim Pa\u015fa\u2019n\u0131n ad\u0131 sadece bir sadrazam olarak de\u011fil, \u00e2b\u00e2d edilen \u00e7evrenin bir hamisi olarak kar\u015f\u0131m\u0131za \u00e7\u0131kar. Onun kamusal temsili, siyasi g\u00fcc\u00fcn\u00fcn bir dayana\u011f\u0131, hatta bu siyasi g\u00fcc\u00fcn varl\u0131k sebeplerinden biri olarak d\u00fc\u015f\u00fcn\u00fclebilir. Hacettepe \u00dcniversitesi, Sanat Tarihi b\u00f6l\u00fcm\u00fc \u00f6\u011fretim \u00fcyelerinden \u00dcnal Ara\u00e7\u2019\u0131n \u0130ktidar ve Sanat: Damat \u0130brahim Pa\u015fa\u2019n\u0131n Hamili\u011fi (1718-1730) tarihin bu renkli devrinde okurlar\u0131n\u0131 uzun ve zevkli bir seyahate \u00e7\u0131karacak. <\/p>\n","protected":false},"excerpt":{"rendered":"<p>1730\u2019da kanl\u0131 bir isyanla sona eren Damat \u0130brahim Pa\u015fa\u2019n\u0131n 12 y\u0131ll\u0131k iktidar\u0131 bir\u00e7ok tarih\u00e7i taraf\u0131ndan Osmanl\u0131 tarihinde \u00f6nemli siyasi ve k\u00fclt\u00fcrel de\u011fi\u015fikliklerin meydana geldi\u011fi bir d\u00f6nem<span class=\"excerpt-hellip\"> [\u2026]<\/span><\/p>\n","protected":false},"featured_media":0,"template":"","meta":{"_monsterinsights_skip_tracking":false,"_monsterinsights_sitenote_active":false,"_monsterinsights_sitenote_note":"","_monsterinsights_sitenote_category":0},"product_brand":[],"product_cat":[13517,12304],"product_tag":[],"class_list":{"0":"post-742190","1":"product","2":"type-product","3":"status-publish","5":"product_cat-osmanli-tarihi","6":"product_cat-tarih","7":"pa_cilt-ciltsiz","8":"pa_tur-kitap","9":"pa_yayinevi-vakifbank-kultur-yayinlari","10":"pa_yazar-unal-arac","12":"first","13":"instock","14":"sale","15":"shipping-taxable","16":"purchasable","17":"product-type-simple"},"_links":{"self":[{"href":"https:\/\/roveyayinevi.com.tr\/index.php\/wp-json\/wp\/v2\/product\/742190","targetHints":{"allow":["GET"]}}],"collection":[{"href":"https:\/\/roveyayinevi.com.tr\/index.php\/wp-json\/wp\/v2\/product"}],"about":[{"href":"https:\/\/roveyayinevi.com.tr\/index.php\/wp-json\/wp\/v2\/types\/product"}],"wp:attachment":[{"href":"https:\/\/roveyayinevi.com.tr\/index.php\/wp-json\/wp\/v2\/media?parent=742190"}],"wp:term":[{"taxonomy":"product_brand","embeddable":true,"href":"https:\/\/roveyayinevi.com.tr\/index.php\/wp-json\/wp\/v2\/product_brand?post=742190"},{"taxonomy":"product_cat","embeddable":true,"href":"https:\/\/roveyayinevi.com.tr\/index.php\/wp-json\/wp\/v2\/product_cat?post=742190"},{"taxonomy":"product_tag","embeddable":true,"href":"https:\/\/roveyayinevi.com.tr\/index.php\/wp-json\/wp\/v2\/product_tag?post=742190"}],"curies":[{"name":"wp","href":"https:\/\/api.w.org\/{rel}","templated":true}]}}