{"id":742154,"date":"2025-08-28T01:05:29","date_gmt":"2025-08-27T22:05:29","guid":{"rendered":"https:\/\/roveyayinevi.com.tr\/index.php\/urun\/butuncul-egitim\/"},"modified":"2026-04-16T02:53:20","modified_gmt":"2026-04-15T23:53:20","slug":"butuncul-egitim","status":"publish","type":"product","link":"https:\/\/roveyayinevi.com.tr\/index.php\/urun\/butuncul-egitim\/","title":{"rendered":"B\u00fct\u00fcnc\u00fcl E\u011fitim"},"content":{"rendered":"<p>\u00c7ocuklar ve yeti\u015fkinler, kendi i\u00e7lerinde \u00e7o\u011fu zaman kullanmad\u0131klar\u0131, muazzam bir potansiyele sahiptir. F\u0131rsatlar ve krizlerle dolu bu y\u00fczy\u0131lda, \u00e7ocuklara e\u011fitim hayatlar\u0131nda e\u015flik etmek i\u00e7in onlar\u0131n fiziksel, duyusal, bili\u015fsel, sosyal ve i\u00e7sel geli\u015fimini etkileyen t\u00fcm fakt\u00f6rleri, tutarl\u0131 ve incelikli bir \u015fekilde d\u00fc\u015f\u00fcnmemiz gerekir.   B\u00fct\u00fcnc\u00fcl e\u011fitim, \u00e7ocu\u011fun t\u00fcm bu y\u00f6nlerini birle\u015ftiren bir yakla\u015f\u0131md\u0131r. Evrenseldir, t\u00fcm k\u00fclt\u00fcrlere uygulanabilir. Dahas\u0131 \u00e7ocuklar\u0131n ki\u015filiklerine ve ihtiya\u00e7lar\u0131na g\u00f6re ayarlanabilir.   B\u00fct\u00fcnc\u00fcl e\u011fitimin ama\u00e7lar\u0131; sa\u011fl\u0131kl\u0131, g\u00fc\u00e7l\u00fc, esnek, \u00e7evik ve dayan\u0131kl\u0131 bir beden ile keskin duyular geli\u015ftirmektir. Samimiyet, cesaret, merhamet, \u00f6l\u00e7\u00fcl\u00fcl\u00fck, i\u015f birli\u011fi ve bilgelik gibi temel insani de\u011ferleri ye\u015fertmektir. Her \u00e7ocu\u011fu, benzersiz niteliklere sahip, e\u015fsiz bir insan yapan \u015feyleri ke\u015ffetmektir. D\u00fcr\u00fcstl\u00fck ve ahlak\u0131n yan\u0131 s\u0131ra, estetik bir alg\u0131 edinmektir.   Fabrice Dini uzun y\u0131llar b\u00fct\u00fcnc\u00fcl e\u011fitim, yoga ve bilin\u00e7li fark\u0131ndal\u0131k \u00fczerine \u00e7al\u0131\u015ft\u0131. \u0130svi\u00e7re&#8217;de ve Hindistan&#8217;da \u00e7e\u015fitli okullar kurdu. Bu okullarda dersler vermeye devam ediyor. Ayr\u0131ca pek \u00e7ok okulun a\u00e7\u0131lmas\u0131na fikirleriyle ilham veriyor.   E\u011fer \u00f6\u011fretmenseniz bu kitap size ideal bir arkada\u015f olacak. E\u011fer ebeveynseniz bu kitapta, ailenize ne\u015fe ve derin tatmin kayna\u011f\u0131 katacak yeni yakla\u015f\u0131m ve ara\u00e7lar bulacaks\u0131n\u0131z. Pedagog ya da psikolog iseniz 500&#8217;den fazla uygulama bulacaks\u0131n\u0131z. E\u011fer \u00f6\u011frenciyseniz kendi kendine bilgi edinmek i\u00e7in kendi h\u0131z\u0131n\u0131za ve yeteneklerinize g\u00f6re \u00f6\u011frenme ara\u00e7lar\u0131n\u0131 ke\u015ffetme f\u0131rsat\u0131n\u0131 yakalayacaks\u0131n\u0131z.    B\u00fct\u00fcnc\u00fcl e\u011fitim ile gelece\u011fi \u015fekillendiren bir kayna\u011fa eri\u015fip bulundu\u011funuz \u00e7evreyi olumlu y\u00f6nde d\u00f6n\u00fc\u015ft\u00fcreceksiniz.    Fabrice Dini   \u0130svi\u00e7re\u2019de Alplerin kalbinde k\u00fc\u00e7\u00fck bir k\u00f6yde d\u00fcnyaya gelen Fabrice Dini, 17 y\u0131l Hindistan\u2019da ya\u015fad\u0131. Orada, bug\u00fcn uzman oldu\u011fu alanlarda e\u011fitim ald\u0131: B\u00fct\u00fcnc\u00fcl e\u011fitim, yoga ve bilin\u00e7li fark\u0131ndal\u0131k. Bu kadim topraklarda yapt\u0131\u011f\u0131 yolculuk s\u0131ras\u0131nda, b\u00fct\u00fcnc\u00fcl e\u011fitim alan\u0131nda \u00e7e\u015fitli liderlerle i\u015f birli\u011fi yapma ayr\u0131cal\u0131\u011f\u0131na sahip oldu.   Bu i\u015f birli\u011fi, birka\u00e7 kitab\u0131n yaz\u0131m\u0131na kat\u0131lmas\u0131, b\u00fct\u00fcnc\u00fcl e\u011fitime adanm\u0131\u015f DVD\u2019lerin \u00fcretilmesi ve Frans\u0131zca \u00f6\u011fretmek i\u00e7in \u00fcretilen bir CD ile pedagojik bir y\u00f6ntemin geli\u015ftirilmesi gibi bir\u00e7ok meyve verdi.   Fabrice Dini, Auroville\u2019de, amac\u0131 b\u00fct\u00fcnc\u00fcl e\u011fitim ilkelerini uygulamak olan bir okulun kurucu orta\u011f\u0131d\u0131r ve Hindistan\u2019daki bir\u00e7ok yenilik\u00e7i okulda \u00f6\u011fretmenlik yapm\u0131\u015ft\u0131r. \u0130svi\u00e7re\u2019de s\u0131n\u0131f d\u0131\u015f\u0131 e\u011fitime dayal\u0131 \u00f6nc\u00fc bir okulun kurucular\u0131 aras\u0131nda yer ald\u0131. Kendisi \u00e7ocuklar ve ergenler i\u00e7in bilin\u00e7li fark\u0131ndal\u0131k alan\u0131nda sertifikal\u0131 bir e\u011fitmenidir. Massachusetts \u00dcniversitesindeki \u201cFark\u0131ndal\u0131k Merkezi\u201dnde Jon Kabat-Zinn ve Saki Santorelli ile tamamlad\u0131\u011f\u0131 e\u011fitimin ard\u0131ndan yeti\u015fkinler i\u00e7in Fark\u0131ndal\u0131\u011fa Dayal\u0131 Stres Azaltma (Mindfulness-Based Stress Reduction\/MBSR) Program\u0131 kapsam\u0131nda e\u011fitim vermektedir.   \u0130svi\u00e7re\u2019deki \u00d6\u011fretmen E\u011fitimi \u00dcniversitesinde ve pek \u00e7ok di\u011fer okulda b\u00fct\u00fcnc\u00fcl e\u011fitim \u00f6\u011fretmektedir. \u00d6\u011fretim g\u00f6revlisi olman\u0131n yan\u0131 s\u0131ra \u00e7ocuklara, \u00f6\u011fretmenlere ve ebeveynlere y\u00f6nelik konferanslar, at\u00f6lyeler ve dersler d\u00fczenlemektedir.   Surya Eylem Eyig\u00fcrb\u00fcz   1978 \u0130stanbul do\u011fumlu Surya Eylem, 14 ya\u015f\u0131nda ailesi ile beraber Londra\u2019ya yerle\u015fmi\u015f ve 16 y\u0131l orada ikamet ettikten sonra  2008 y\u0131l\u0131nda T\u00fcrkiye\u2019ye geri d\u00f6nm\u00fc\u015ft\u00fcr. Middlesex \u00dcniversitesi \u0130ngilizce Dil \u00d6\u011fretmenli\u011fi ve \u0130ngilizce \u0130leti\u015fim mezunu olan Surya Eylem, Londra\u2019da 14 dilde terc\u00fcmanl\u0131k ve \u00e7evirmenlik hizmeti veren Article\u2019\u0131n kurucu \u00fcyeli\u011fini ve y\u00f6neticili\u011fini yapm\u0131\u015f, Londra\u2019daki  Konut Birliklerine ve k\u00e2r amac\u0131 g\u00fctmeyen toplum kurulu\u015flar\u0131na  terc\u00fcmanl\u0131k, \u00e7eviri ve dan\u0131\u015fmanl\u0131k hizmeti vermi\u015ftir. 2000 y\u0131l\u0131nda sa\u011fl\u0131k sorunlar\u0131 nedeni ile yoga ile tan\u0131\u015fan Surya Eylem, T\u00fcrkiye ve Hindistan\u2019da e\u011fitmenlik e\u011fitimlerini tamamlam\u0131\u015f \u015fu an yoga, meditasyon, enerji t\u0131bb\u0131 ve alternatif \u015fifa teknikleri ile ilgilenmektedir. <\/p>\n","protected":false},"excerpt":{"rendered":"<p>\u00c7ocuklar ve yeti\u015fkinler, kendi i\u00e7lerinde \u00e7o\u011fu zaman kullanmad\u0131klar\u0131, muazzam bir potansiyele sahiptir. F\u0131rsatlar ve krizlerle dolu bu y\u00fczy\u0131lda, \u00e7ocuklara e\u011fitim hayatlar\u0131nda e\u015flik etmek i\u00e7in onlar\u0131n fiziksel,<span class=\"excerpt-hellip\"> [\u2026]<\/span><\/p>\n","protected":false},"featured_media":0,"template":"","meta":{"_monsterinsights_skip_tracking":false,"_monsterinsights_sitenote_active":false,"_monsterinsights_sitenote_note":"","_monsterinsights_sitenote_category":0},"product_brand":[],"product_cat":[13072,12291],"product_tag":[],"class_list":{"0":"post-742154","1":"product","2":"type-product","3":"status-publish","5":"product_cat-arastirma-inceleme-referans","6":"product_cat-edebiyat","7":"pa_cilt-ciltsiz","8":"pa_tur-kitap","9":"pa_yayinevi-yeni-insan-yayinlari","10":"pa_yazar-fabrice-dini","12":"first","13":"instock","14":"sale","15":"shipping-taxable","16":"purchasable","17":"product-type-simple"},"_links":{"self":[{"href":"https:\/\/roveyayinevi.com.tr\/index.php\/wp-json\/wp\/v2\/product\/742154","targetHints":{"allow":["GET"]}}],"collection":[{"href":"https:\/\/roveyayinevi.com.tr\/index.php\/wp-json\/wp\/v2\/product"}],"about":[{"href":"https:\/\/roveyayinevi.com.tr\/index.php\/wp-json\/wp\/v2\/types\/product"}],"wp:attachment":[{"href":"https:\/\/roveyayinevi.com.tr\/index.php\/wp-json\/wp\/v2\/media?parent=742154"}],"wp:term":[{"taxonomy":"product_brand","embeddable":true,"href":"https:\/\/roveyayinevi.com.tr\/index.php\/wp-json\/wp\/v2\/product_brand?post=742154"},{"taxonomy":"product_cat","embeddable":true,"href":"https:\/\/roveyayinevi.com.tr\/index.php\/wp-json\/wp\/v2\/product_cat?post=742154"},{"taxonomy":"product_tag","embeddable":true,"href":"https:\/\/roveyayinevi.com.tr\/index.php\/wp-json\/wp\/v2\/product_tag?post=742154"}],"curies":[{"name":"wp","href":"https:\/\/api.w.org\/{rel}","templated":true}]}}