{"id":742145,"date":"2025-08-28T01:05:19","date_gmt":"2025-08-27T22:05:19","guid":{"rendered":"https:\/\/roveyayinevi.com.tr\/index.php\/urun\/iyi-bir-kizin-cinayet-rehberi\/"},"modified":"2026-04-16T02:53:20","modified_gmt":"2026-04-15T23:53:20","slug":"iyi-bir-kizin-cinayet-rehberi","status":"publish","type":"product","link":"https:\/\/roveyayinevi.com.tr\/index.php\/urun\/iyi-bir-kizin-cinayet-rehberi\/","title":{"rendered":"\u0130yi Bir K\u0131z\u0131n Cinayet Rehberi"},"content":{"rendered":"<p>\u201cBa\u015f d\u00f6nd\u00fcren bir macera.\u201d \u2013 Natasha PrestonNew York Times \u00e7oksatan yazar\u0131                           Kapanm\u0131\u015f bir davay\u0131 asla yeniden a\u00e7ma\u2026 Kasabadaki lisenin g\u00fczel ve pop\u00fcler k\u0131z\u0131 Andie Bellbir cinayete kurban gider. Polisin ara\u015ft\u0131rmalar\u0131sonucunda olay h\u0131zla \u00e7\u00f6z\u00fcl\u00fcr. Andie\u2019yi, erkek arkada\u015f\u0131Sal \u00f6ld\u00fcrm\u00fc\u015ft\u00fcr. Sal tutuklanamaz \u00e7\u00fcnk\u00fc Andie\u2019yi\u00f6ld\u00fcrd\u00fckten bir s\u00fcre sonra intihar etmi\u015ftir. Poliskay\u0131tlar\u0131na g\u00f6re olay bu kadard\u0131r i\u015fte. Dava kapan\u0131r.Sal\u2019\u0131n ailesi kasabal\u0131lar taraf\u0131ndan d\u0131\u015flan\u0131r. Andieilahla\u015f\u0131r. Sal lanetlenir.  K\u00fc\u00e7\u00fckken Sal\u2019\u0131 tan\u0131yan ve onun birine zararverebilece\u011fine asla inanmayan Pip art\u0131k b\u00fcy\u00fcm\u00fc\u015f,lise \u00e7a\u011f\u0131na gelmi\u015ftir. Cinayet ve intihar\u0131n \u00fczerindenge\u00e7en be\u015f y\u0131la ra\u011fmen, Sal\u2019\u0131n su\u00e7suz oldu\u011funa dairta\u015f\u0131d\u0131\u011f\u0131 his hi\u00e7 de\u011fi\u015fmez. Bu hissin pe\u015findengitmenin bir yolunu bulmaya kararl\u0131d\u0131r Pip. Bir lise\u00f6\u011frencisi olarak yapabilecekleri s\u0131n\u0131rl\u0131d\u0131r ama neyseki, okulda proje \u00f6devi i\u00e7in bu cinayeti konuetmeye karar verdi\u011finde \u00f6\u011fretmeni kabul eder. <\/p>\n","protected":false},"excerpt":{"rendered":"<p>\u201cBa\u015f d\u00f6nd\u00fcren bir macera.\u201d \u2013 Natasha PrestonNew York Times \u00e7oksatan yazar\u0131 Kapanm\u0131\u015f bir davay\u0131 asla yeniden a\u00e7ma\u2026 Kasabadaki lisenin g\u00fczel ve pop\u00fcler k\u0131z\u0131 Andie Bellbir cinayete<span class=\"excerpt-hellip\"> [\u2026]<\/span><\/p>\n","protected":false},"featured_media":0,"template":"","meta":{"_monsterinsights_skip_tracking":false,"_monsterinsights_sitenote_active":false,"_monsterinsights_sitenote_note":"","_monsterinsights_sitenote_category":0},"product_brand":[],"product_cat":[12291,12711],"product_tag":[],"class_list":{"0":"post-742145","1":"product","2":"type-product","3":"status-publish","5":"product_cat-edebiyat","6":"product_cat-roman-oyku","7":"pa_cilt-ciltsiz","8":"pa_tur-kitap","9":"pa_yayinevi-epsilon-yayinlari","10":"pa_yazar-holly-jackson","12":"first","13":"instock","14":"sale","15":"shipping-taxable","16":"purchasable","17":"product-type-simple"},"_links":{"self":[{"href":"https:\/\/roveyayinevi.com.tr\/index.php\/wp-json\/wp\/v2\/product\/742145","targetHints":{"allow":["GET"]}}],"collection":[{"href":"https:\/\/roveyayinevi.com.tr\/index.php\/wp-json\/wp\/v2\/product"}],"about":[{"href":"https:\/\/roveyayinevi.com.tr\/index.php\/wp-json\/wp\/v2\/types\/product"}],"wp:attachment":[{"href":"https:\/\/roveyayinevi.com.tr\/index.php\/wp-json\/wp\/v2\/media?parent=742145"}],"wp:term":[{"taxonomy":"product_brand","embeddable":true,"href":"https:\/\/roveyayinevi.com.tr\/index.php\/wp-json\/wp\/v2\/product_brand?post=742145"},{"taxonomy":"product_cat","embeddable":true,"href":"https:\/\/roveyayinevi.com.tr\/index.php\/wp-json\/wp\/v2\/product_cat?post=742145"},{"taxonomy":"product_tag","embeddable":true,"href":"https:\/\/roveyayinevi.com.tr\/index.php\/wp-json\/wp\/v2\/product_tag?post=742145"}],"curies":[{"name":"wp","href":"https:\/\/api.w.org\/{rel}","templated":true}]}}