{"id":742129,"date":"2025-08-28T01:04:58","date_gmt":"2025-08-27T22:04:58","guid":{"rendered":"https:\/\/roveyayinevi.com.tr\/index.php\/urun\/baska-kardesi-var-mi\/"},"modified":"2026-04-16T02:53:19","modified_gmt":"2026-04-15T23:53:19","slug":"baska-kardesi-var-mi","status":"publish","type":"product","link":"https:\/\/roveyayinevi.com.tr\/index.php\/urun\/baska-kardesi-var-mi\/","title":{"rendered":"Ba\u015fka Karde\u015fi Var m\u0131?"},"content":{"rendered":"<p>Bir soru hayat\u0131 de\u011fi\u015ftirebilir mi? De\u011fi\u015ftirir. \u201cBa\u015fka karde\u015fi var m\u0131?\u201d   Hayat\u0131n\u0131 spora adam\u0131\u015f, basketbol kariyeri planlayan bir \u00e7ocu\u011fun baca\u011f\u0131na konulan osteosarkom kemik t\u00fcm\u00f6r\u00fc te\u015fhisinde kar\u015f\u0131la\u015f\u0131lan bu soru ile ba\u015flam\u0131\u015ft\u0131 bir ailenin hayat\u0131ndaki de\u011fi\u015fim. Bir yanda biyopsiler, ameliyatlar, kemoterapiler, fizik tedaviler di\u011fer yanda ini\u015fler, \u00e7\u0131k\u0131\u015flar, karamsarl\u0131k, kararl\u0131l\u0131k, inan\u00e7, m\u00fccadele, ilahi tesad\u00fcfler ve basketbola d\u00f6n\u00fc\u015f azmi\u2026   Ba\u015fka Karde\u015fi Var m\u0131? kitab\u0131, doktorun te\u015fhisteki ilk sorusuyla hayallerini, ne\u015feyi, gelecek planlar\u0131n\u0131, o\u011fullar\u0131n\u0131n sa\u011fl\u0131kl\u0131 g\u00fcnlerini ortopedi servisinde b\u0131rakan bir ailenin k\u00f6t\u00fc huylu t\u00fcm\u00f6rle sava\u015f\u0131n\u0131 ve zaferini baban\u0131n kaleminden anlat\u0131yor. Bir soruyla hayat\u0131 alt \u00fcst olan baba, iki y\u0131ll\u0131k zor tedavi s\u00fcrecini, ailenin de\u011fi\u015fen hayat\u0131n\u0131 ve bu s\u00fcrecin de\u011fi\u015ftirdi\u011fi bak\u0131\u015f a\u00e7\u0131lar\u0131n\u0131 kalbinden sat\u0131rlara d\u00f6k\u00fclen bir samimiyet ve s\u0131cakl\u0131kla aktar\u0131yor bizlere.   S\u00f6z\u00fcn\u00fc tutup hastal\u0131\u011f\u0131 yenen azimli ve g\u00fc\u00e7l\u00fc bir \u00e7ocuk, inanm\u0131\u015f bir anne ve baba\u2026   S\u00fcr\u00fckleyici hik\u00e2ye anlat\u0131m\u0131, rehberlik eden aktar\u0131mlar\u0131yla yar\u0131na dair umutlar\u0131 \u00e7o\u011faltan ger\u00e7ek bir ya\u015fam \u00f6yk\u00fcs\u00fc.    &#8220;Babalar \u00e7ocuklar\u0131n\u0131n kahraman\u0131 olsa da bu kitapta o\u011flum, benim kahraman\u0131m.\u201d <\/p>\n","protected":false},"excerpt":{"rendered":"<p>Bir soru hayat\u0131 de\u011fi\u015ftirebilir mi? De\u011fi\u015ftirir. \u201cBa\u015fka karde\u015fi var m\u0131?\u201d Hayat\u0131n\u0131 spora adam\u0131\u015f, basketbol kariyeri planlayan bir \u00e7ocu\u011fun baca\u011f\u0131na konulan osteosarkom kemik t\u00fcm\u00f6r\u00fc te\u015fhisinde kar\u015f\u0131la\u015f\u0131lan bu<span class=\"excerpt-hellip\"> [\u2026]<\/span><\/p>\n","protected":false},"featured_media":0,"template":"","meta":{"_monsterinsights_skip_tracking":false,"_monsterinsights_sitenote_active":false,"_monsterinsights_sitenote_note":"","_monsterinsights_sitenote_category":0},"product_brand":[],"product_cat":[12291,12711],"product_tag":[],"class_list":{"0":"post-742129","1":"product","2":"type-product","3":"status-publish","5":"product_cat-edebiyat","6":"product_cat-roman-oyku","7":"pa_cilt-ciltsiz","8":"pa_tur-kitap","9":"pa_yayinevi-muptela-yayinevi","10":"pa_yazar-kivanc-gulmez","12":"first","13":"instock","14":"sale","15":"shipping-taxable","16":"purchasable","17":"product-type-simple"},"_links":{"self":[{"href":"https:\/\/roveyayinevi.com.tr\/index.php\/wp-json\/wp\/v2\/product\/742129","targetHints":{"allow":["GET"]}}],"collection":[{"href":"https:\/\/roveyayinevi.com.tr\/index.php\/wp-json\/wp\/v2\/product"}],"about":[{"href":"https:\/\/roveyayinevi.com.tr\/index.php\/wp-json\/wp\/v2\/types\/product"}],"wp:attachment":[{"href":"https:\/\/roveyayinevi.com.tr\/index.php\/wp-json\/wp\/v2\/media?parent=742129"}],"wp:term":[{"taxonomy":"product_brand","embeddable":true,"href":"https:\/\/roveyayinevi.com.tr\/index.php\/wp-json\/wp\/v2\/product_brand?post=742129"},{"taxonomy":"product_cat","embeddable":true,"href":"https:\/\/roveyayinevi.com.tr\/index.php\/wp-json\/wp\/v2\/product_cat?post=742129"},{"taxonomy":"product_tag","embeddable":true,"href":"https:\/\/roveyayinevi.com.tr\/index.php\/wp-json\/wp\/v2\/product_tag?post=742129"}],"curies":[{"name":"wp","href":"https:\/\/api.w.org\/{rel}","templated":true}]}}