{"id":742119,"date":"2025-08-28T01:04:45","date_gmt":"2025-08-27T22:04:45","guid":{"rendered":"https:\/\/roveyayinevi.com.tr\/index.php\/urun\/ruhun-yarali-sifacisi\/"},"modified":"2026-04-16T02:53:19","modified_gmt":"2026-04-15T23:53:19","slug":"ruhun-yarali-sifacisi","status":"publish","type":"product","link":"https:\/\/roveyayinevi.com.tr\/index.php\/urun\/ruhun-yarali-sifacisi\/","title":{"rendered":"Ruhun Yaral\u0131 \u015eifac\u0131s\u0131"},"content":{"rendered":"<p>Ruhun Yaral\u0131 \u015eifac\u0131s\u0131, psikoloji tarihine damga vuran, psikolojiyi \u015fekillendirerek do\u011fu ile bat\u0131y\u0131 birle\u015ftiren, mitleri de\u015fifre eden, t\u00fcm zamanlar\u0131n en b\u00fcy\u00fck ruhsal devrimcisi Carl Gustav Jung\u2019un ruhsal yolculu\u011funun hik\u00e2yesi.   &#8220;Sadece yaral\u0131 olan hekim iyile\u015ftirebilir&#8221; diyerek \u015fifa kavram\u0131na noktay\u0131 koyan ve kendisine sormad\u0131\u011f\u0131 hi\u00e7bir soruyu ba\u015fkas\u0131na sormayan ola\u011fan\u00fcst\u00fc bir ki\u015filik. Analitik psikolojinin kurucusu, g\u00f6lge, kompleks, bilin\u00e7d\u0131\u015f\u0131, arketip kolektif bilin\u00e7d\u0131\u015f\u0131, anima animus kavramlar\u0131n\u0131 d\u00fcnya psikolojik miras\u0131na kazand\u0131ran, insan ruhunu anlamaya niyet etmi\u015f bir hekim ve \u015fifac\u0131.   Claire Dunne\u2019\u0131n kaleme ald\u0131\u011f\u0131 bu e\u015fsiz biyografide K\u0131rm\u0131z\u0131 Kitap\u2019tan par\u00e7alar\u0131, Freud\u2019la dostluklar\u0131n\u0131, baba o\u011ful ili\u015fkilerini ve kopu\u015flar\u0131n\u0131, \u00e7ocuklu\u011funu, evlili\u011fini, a\u015fk\u0131n\u0131, e\u015fzamanl\u0131l\u0131k kavram\u0131n\u0131 ve kolektif bilin\u00e7d\u0131\u015f\u0131n\u0131 ke\u015ffini, \u0130kinci D\u00fcnya Sava\u015f\u0131 ba\u015flamadan g\u00f6rd\u00fc\u011f\u00fc r\u00fcyalar\u0131, do\u011fuya yapt\u0131\u011f\u0131 yolculuklarda edindi\u011fi kadim bilgileri bat\u0131daki bilimle birle\u015ftirmesini okuyacaks\u0131n\u0131z. Jung\u2019un biyografisi t\u0131p, psikoloji, sanat, edebiyat, din, bilime merakl\u0131, insan ruhunun DNA\u2019s\u0131na eri\u015fmek isteyen herkes i\u00e7in bir ba\u015fucu kitab\u0131.   Claire Dunne, d\u00fcnyan\u0131n \u00e7e\u015fitli yerlerinde Carl Jung ve ba\u015fka konularda konferanslar veren bir yazar ve televizyon ile radyo program\u0131 yap\u0131mc\u0131s\u0131d\u0131r. \u0130rlanda\u2019da do\u011fmu\u015f, uzun y\u0131llar boyunca Avustralya\u2019da ya\u015fam\u0131\u015ft\u0131r. Avustralya\u2019da \u00e7okk\u00fclt\u00fcrl\u00fc iki radyo kanal\u0131 kurmu\u015f ve \u00e7okk\u00fclt\u00fcrl\u00fcl\u00fc\u011fe, Kelt k\u00fclt\u00fcr\u00fcne ve etnik yay\u0131nlara katk\u0131lar\u0131ndan dolay\u0131 Avustralya \u015e\u00f6valye Ni\u015fan\u0131\u2019na lay\u0131k g\u00f6r\u00fclm\u00fc\u015ft\u00fcr. Bu onun \u00fc\u00e7\u00fcnc\u00fc kitab\u0131d\u0131r.   Yazar Hakk\u0131nda:   Claire Dunne, d\u00fcnyan\u0131n \u00e7e\u015fitli yerlerinde Carl Jung ve ba\u015fka konularda konferanslar veren bir yazar ve televizyon ile radyo program\u0131 yap\u0131mc\u0131s\u0131d\u0131r. \u0130rlanda\u2019da do\u011fmu\u015f, uzun y\u0131llar boyunca Avustralya\u2019da ya\u015fam\u0131\u015ft\u0131r. Avustralya\u2019da \u00e7okk\u00fclt\u00fcrl\u00fc iki radyo kanal\u0131 kurmu\u015f ve \u00e7okk\u00fclt\u00fcrl\u00fcl\u00fc\u011fe, Kelt k\u00fclt\u00fcr\u00fcne ve etnik yay\u0131nlara katk\u0131lar\u0131ndan dolay\u0131 Avustralya \u015e\u00f6valye Ni\u015fan\u0131\u2019na lay\u0131k g\u00f6r\u00fclm\u00fc\u015ft\u00fcr. Bu onun \u00fc\u00e7\u00fcnc\u00fc kitab\u0131d\u0131r. <\/p>\n","protected":false},"excerpt":{"rendered":"<p>Ruhun Yaral\u0131 \u015eifac\u0131s\u0131, psikoloji tarihine damga vuran, psikolojiyi \u015fekillendirerek do\u011fu ile bat\u0131y\u0131 birle\u015ftiren, mitleri de\u015fifre eden, t\u00fcm zamanlar\u0131n en b\u00fcy\u00fck ruhsal devrimcisi Carl Gustav Jung\u2019un ruhsal<span class=\"excerpt-hellip\"> [\u2026]<\/span><\/p>\n","protected":false},"featured_media":0,"template":"","meta":{"_monsterinsights_skip_tracking":false,"_monsterinsights_sitenote_active":false,"_monsterinsights_sitenote_note":"","_monsterinsights_sitenote_category":0},"product_brand":[],"product_cat":[14009,12291],"product_tag":[],"class_list":{"0":"post-742119","1":"product","2":"type-product","3":"status-publish","5":"product_cat-biyografi-otobiyografi-edebiyat","6":"product_cat-edebiyat","7":"pa_cilt-ciltsiz","8":"pa_tur-kitap","9":"pa_yayinevi-dogan-novus","10":"pa_yazar-claire-dunne","12":"first","13":"instock","14":"sale","15":"shipping-taxable","16":"purchasable","17":"product-type-simple"},"_links":{"self":[{"href":"https:\/\/roveyayinevi.com.tr\/index.php\/wp-json\/wp\/v2\/product\/742119","targetHints":{"allow":["GET"]}}],"collection":[{"href":"https:\/\/roveyayinevi.com.tr\/index.php\/wp-json\/wp\/v2\/product"}],"about":[{"href":"https:\/\/roveyayinevi.com.tr\/index.php\/wp-json\/wp\/v2\/types\/product"}],"wp:attachment":[{"href":"https:\/\/roveyayinevi.com.tr\/index.php\/wp-json\/wp\/v2\/media?parent=742119"}],"wp:term":[{"taxonomy":"product_brand","embeddable":true,"href":"https:\/\/roveyayinevi.com.tr\/index.php\/wp-json\/wp\/v2\/product_brand?post=742119"},{"taxonomy":"product_cat","embeddable":true,"href":"https:\/\/roveyayinevi.com.tr\/index.php\/wp-json\/wp\/v2\/product_cat?post=742119"},{"taxonomy":"product_tag","embeddable":true,"href":"https:\/\/roveyayinevi.com.tr\/index.php\/wp-json\/wp\/v2\/product_tag?post=742119"}],"curies":[{"name":"wp","href":"https:\/\/api.w.org\/{rel}","templated":true}]}}