{"id":742113,"date":"2025-08-28T01:04:37","date_gmt":"2025-08-27T22:04:37","guid":{"rendered":"https:\/\/roveyayinevi.com.tr\/index.php\/urun\/ekonominin-pusulasi\/"},"modified":"2026-04-16T02:53:19","modified_gmt":"2026-04-15T23:53:19","slug":"ekonominin-pusulasi","status":"publish","type":"product","link":"https:\/\/roveyayinevi.com.tr\/index.php\/urun\/ekonominin-pusulasi\/","title":{"rendered":"Ekonominin Pusulas\u0131"},"content":{"rendered":"<p>\u201cEkonominin pusulas\u0131 \u015fa\u015ft\u0131\u011f\u0131nda toplumun gelece\u011fi hakk\u0131nda sorular, sorgulamalar ve tart\u0131\u015fmalar daha da artar. \u00d6yle ki, bu tart\u0131\u015fmalar soka\u011f\u0131n her alan\u0131na, kahvehane k\u00f6\u015felerine, y\u00fcksek binalardaki \u00e7al\u0131\u015fma alanlar\u0131na ve sosyal medyadaki mecralara kadar ta\u015f\u0131n\u0131r ve zamanla derinle\u015ferek bazen de faydal\u0131 teorilere d\u00f6n\u00fc\u015f\u00fcr.\u201d   Kamuoyuna a\u00e7\u0131klad\u0131\u011f\u0131 ger\u00e7ek ekonomik ve toplumsal verilerle g\u00fcndem yaratan ENAG\u2019\u0131n kurucular\u0131ndan olan Prof. Dr. Veysel  Ulusoy, enflasyon, ekonomik b\u00fcy\u00fcme, i\u015fg\u00fcc\u00fc piyasas\u0131 ve verimlilik gibi ekonomik de\u011ferlere farkl\u0131 a\u00e7\u0131lardan bakt\u0131\u011f\u0131; bunlar\u0131 makro ve mikroekonomik d\u00fczeyde ayr\u0131nt\u0131lar\u0131yla ve uluslararas\u0131 kar\u015f\u0131la\u015ft\u0131rmal\u0131  analizlerle tart\u0131\u015ft\u0131\u011f\u0131 bu kitapta ekonominin \u015fa\u015fan pusulas\u0131na yeni bir y\u00f6n \u00f6neriyor.   \u2015 Fiyatlar\u0131n olu\u015fumu, ev halk\u0131 ve \u00fcreticilerin davran\u0131\u015flar\u0131yla nas\u0131l de\u011fi\u015fir? \u2015 Fakirle\u015ftiren b\u00fcy\u00fcme ve k\u0131r\u0131lgan be\u015fli: T\u00fcrkiye\u2019nin konumu. \u2015 Kalk\u0131nma ve b\u00fcy\u00fcmenin dayan\u0131lmaz hafifli\u011fi. Ne kadar kalk\u0131n\u0131yor ve b\u00fcy\u00fcyoruz? \u2015 Neden durmadan bor\u00e7lan\u0131yoruz, bu durumdan \u00e7\u0131kman\u0131n yollar\u0131 nedir? \u2015 D\u00f6vizle yat\u0131r\u0131m yap\u0131l\u0131r m\u0131? \u2015 Gen\u00e7lik ve gen\u00e7lerin istihdam\u0131: Kalk\u0131nman\u0131n temel anahtar\u0131. \u2015 Ekonomide temel g\u00f6stergelerin a\u00e7\u0131\u011fa \u00e7\u0131kard\u0131\u011f\u0131 ger\u00e7ekler?   Yazar Hakk\u0131nda:   Prof. Dr. Veysel Ulusoy, Kahramanmara\u015f Lisesi\u2019nden mezun olduktan sonra \u0130stanbul \u00dcniversitesi, \u0130ktisat Fak\u00fcltesi Ekonometri B\u00f6l\u00fcm\u00fc\u2019nde e\u011fitim ald\u0131. Milli E\u011fitim Bakanl\u0131\u011f\u0131 Bursu kapsam\u0131nda hem yabanc\u0131 dil hem de y\u00fcksek lisans ve doktora e\u011fitimi i\u00e7in ABD\u2019ye gitti. Ekonomi-\u0130statistik alan\u0131nda yapt\u0131\u011f\u0131 e\u011fitimleri s\u00fcresince uluslararas\u0131 ticaret ve finans ile ekonomik b\u00fcy\u00fcme konusunda \u00e7al\u0131\u015fmalar yapt\u0131. Ekonomilerdeki geli\u015fmenin teknoloji ve insan sermayesi yan\u0131nda d\u0131\u015f ticaretin yap\u0131s\u0131yla da ili\u015fkili oldu\u011funu ekonometrik modellerle test eden \u00e7al\u0131\u015fmalara imza att\u0131. Ulusoy, Galatasaray \u00dcniversitesi\u2019nde ba\u015flayan \u00f6\u011fretim hayat\u0131na Bah\u00e7e\u015fehir ve Yeditepe \u00fcniveristelerinde devam etti. Ulusoy halen Yeditepe \u00dcniversitesi Uygulamal\u0131 Bilimler Y\u00fcksek Okulu M\u00fcd\u00fcr\u00fc ve Finansal \u0130ktisat Anabilim Dal\u0131 Ba\u015fkanl\u0131\u011f\u0131n\u0131 y\u00fcr\u00fctmektedir. <\/p>\n","protected":false},"excerpt":{"rendered":"<p>\u201cEkonominin pusulas\u0131 \u015fa\u015ft\u0131\u011f\u0131nda toplumun gelece\u011fi hakk\u0131nda sorular, sorgulamalar ve tart\u0131\u015fmalar daha da artar. \u00d6yle ki, bu tart\u0131\u015fmalar soka\u011f\u0131n her alan\u0131na, kahvehane k\u00f6\u015felerine, y\u00fcksek binalardaki \u00e7al\u0131\u015fma alanlar\u0131na<span class=\"excerpt-hellip\"> [\u2026]<\/span><\/p>\n","protected":false},"featured_media":0,"template":"","meta":{"_monsterinsights_skip_tracking":false,"_monsterinsights_sitenote_active":false,"_monsterinsights_sitenote_note":"","_monsterinsights_sitenote_category":0},"product_brand":[],"product_cat":[14841,13043],"product_tag":[],"class_list":{"0":"post-742113","1":"product","2":"type-product","3":"status-publish","5":"product_cat-arastirma-inceleme-kuram","6":"product_cat-ekonomi","7":"pa_cilt-ciltsiz","8":"pa_tur-kitap","9":"pa_yayinevi-dogan-kitap","10":"pa_yazar-veysel-ulusoy","12":"first","13":"instock","14":"sale","15":"shipping-taxable","16":"purchasable","17":"product-type-simple"},"_links":{"self":[{"href":"https:\/\/roveyayinevi.com.tr\/index.php\/wp-json\/wp\/v2\/product\/742113","targetHints":{"allow":["GET"]}}],"collection":[{"href":"https:\/\/roveyayinevi.com.tr\/index.php\/wp-json\/wp\/v2\/product"}],"about":[{"href":"https:\/\/roveyayinevi.com.tr\/index.php\/wp-json\/wp\/v2\/types\/product"}],"wp:attachment":[{"href":"https:\/\/roveyayinevi.com.tr\/index.php\/wp-json\/wp\/v2\/media?parent=742113"}],"wp:term":[{"taxonomy":"product_brand","embeddable":true,"href":"https:\/\/roveyayinevi.com.tr\/index.php\/wp-json\/wp\/v2\/product_brand?post=742113"},{"taxonomy":"product_cat","embeddable":true,"href":"https:\/\/roveyayinevi.com.tr\/index.php\/wp-json\/wp\/v2\/product_cat?post=742113"},{"taxonomy":"product_tag","embeddable":true,"href":"https:\/\/roveyayinevi.com.tr\/index.php\/wp-json\/wp\/v2\/product_tag?post=742113"}],"curies":[{"name":"wp","href":"https:\/\/api.w.org\/{rel}","templated":true}]}}