{"id":742103,"date":"2025-08-28T01:04:24","date_gmt":"2025-08-27T22:04:24","guid":{"rendered":"https:\/\/roveyayinevi.com.tr\/index.php\/urun\/karar\/"},"modified":"2026-04-16T02:53:18","modified_gmt":"2026-04-15T23:53:18","slug":"karar","status":"publish","type":"product","link":"https:\/\/roveyayinevi.com.tr\/index.php\/urun\/karar\/","title":{"rendered":"Karar"},"content":{"rendered":"<p>Ba\u015far\u0131l\u0131 avukat Brent Mason, y\u0131llar \u00f6nce ge\u00e7irdi\u011fi kazada bir baca\u011f\u0131n\u0131 kaybetmi\u015ftir. Ancak bu talihsizli\u011fin, tatmin edici bir ya\u015fam s\u00fcrme yetene\u011fini etkilemesine asla izin vermez. Y\u00fcksek hedefler belirler ve onlara ula\u015fmak i\u00e7in \u00e7abalar. Brent bir davada \u00e7ocukluk arkada\u015f\u0131 Kennedy\u2019le kar\u015f\u0131la\u015f\u0131r ve yan evde b\u00fcy\u00fcyen tatl\u0131 k\u0131z\u0131n \u00e7ok de\u011fi\u015fti\u011fini fark eder. Kar\u015f\u0131s\u0131nda kendinden emin, \u00e7arp\u0131c\u0131 ve tek iste\u011fi onu topuklu ayakkab\u0131lar\u0131n\u0131n alt\u0131nda ezmek olan bir kad\u0131n bulur. Savc\u0131 ve avukat olarak kar\u015f\u0131 kar\u015f\u0131ya gelen Brent ile Kennedy i\u00e7in i\u015fler bekledikleri gibi gitmez. Her tart\u0131\u015fma ve itiraz, birbirlerini daha \u00e7ok istemelerine neden olur. \u0130lk a\u015fklar, ikinci bir \u015fans\u0131 hak eder mi? Peki, kalbin son karar\u0131 ne olacakt\u0131r? <\/p>\n","protected":false},"excerpt":{"rendered":"<p>Ba\u015far\u0131l\u0131 avukat Brent Mason, y\u0131llar \u00f6nce ge\u00e7irdi\u011fi kazada bir baca\u011f\u0131n\u0131 kaybetmi\u015ftir. Ancak bu talihsizli\u011fin, tatmin edici bir ya\u015fam s\u00fcrme yetene\u011fini etkilemesine asla izin vermez. Y\u00fcksek hedefler<span class=\"excerpt-hellip\"> [\u2026]<\/span><\/p>\n","protected":false},"featured_media":0,"template":"","meta":{"_monsterinsights_skip_tracking":false,"_monsterinsights_sitenote_active":false,"_monsterinsights_sitenote_note":"","_monsterinsights_sitenote_category":0},"product_brand":[],"product_cat":[12291,12711],"product_tag":[],"class_list":{"0":"post-742103","1":"product","2":"type-product","3":"status-publish","5":"product_cat-edebiyat","6":"product_cat-roman-oyku","7":"pa_cilt-ciltsiz","8":"pa_tur-kitap","9":"pa_yayinevi-nemesis-kitap","10":"pa_yazar-emma-chase","12":"first","13":"instock","14":"sale","15":"shipping-taxable","16":"purchasable","17":"product-type-simple"},"_links":{"self":[{"href":"https:\/\/roveyayinevi.com.tr\/index.php\/wp-json\/wp\/v2\/product\/742103","targetHints":{"allow":["GET"]}}],"collection":[{"href":"https:\/\/roveyayinevi.com.tr\/index.php\/wp-json\/wp\/v2\/product"}],"about":[{"href":"https:\/\/roveyayinevi.com.tr\/index.php\/wp-json\/wp\/v2\/types\/product"}],"wp:attachment":[{"href":"https:\/\/roveyayinevi.com.tr\/index.php\/wp-json\/wp\/v2\/media?parent=742103"}],"wp:term":[{"taxonomy":"product_brand","embeddable":true,"href":"https:\/\/roveyayinevi.com.tr\/index.php\/wp-json\/wp\/v2\/product_brand?post=742103"},{"taxonomy":"product_cat","embeddable":true,"href":"https:\/\/roveyayinevi.com.tr\/index.php\/wp-json\/wp\/v2\/product_cat?post=742103"},{"taxonomy":"product_tag","embeddable":true,"href":"https:\/\/roveyayinevi.com.tr\/index.php\/wp-json\/wp\/v2\/product_tag?post=742103"}],"curies":[{"name":"wp","href":"https:\/\/api.w.org\/{rel}","templated":true}]}}