{"id":742100,"date":"2025-08-28T01:04:20","date_gmt":"2025-08-27T22:04:20","guid":{"rendered":"https:\/\/roveyayinevi.com.tr\/index.php\/urun\/katedralde-sohbet\/"},"modified":"2026-04-16T02:53:18","modified_gmt":"2026-04-15T23:53:18","slug":"katedralde-sohbet","status":"publish","type":"product","link":"https:\/\/roveyayinevi.com.tr\/index.php\/urun\/katedralde-sohbet\/","title":{"rendered":"Katedral&#8217;de Sohbet"},"content":{"rendered":"<p>Acaba Peru tam olarak ne zaman \u00e7uvallam\u0131\u015ft\u0131?   \u201cBu ko\u015fturmaca beni susatt\u0131,\u201d diyor Santiago. \u201cGel hadi bir \u015fey i\u00e7elim. Buralarda bildi\u011fin bir yer var m\u0131?\u201d \u201cYemek yedi\u011fim bir yer var,\u201d diyor Ambrosio. \u201c\u0130smi Katedral, garibanlar\u0131n mek\u00e2n\u0131, bilmem be\u011fenir misiniz?\u201d \u201cE\u011fer so\u011fuk biralar\u0131 varsa be\u011fenirim,\u201d diyor Santiago. \u201cGidelim, Ambrosio.\u201d   1950\u2019ler Lima\u2019s\u0131, General Odr\u00eda diktat\u00f6rl\u00fc\u011f\u00fc d\u00f6nemi. Farkl\u0131 s\u0131n\u0131flara mensup Zavalita ile Ambrosio y\u0131llar sonra tesad\u00fcfen kar\u015f\u0131la\u015f\u0131p Katedral adl\u0131 barda sohbete dal\u0131nca \u00f6zg\u00fcrl\u00fck ve \u00f6zg\u00fcrl\u00fc\u011f\u00fcn yitirilmesi etraf\u0131nda geli\u015fen bir anlat\u0131 ortaya \u00e7\u0131kar.   Mario Vargas Llosa\u2019n\u0131n, \u201cHi\u00e7bir roman\u0131m bana onun kadar eme\u011fe mal olmad\u0131, e\u011fer yazd\u0131klar\u0131m aras\u0131nda yang\u0131ndan sadece bir roman\u0131m\u0131 kurtarmak zorunda kalsayd\u0131m onu kurtar\u0131rd\u0131m,\u201d diye tan\u0131mlad\u0131\u011f\u0131 Katedral\u2019de Sohbet Peru tarihini ki\u015fisel ya\u015fanm\u0131\u015fl\u0131klarla kesi\u015ftiren bir ba\u015fyap\u0131t.   <\/p>\n","protected":false},"excerpt":{"rendered":"<p>Acaba Peru tam olarak ne zaman \u00e7uvallam\u0131\u015ft\u0131? \u201cBu ko\u015fturmaca beni susatt\u0131,\u201d diyor Santiago. \u201cGel hadi bir \u015fey i\u00e7elim. Buralarda bildi\u011fin bir yer var m\u0131?\u201d \u201cYemek yedi\u011fim<span class=\"excerpt-hellip\"> [\u2026]<\/span><\/p>\n","protected":false},"featured_media":0,"template":"","meta":{"_monsterinsights_skip_tracking":false,"_monsterinsights_sitenote_active":false,"_monsterinsights_sitenote_note":"","_monsterinsights_sitenote_category":0},"product_brand":[],"product_cat":[13661,12291],"product_tag":[],"class_list":{"0":"post-742100","1":"product","2":"type-product","3":"status-publish","5":"product_cat-diger-ulke-edebiyatlari","6":"product_cat-edebiyat","7":"pa_cilt-ciltsiz","8":"pa_tur-kitap","9":"pa_yayinevi-can-yayinlari","10":"pa_yazar-mario-vargas-llosa","12":"first","13":"instock","14":"sale","15":"shipping-taxable","16":"purchasable","17":"product-type-simple"},"_links":{"self":[{"href":"https:\/\/roveyayinevi.com.tr\/index.php\/wp-json\/wp\/v2\/product\/742100","targetHints":{"allow":["GET"]}}],"collection":[{"href":"https:\/\/roveyayinevi.com.tr\/index.php\/wp-json\/wp\/v2\/product"}],"about":[{"href":"https:\/\/roveyayinevi.com.tr\/index.php\/wp-json\/wp\/v2\/types\/product"}],"wp:attachment":[{"href":"https:\/\/roveyayinevi.com.tr\/index.php\/wp-json\/wp\/v2\/media?parent=742100"}],"wp:term":[{"taxonomy":"product_brand","embeddable":true,"href":"https:\/\/roveyayinevi.com.tr\/index.php\/wp-json\/wp\/v2\/product_brand?post=742100"},{"taxonomy":"product_cat","embeddable":true,"href":"https:\/\/roveyayinevi.com.tr\/index.php\/wp-json\/wp\/v2\/product_cat?post=742100"},{"taxonomy":"product_tag","embeddable":true,"href":"https:\/\/roveyayinevi.com.tr\/index.php\/wp-json\/wp\/v2\/product_tag?post=742100"}],"curies":[{"name":"wp","href":"https:\/\/api.w.org\/{rel}","templated":true}]}}