{"id":742098,"date":"2025-08-28T01:04:18","date_gmt":"2025-08-27T22:04:18","guid":{"rendered":"https:\/\/roveyayinevi.com.tr\/index.php\/urun\/bahriyeli\/"},"modified":"2026-04-16T02:53:18","modified_gmt":"2026-04-15T23:53:18","slug":"bahriyeli","status":"publish","type":"product","link":"https:\/\/roveyayinevi.com.tr\/index.php\/urun\/bahriyeli\/","title":{"rendered":"Bahriyeli"},"content":{"rendered":"<p>1940\u2019larda \u201c\u015eanl\u0131 Yavuz\u201d gemisinde askerlik yapan, Kastamonu \u00c7atalzeytinli Terzi Hasan, terhis oldu ama g\u00f6nl\u00fc \u00e7ok sevdi\u011fi Bahriye\u2019de kald\u0131. Oraya bir evlat g\u00f6nderme dile\u011fi ile ya\u015fad\u0131 on y\u0131llarca\u2026 Ya\u015fayan tek \u00e7ocu\u011fu k\u0131z olunca bu kez erkek torun bekledi. Torun Hasan nihayet 1960\u2019larda geldi. B\u00f6ylece Terzi Hasan, tek erkek torununu be\u015fikten itibaren deniz, Bahriye ve Bahriyeli hik\u00e2yeleri ile b\u00fcy\u00fctt\u00fc. Kitap, dede ve torunun 1970\u2019lerde Bahriyeli olabilmek i\u00e7in birlikte verdikleri \u00e7etin m\u00fccadeleyi ve sonras\u0131n\u0131 anlat\u0131yor. Ba\u015fa gelebilecek iyi ve k\u00f6t\u00fc pek \u00e7ok \u015feyle birlikte\u2026 <\/p>\n","protected":false},"excerpt":{"rendered":"<p>1940\u2019larda \u201c\u015eanl\u0131 Yavuz\u201d gemisinde askerlik yapan, Kastamonu \u00c7atalzeytinli Terzi Hasan, terhis oldu ama g\u00f6nl\u00fc \u00e7ok sevdi\u011fi Bahriye\u2019de kald\u0131. Oraya bir evlat g\u00f6nderme dile\u011fi ile ya\u015fad\u0131 on<span class=\"excerpt-hellip\"> [\u2026]<\/span><\/p>\n","protected":false},"featured_media":0,"template":"","meta":{"_monsterinsights_skip_tracking":false,"_monsterinsights_sitenote_active":false,"_monsterinsights_sitenote_note":"","_monsterinsights_sitenote_category":0},"product_brand":[],"product_cat":[12291,12711],"product_tag":[],"class_list":{"0":"post-742098","1":"product","2":"type-product","3":"status-publish","5":"product_cat-edebiyat","6":"product_cat-roman-oyku","7":"pa_cilt-ciltsiz","8":"pa_tur-kitap","9":"pa_yayinevi-karina-yayinevi","10":"pa_yazar-hasan-dogan","12":"first","13":"instock","14":"sale","15":"shipping-taxable","16":"purchasable","17":"product-type-simple"},"_links":{"self":[{"href":"https:\/\/roveyayinevi.com.tr\/index.php\/wp-json\/wp\/v2\/product\/742098","targetHints":{"allow":["GET"]}}],"collection":[{"href":"https:\/\/roveyayinevi.com.tr\/index.php\/wp-json\/wp\/v2\/product"}],"about":[{"href":"https:\/\/roveyayinevi.com.tr\/index.php\/wp-json\/wp\/v2\/types\/product"}],"wp:attachment":[{"href":"https:\/\/roveyayinevi.com.tr\/index.php\/wp-json\/wp\/v2\/media?parent=742098"}],"wp:term":[{"taxonomy":"product_brand","embeddable":true,"href":"https:\/\/roveyayinevi.com.tr\/index.php\/wp-json\/wp\/v2\/product_brand?post=742098"},{"taxonomy":"product_cat","embeddable":true,"href":"https:\/\/roveyayinevi.com.tr\/index.php\/wp-json\/wp\/v2\/product_cat?post=742098"},{"taxonomy":"product_tag","embeddable":true,"href":"https:\/\/roveyayinevi.com.tr\/index.php\/wp-json\/wp\/v2\/product_tag?post=742098"}],"curies":[{"name":"wp","href":"https:\/\/api.w.org\/{rel}","templated":true}]}}