{"id":742091,"date":"2025-08-28T01:04:08","date_gmt":"2025-08-27T22:04:08","guid":{"rendered":"https:\/\/roveyayinevi.com.tr\/index.php\/urun\/baykusun-kanatlarinda-uyuyan-kurbaga\/"},"modified":"2026-04-16T02:53:18","modified_gmt":"2026-04-15T23:53:18","slug":"baykusun-kanatlarinda-uyuyan-kurbaga","status":"publish","type":"product","link":"https:\/\/roveyayinevi.com.tr\/index.php\/urun\/baykusun-kanatlarinda-uyuyan-kurbaga\/","title":{"rendered":"Bayku\u015fun Kanatlar\u0131nda Uyuyan Kurba\u011fa"},"content":{"rendered":"<p>Hava yava\u015f yava\u015f karar\u0131rken g\u00f6zleri k\u00fc\u00e7\u00fclen ve esnemeye ba\u015flayan hayvanlar\u0131n tamam\u0131 yuvalar\u0131na \u00e7ekiliyordu. Orman\u0131n \u00fczerine gecenin rengi iniyordu. Yapraklar g\u00f6zden yitiyor, a\u011fa\u00e7lar kabuklar\u0131ndan gecenin sesini \u00e7\u0131kart\u0131yordu. \u0130\u00e7ine d\u00f6nen, inine \u00e7ekilen ve orman\u0131 geceye terk eden hayvanlar\u0131n aras\u0131nda o ses yine duyuldu. Ayaklar\u0131na sandaletini ge\u00e7iren K\u00fc\u00e7\u00fck Kurba\u011fa\u2019n\u0131n uykusu yine ka\u00e7m\u0131\u015ft\u0131. B\u00fct\u00fcn arkada\u015flar\u0131 binbir dil d\u00f6k\u00fcp onu uykunun g\u00fcvenli ve d\u00fc\u015fler d\u00fcnyas\u0131na \u00e7a\u011f\u0131r\u0131rken, ne\u015feyle ortalarda dola\u015fan K\u00fc\u00e7\u00fck Kurba\u011fa hepsine burun k\u0131v\u0131r\u0131yordu. Gece, ormana sakinlik ve huzur getiriyor ama orta yerde avaz\u0131 \u00e7\u0131kt\u0131\u011f\u0131 kadar v\u0131raklayan kahraman\u0131m\u0131z t\u00fcm bu sessizli\u011fi bozuyordu. <\/p>\n","protected":false},"excerpt":{"rendered":"<p>Hava yava\u015f yava\u015f karar\u0131rken g\u00f6zleri k\u00fc\u00e7\u00fclen ve esnemeye ba\u015flayan hayvanlar\u0131n tamam\u0131 yuvalar\u0131na \u00e7ekiliyordu. Orman\u0131n \u00fczerine gecenin rengi iniyordu. Yapraklar g\u00f6zden yitiyor, a\u011fa\u00e7lar kabuklar\u0131ndan gecenin sesini \u00e7\u0131kart\u0131yordu.<span class=\"excerpt-hellip\"> [\u2026]<\/span><\/p>\n","protected":false},"featured_media":0,"template":"","meta":{"_monsterinsights_skip_tracking":false,"_monsterinsights_sitenote_active":false,"_monsterinsights_sitenote_note":"","_monsterinsights_sitenote_category":0},"product_brand":[],"product_cat":[12274,12284],"product_tag":[],"class_list":{"0":"post-742091","1":"product","2":"type-product","3":"status-publish","5":"product_cat-cocuk-ve-genclik-kitaplari","6":"product_cat-hikayeler","7":"pa_cilt-ciltsiz","8":"pa_tur-kitap","9":"pa_yayinevi-yeni-insan-yayinlari","10":"pa_yazar-nivola-uya","12":"first","13":"instock","14":"sale","15":"shipping-taxable","16":"purchasable","17":"product-type-simple"},"_links":{"self":[{"href":"https:\/\/roveyayinevi.com.tr\/index.php\/wp-json\/wp\/v2\/product\/742091","targetHints":{"allow":["GET"]}}],"collection":[{"href":"https:\/\/roveyayinevi.com.tr\/index.php\/wp-json\/wp\/v2\/product"}],"about":[{"href":"https:\/\/roveyayinevi.com.tr\/index.php\/wp-json\/wp\/v2\/types\/product"}],"wp:attachment":[{"href":"https:\/\/roveyayinevi.com.tr\/index.php\/wp-json\/wp\/v2\/media?parent=742091"}],"wp:term":[{"taxonomy":"product_brand","embeddable":true,"href":"https:\/\/roveyayinevi.com.tr\/index.php\/wp-json\/wp\/v2\/product_brand?post=742091"},{"taxonomy":"product_cat","embeddable":true,"href":"https:\/\/roveyayinevi.com.tr\/index.php\/wp-json\/wp\/v2\/product_cat?post=742091"},{"taxonomy":"product_tag","embeddable":true,"href":"https:\/\/roveyayinevi.com.tr\/index.php\/wp-json\/wp\/v2\/product_tag?post=742091"}],"curies":[{"name":"wp","href":"https:\/\/api.w.org\/{rel}","templated":true}]}}