{"id":742083,"date":"2025-08-28T01:03:56","date_gmt":"2025-08-27T22:03:56","guid":{"rendered":"https:\/\/roveyayinevi.com.tr\/index.php\/urun\/buyuk-odul\/"},"modified":"2025-11-21T08:08:17","modified_gmt":"2025-11-21T05:08:17","slug":"buyuk-odul","status":"publish","type":"product","link":"https:\/\/roveyayinevi.com.tr\/index.php\/urun\/buyuk-odul\/","title":{"rendered":"B\u00fcy\u00fck \u00d6d\u00fcl"},"content":{"rendered":"<p>Yunus Dolfi, G\u00f6kku\u015fa\u011f\u0131 Mercan Resifi\u2019ne yeni gelmi\u015fti. Muhte\u015fem dans\u0131 hayran b\u0131rakt\u0131 herkesi, Denizanas\u0131 Yaki hari\u00e7\u2026 \u00c7\u00fcnk\u00fc o g\u00fcne kadar resifin en iyi dans\u00e7\u0131s\u0131 oydu! Acaba Yunus Dolfi dans yar\u0131\u015fmas\u0131nda bir y\u0131ld\u0131z gibi parlayacak m\u0131, yoksa Yaki onu durdurmay\u0131 ba\u015faracak m\u0131? K\u0131skan\u00e7l\u0131\u011f\u0131n anlams\u0131zl\u0131\u011f\u0131n\u0131 anlatan \u0131\u015f\u0131lt\u0131l\u0131 bir deniz alt\u0131 \u00f6yk\u00fcs\u00fc&#8230; <\/p>\n","protected":false},"excerpt":{"rendered":"<p>Yunus Dolfi, G\u00f6kku\u015fa\u011f\u0131 Mercan Resifi\u2019ne yeni gelmi\u015fti. Muhte\u015fem dans\u0131 hayran b\u0131rakt\u0131 herkesi, Denizanas\u0131 Yaki hari\u00e7\u2026 \u00c7\u00fcnk\u00fc o g\u00fcne kadar resifin en iyi dans\u00e7\u0131s\u0131 oydu! Acaba Yunus<span class=\"excerpt-hellip\"> [\u2026]<\/span><\/p>\n","protected":false},"featured_media":0,"template":"","meta":{"_monsterinsights_skip_tracking":false,"_monsterinsights_sitenote_active":false,"_monsterinsights_sitenote_note":"","_monsterinsights_sitenote_category":0},"product_brand":[],"product_cat":[12274,12284],"product_tag":[],"class_list":{"0":"post-742083","1":"product","2":"type-product","3":"status-publish","5":"product_cat-cocuk-ve-genclik-kitaplari","6":"product_cat-hikayeler","7":"pa_cilt-ciltsiz","8":"pa_tur-kitap","9":"pa_yayinevi-is-bankasi-kultur-yayinlari","10":"pa_yazar-hannah-campling","12":"first","13":"instock","14":"sale","15":"shipping-taxable","16":"purchasable","17":"product-type-simple"},"_links":{"self":[{"href":"https:\/\/roveyayinevi.com.tr\/index.php\/wp-json\/wp\/v2\/product\/742083","targetHints":{"allow":["GET"]}}],"collection":[{"href":"https:\/\/roveyayinevi.com.tr\/index.php\/wp-json\/wp\/v2\/product"}],"about":[{"href":"https:\/\/roveyayinevi.com.tr\/index.php\/wp-json\/wp\/v2\/types\/product"}],"wp:attachment":[{"href":"https:\/\/roveyayinevi.com.tr\/index.php\/wp-json\/wp\/v2\/media?parent=742083"}],"wp:term":[{"taxonomy":"product_brand","embeddable":true,"href":"https:\/\/roveyayinevi.com.tr\/index.php\/wp-json\/wp\/v2\/product_brand?post=742083"},{"taxonomy":"product_cat","embeddable":true,"href":"https:\/\/roveyayinevi.com.tr\/index.php\/wp-json\/wp\/v2\/product_cat?post=742083"},{"taxonomy":"product_tag","embeddable":true,"href":"https:\/\/roveyayinevi.com.tr\/index.php\/wp-json\/wp\/v2\/product_tag?post=742083"}],"curies":[{"name":"wp","href":"https:\/\/api.w.org\/{rel}","templated":true}]}}