{"id":742076,"date":"2025-08-28T01:03:45","date_gmt":"2025-08-27T22:03:45","guid":{"rendered":"https:\/\/roveyayinevi.com.tr\/index.php\/urun\/buyuk-bir-ayi-ile-kucuk-bir-cocuk\/"},"modified":"2026-04-11T03:01:04","modified_gmt":"2026-04-11T00:01:04","slug":"buyuk-bir-ayi-ile-kucuk-bir-cocuk","status":"publish","type":"product","link":"https:\/\/roveyayinevi.com.tr\/index.php\/urun\/buyuk-bir-ayi-ile-kucuk-bir-cocuk\/","title":{"rendered":"B\u00fcy\u00fck Bir Ayi \u0130le K\u00fc\u00e7\u00fck Bir \u00c7ocuk"},"content":{"rendered":"<p>Tek ba\u015f\u0131na \u00e7ok s\u0131k\u0131lan bir ay\u0131, bir \u00e7ocuk g\u00f6rd\u00fc. \u201cNe kadar da K\u00dc\u00c7\u00dcK,\u201d diye d\u00fc\u015f\u00fcnd\u00fc. \u00c7ocuk, kendi kendine oyun oynarken bir ay\u0131 g\u00f6rd\u00fc. \u201cNe kadar da B\u00dcY\u00dcK,\u201d diye d\u00fc\u015f\u00fcnd\u00fc. Elini uzatt\u0131 \u00e7ocuk, \u00f6n ayaklar\u0131ndan birini uzatt\u0131 ay\u0131. B\u00f6ylece arkada\u015f oldular. Sonra g\u00f6rd\u00fcler ki \u00e7ocuk \u00e7ok B\u00dcY\u00dcK, Ay\u0131 ise K\u00dc\u00c7\u00dcC\u00dcK! Nas\u0131l olur? Bu sorunun cevab\u0131n\u0131 merak ettiysen ve tatl\u0131 bir hayal d\u00fcnyas\u0131n\u0131 ziyaret etmek istersen, hik\u00e2yemiz seni bekliyor. <\/p>\n","protected":false},"excerpt":{"rendered":"<p>Tek ba\u015f\u0131na \u00e7ok s\u0131k\u0131lan bir ay\u0131, bir \u00e7ocuk g\u00f6rd\u00fc. \u201cNe kadar da K\u00dc\u00c7\u00dcK,\u201d diye d\u00fc\u015f\u00fcnd\u00fc. \u00c7ocuk, kendi kendine oyun oynarken bir ay\u0131 g\u00f6rd\u00fc. \u201cNe kadar da<span class=\"excerpt-hellip\"> [\u2026]<\/span><\/p>\n","protected":false},"featured_media":0,"template":"","meta":{"_monsterinsights_skip_tracking":false,"_monsterinsights_sitenote_active":false,"_monsterinsights_sitenote_note":"","_monsterinsights_sitenote_category":0},"product_brand":[],"product_cat":[12274,12284],"product_tag":[],"class_list":{"0":"post-742076","1":"product","2":"type-product","3":"status-publish","5":"product_cat-cocuk-ve-genclik-kitaplari","6":"product_cat-hikayeler","7":"pa_cilt-ciltsiz","8":"pa_tur-kitap","9":"pa_yayinevi-is-bankasi-kultur-yayinlari","10":"pa_yazar-gulsen-arslan-akca","12":"first","13":"instock","14":"sale","15":"shipping-taxable","16":"purchasable","17":"product-type-simple"},"_links":{"self":[{"href":"https:\/\/roveyayinevi.com.tr\/index.php\/wp-json\/wp\/v2\/product\/742076","targetHints":{"allow":["GET"]}}],"collection":[{"href":"https:\/\/roveyayinevi.com.tr\/index.php\/wp-json\/wp\/v2\/product"}],"about":[{"href":"https:\/\/roveyayinevi.com.tr\/index.php\/wp-json\/wp\/v2\/types\/product"}],"wp:attachment":[{"href":"https:\/\/roveyayinevi.com.tr\/index.php\/wp-json\/wp\/v2\/media?parent=742076"}],"wp:term":[{"taxonomy":"product_brand","embeddable":true,"href":"https:\/\/roveyayinevi.com.tr\/index.php\/wp-json\/wp\/v2\/product_brand?post=742076"},{"taxonomy":"product_cat","embeddable":true,"href":"https:\/\/roveyayinevi.com.tr\/index.php\/wp-json\/wp\/v2\/product_cat?post=742076"},{"taxonomy":"product_tag","embeddable":true,"href":"https:\/\/roveyayinevi.com.tr\/index.php\/wp-json\/wp\/v2\/product_tag?post=742076"}],"curies":[{"name":"wp","href":"https:\/\/api.w.org\/{rel}","templated":true}]}}