{"id":742070,"date":"2025-08-28T01:03:36","date_gmt":"2025-08-27T22:03:36","guid":{"rendered":"https:\/\/roveyayinevi.com.tr\/index.php\/urun\/fineas-ve-forb-2\/"},"modified":"2026-04-16T02:53:18","modified_gmt":"2026-04-15T23:53:18","slug":"fineas-ve-forb-2","status":"publish","type":"product","link":"https:\/\/roveyayinevi.com.tr\/index.php\/urun\/fineas-ve-forb-2\/","title":{"rendered":"Fineas Ve F\u00f6rb"},"content":{"rendered":"<p>Fineas ve F\u00f6rb\u2019\u00fcn arka bah\u00e7elerinde bir uzay gemisi d\u00fc\u015f\u00fcnce neler olacak? Bir de Fineas, F\u00f6rb, Candace ve \u0130sabella\u2019n\u0131n, uzay gemisinin sevimli mi sevimli pilotu Mip\u2019le tan\u0131\u015fmalar\u0131n\u0131 bekleyin! \u00c7ok ge\u00e7meden Candace d\u0131\u015f\u0131ndaki herkes Mip\u2019in ezeli d\u00fc\u015fman\u0131 s\u00fcper k\u00f6t\u00fc Mitch\u2019in eline d\u00fc\u015fecek. Mitch\u2019i alt ederek onun \u00fc\u00e7 galaksileraras\u0131 tutsa\u011f\u0131n\u0131 kurtarma sorumlulu\u011fu ise Candace ile Mip\u2019e d\u00fc\u015fecek! Ama durun bir dakika\u2026 Perry nereye kayboldu? <\/p>\n","protected":false},"excerpt":{"rendered":"<p>Fineas ve F\u00f6rb\u2019\u00fcn arka bah\u00e7elerinde bir uzay gemisi d\u00fc\u015f\u00fcnce neler olacak? Bir de Fineas, F\u00f6rb, Candace ve \u0130sabella\u2019n\u0131n, uzay gemisinin sevimli mi sevimli pilotu Mip\u2019le tan\u0131\u015fmalar\u0131n\u0131<span class=\"excerpt-hellip\"> [\u2026]<\/span><\/p>\n","protected":false},"featured_media":0,"template":"","meta":{"_monsterinsights_skip_tracking":false,"_monsterinsights_sitenote_active":false,"_monsterinsights_sitenote_note":"","_monsterinsights_sitenote_category":0},"product_brand":[],"product_cat":[12274,12284],"product_tag":[],"class_list":{"0":"post-742070","1":"product","2":"type-product","3":"status-publish","5":"product_cat-cocuk-ve-genclik-kitaplari","6":"product_cat-hikayeler","7":"pa_cilt-ciltsiz","8":"pa_tur-kitap","9":"pa_yayinevi-beta-kids","10":"pa_yazar-john-green","12":"first","13":"instock","14":"sale","15":"shipping-taxable","16":"purchasable","17":"product-type-simple"},"_links":{"self":[{"href":"https:\/\/roveyayinevi.com.tr\/index.php\/wp-json\/wp\/v2\/product\/742070","targetHints":{"allow":["GET"]}}],"collection":[{"href":"https:\/\/roveyayinevi.com.tr\/index.php\/wp-json\/wp\/v2\/product"}],"about":[{"href":"https:\/\/roveyayinevi.com.tr\/index.php\/wp-json\/wp\/v2\/types\/product"}],"wp:attachment":[{"href":"https:\/\/roveyayinevi.com.tr\/index.php\/wp-json\/wp\/v2\/media?parent=742070"}],"wp:term":[{"taxonomy":"product_brand","embeddable":true,"href":"https:\/\/roveyayinevi.com.tr\/index.php\/wp-json\/wp\/v2\/product_brand?post=742070"},{"taxonomy":"product_cat","embeddable":true,"href":"https:\/\/roveyayinevi.com.tr\/index.php\/wp-json\/wp\/v2\/product_cat?post=742070"},{"taxonomy":"product_tag","embeddable":true,"href":"https:\/\/roveyayinevi.com.tr\/index.php\/wp-json\/wp\/v2\/product_tag?post=742070"}],"curies":[{"name":"wp","href":"https:\/\/api.w.org\/{rel}","templated":true}]}}