{"id":742063,"date":"2025-08-28T01:03:26","date_gmt":"2025-08-27T22:03:26","guid":{"rendered":"https:\/\/roveyayinevi.com.tr\/index.php\/urun\/kucuk-isler-buyuk-ozgurlukler\/"},"modified":"2026-04-16T02:53:17","modified_gmt":"2026-04-15T23:53:17","slug":"kucuk-isler-buyuk-ozgurlukler","status":"publish","type":"product","link":"https:\/\/roveyayinevi.com.tr\/index.php\/urun\/kucuk-isler-buyuk-ozgurlukler\/","title":{"rendered":"K\u00fc\u00e7\u00fck \u0130\u015fler B\u00fcy\u00fck \u00d6zg\u00fcrl\u00fckler"},"content":{"rendered":"<p>1.    Para kazanma derdiniz olmasayd\u0131 nas\u0131l bir hayat\u0131n\u0131z olurdu? 2.    Para kazanman\u0131n unutturulmu\u015f s\u0131rr\u0131! 3.    Finansal \u00f6zg\u00fcrl\u00fc\u011f\u00fcn\u00fcz\u00fc ilan etmek ister misiniz?   Eski Roma\u2019da k\u00f6leler \u00e7al\u0131\u015farak \u00f6zg\u00fcrl\u00fcklerini sat\u0131n alabiliyorlard\u0131. Siz de kazand\u0131\u011f\u0131n\u0131z mevcut parayla \u00f6zg\u00fcrl\u00fc\u011f\u00fcn\u00fcz\u00fc sat\u0131n almak istemez misiniz? Finansal \u00f6zg\u00fcrl\u00fc\u011f\u00fcn\u00fcz\u00fc ilan etmek, kendinizi diledi\u011finiz ya\u015fta emekli etmek istemez misiniz? <\/p>\n","protected":false},"excerpt":{"rendered":"<p>1. Para kazanma derdiniz olmasayd\u0131 nas\u0131l bir hayat\u0131n\u0131z olurdu? 2. Para kazanman\u0131n unutturulmu\u015f s\u0131rr\u0131! 3. Finansal \u00f6zg\u00fcrl\u00fc\u011f\u00fcn\u00fcz\u00fc ilan etmek ister misiniz? Eski Roma\u2019da k\u00f6leler \u00e7al\u0131\u015farak \u00f6zg\u00fcrl\u00fcklerini<span class=\"excerpt-hellip\"> [\u2026]<\/span><\/p>\n","protected":false},"featured_media":0,"template":"","meta":{"_monsterinsights_skip_tracking":false,"_monsterinsights_sitenote_active":false,"_monsterinsights_sitenote_note":"","_monsterinsights_sitenote_category":0},"product_brand":[],"product_cat":[20333,13043],"product_tag":[],"class_list":{"0":"post-742063","1":"product","2":"type-product","3":"status-publish","5":"product_cat-diger-ekonomi","6":"product_cat-ekonomi","7":"pa_cilt-ciltsiz","8":"pa_tur-kitap","9":"pa_yayinevi-butik-yayinlari","10":"pa_yazar-mert-basaran","12":"first","13":"instock","14":"sale","15":"shipping-taxable","16":"purchasable","17":"product-type-simple"},"_links":{"self":[{"href":"https:\/\/roveyayinevi.com.tr\/index.php\/wp-json\/wp\/v2\/product\/742063","targetHints":{"allow":["GET"]}}],"collection":[{"href":"https:\/\/roveyayinevi.com.tr\/index.php\/wp-json\/wp\/v2\/product"}],"about":[{"href":"https:\/\/roveyayinevi.com.tr\/index.php\/wp-json\/wp\/v2\/types\/product"}],"wp:attachment":[{"href":"https:\/\/roveyayinevi.com.tr\/index.php\/wp-json\/wp\/v2\/media?parent=742063"}],"wp:term":[{"taxonomy":"product_brand","embeddable":true,"href":"https:\/\/roveyayinevi.com.tr\/index.php\/wp-json\/wp\/v2\/product_brand?post=742063"},{"taxonomy":"product_cat","embeddable":true,"href":"https:\/\/roveyayinevi.com.tr\/index.php\/wp-json\/wp\/v2\/product_cat?post=742063"},{"taxonomy":"product_tag","embeddable":true,"href":"https:\/\/roveyayinevi.com.tr\/index.php\/wp-json\/wp\/v2\/product_tag?post=742063"}],"curies":[{"name":"wp","href":"https:\/\/api.w.org\/{rel}","templated":true}]}}