{"id":742058,"date":"2025-08-28T01:03:19","date_gmt":"2025-08-27T22:03:19","guid":{"rendered":"https:\/\/roveyayinevi.com.tr\/index.php\/urun\/imdat-asik-oldum-3\/"},"modified":"2026-04-16T02:53:17","modified_gmt":"2026-04-15T23:53:17","slug":"imdat-asik-oldum-3","status":"publish","type":"product","link":"https:\/\/roveyayinevi.com.tr\/index.php\/urun\/imdat-asik-oldum-3\/","title":{"rendered":"\u0130mdat A\u015f\u0131k Oldum"},"content":{"rendered":"<p>2010 Y\u0131l\u0131n\u0131n \u015fubat\u0131yd\u0131. Bir g\u00fcn maillerimi a\u00e7t\u0131\u011f\u0131mda, beni \u00e7ok \u015fa\u015f\u0131rtan bir \u00e7a\u011fr\u0131 g\u00f6rd\u00fcm. Mailin \u2018konu\u2019 b\u00f6l\u00fcm\u00fcnde sadece tek kelime yaz\u0131yordu: \u201c\u0130MDAT!\u201d \u201c\u0130mdat!\u201d diye ba\u011f\u0131r\u0131yordu biri. \u201cHocam peri\u015fan\u0131m yard\u0131m eder misiniz?\u201d Yard\u0131m isteyen ki\u015fi, B\u00fc\u015fra adl\u0131 bir k\u0131z \u00f6\u011frenci idi. Ve kelimeler sanki g\u00f6zya\u015flar\u0131yla yaz\u0131lm\u0131\u015ft\u0131. Okudu\u011fum sat\u0131rlar, beni gen\u00e7lik y\u0131llar\u0131ma d\u00f6nd\u00fcr\u00fcverdi: \u201cYarabbi \u0130mdat! Beni kurtar!\u201d diye ba\u011f\u0131rd\u0131m y\u0131llara\u2026 Bana mail atan \u00f6\u011frenci \u00e2\u015f\u0131k oldu\u011funu bildiriyordu. Fakat i\u015fin k\u00f6t\u00fc yan\u0131, k\u0131z hen\u00fcz 17\u2019sinde bile de\u011fildi. Ve g\u00f6n\u00fcl verdi\u011fi \u00e7ocuk alkolikti\u2026 \u00dcstelik de hatalar\u0131ndan pi\u015fmanl\u0131k duymayan ve onlarla adeta gurur duyan birisi\u2026 Elinizdeki kitap, orijinal maillere sad\u0131k kal\u0131narak, B\u00fc\u015fra ile yapt\u0131\u011f\u0131m\u0131z uzun yaz\u0131\u015fmalar\u0131 ve Allah\u2019\u0131n izniyle kurtulu\u015funu anlat\u0131yor.<\/p>\n","protected":false},"excerpt":{"rendered":"<p>2010 Y\u0131l\u0131n\u0131n \u015fubat\u0131yd\u0131. Bir g\u00fcn maillerimi a\u00e7t\u0131\u011f\u0131mda, beni \u00e7ok \u015fa\u015f\u0131rtan bir \u00e7a\u011fr\u0131 g\u00f6rd\u00fcm. Mailin \u2018konu\u2019 b\u00f6l\u00fcm\u00fcnde sadece tek kelime yaz\u0131yordu: \u201c\u0130MDAT!\u201d \u201c\u0130mdat!\u201d diye ba\u011f\u0131r\u0131yordu biri. \u201cHocam<span class=\"excerpt-hellip\"> [\u2026]<\/span><\/p>\n","protected":false},"featured_media":0,"template":"","meta":{"_monsterinsights_skip_tracking":false,"_monsterinsights_sitenote_active":false,"_monsterinsights_sitenote_note":"","_monsterinsights_sitenote_category":0},"product_brand":[],"product_cat":[12291,12711],"product_tag":[],"class_list":{"0":"post-742058","1":"product","2":"type-product","3":"status-publish","5":"product_cat-edebiyat","6":"product_cat-roman-oyku","7":"pa_cilt-ciltsiz","8":"pa_tur-kitap","9":"pa_yayinevi-foliant-yayinlari","10":"pa_yazar-cuneyd-suavi","12":"first","13":"instock","14":"sale","15":"shipping-taxable","16":"purchasable","17":"product-type-simple"},"_links":{"self":[{"href":"https:\/\/roveyayinevi.com.tr\/index.php\/wp-json\/wp\/v2\/product\/742058","targetHints":{"allow":["GET"]}}],"collection":[{"href":"https:\/\/roveyayinevi.com.tr\/index.php\/wp-json\/wp\/v2\/product"}],"about":[{"href":"https:\/\/roveyayinevi.com.tr\/index.php\/wp-json\/wp\/v2\/types\/product"}],"wp:attachment":[{"href":"https:\/\/roveyayinevi.com.tr\/index.php\/wp-json\/wp\/v2\/media?parent=742058"}],"wp:term":[{"taxonomy":"product_brand","embeddable":true,"href":"https:\/\/roveyayinevi.com.tr\/index.php\/wp-json\/wp\/v2\/product_brand?post=742058"},{"taxonomy":"product_cat","embeddable":true,"href":"https:\/\/roveyayinevi.com.tr\/index.php\/wp-json\/wp\/v2\/product_cat?post=742058"},{"taxonomy":"product_tag","embeddable":true,"href":"https:\/\/roveyayinevi.com.tr\/index.php\/wp-json\/wp\/v2\/product_tag?post=742058"}],"curies":[{"name":"wp","href":"https:\/\/api.w.org\/{rel}","templated":true}]}}