{"id":742002,"date":"2025-08-28T01:01:44","date_gmt":"2025-08-27T22:01:44","guid":{"rendered":"https:\/\/roveyayinevi.com.tr\/index.php\/urun\/kendin-kesfet-ses-ve-isik\/"},"modified":"2026-04-15T03:04:03","modified_gmt":"2026-04-15T00:04:03","slug":"kendin-kesfet-ses-ve-isik","status":"publish","type":"product","link":"https:\/\/roveyayinevi.com.tr\/index.php\/urun\/kendin-kesfet-ses-ve-isik\/","title":{"rendered":"Kendin Ke\u015ffet \u2013 Ses Ve I\u015f\u0131k"},"content":{"rendered":"<p>E\u011flendirerek \u00f6\u011freten bu ilgi \u00e7ekici kitapta bilimsel bak\u0131\u015f a\u00e7\u0131n\u0131 geli\u015ftirecek, bilimin her alan\u0131nda konular\u0131 daha kolay \u00f6\u011frenmene ve ba\u015far\u0131l\u0131 olmana yard\u0131mc\u0131 olacak etkinlik ve deneyler yer al\u0131yor. Ses ve I\u015f\u0131k\u2019ta ke\u015ffedeceklerin aras\u0131nda \u2022 F\u0131rt\u0131nan\u0131n ne kadar uzakta oldu\u011funu \u00f6l\u00e7me \u2022 Ay ya da G\u00fcne\u015f tutulmas\u0131n\u0131 taklit etme \u2022 Kendi m\u00fczik enstr\u00fcmanlar\u0131n\u0131 yapma ve daha bir\u00e7ok ilgin\u00e7 konu var. <\/p>\n","protected":false},"excerpt":{"rendered":"<p>E\u011flendirerek \u00f6\u011freten bu ilgi \u00e7ekici kitapta bilimsel bak\u0131\u015f a\u00e7\u0131n\u0131 geli\u015ftirecek, bilimin her alan\u0131nda konular\u0131 daha kolay \u00f6\u011frenmene ve ba\u015far\u0131l\u0131 olmana yard\u0131mc\u0131 olacak etkinlik ve deneyler yer<span class=\"excerpt-hellip\"> [\u2026]<\/span><\/p>\n","protected":false},"featured_media":0,"template":"","meta":{"_monsterinsights_skip_tracking":false,"_monsterinsights_sitenote_active":false,"_monsterinsights_sitenote_note":"","_monsterinsights_sitenote_category":0},"product_brand":[],"product_cat":[12274,15842],"product_tag":[],"class_list":{"0":"post-742002","1":"product","2":"type-product","3":"status-publish","5":"product_cat-cocuk-ve-genclik-kitaplari","6":"product_cat-egitici-kitaplar","7":"pa_cilt-ciltsiz","8":"pa_tur-kitap","9":"pa_yayinevi-is-bankasi-kultur-yayinlari","10":"pa_yazar-is-bankasi-kultur-yayinlari-kolektif","12":"first","13":"instock","14":"sale","15":"shipping-taxable","16":"purchasable","17":"product-type-simple"},"_links":{"self":[{"href":"https:\/\/roveyayinevi.com.tr\/index.php\/wp-json\/wp\/v2\/product\/742002","targetHints":{"allow":["GET"]}}],"collection":[{"href":"https:\/\/roveyayinevi.com.tr\/index.php\/wp-json\/wp\/v2\/product"}],"about":[{"href":"https:\/\/roveyayinevi.com.tr\/index.php\/wp-json\/wp\/v2\/types\/product"}],"wp:attachment":[{"href":"https:\/\/roveyayinevi.com.tr\/index.php\/wp-json\/wp\/v2\/media?parent=742002"}],"wp:term":[{"taxonomy":"product_brand","embeddable":true,"href":"https:\/\/roveyayinevi.com.tr\/index.php\/wp-json\/wp\/v2\/product_brand?post=742002"},{"taxonomy":"product_cat","embeddable":true,"href":"https:\/\/roveyayinevi.com.tr\/index.php\/wp-json\/wp\/v2\/product_cat?post=742002"},{"taxonomy":"product_tag","embeddable":true,"href":"https:\/\/roveyayinevi.com.tr\/index.php\/wp-json\/wp\/v2\/product_tag?post=742002"}],"curies":[{"name":"wp","href":"https:\/\/api.w.org\/{rel}","templated":true}]}}