{"id":741990,"date":"2025-08-28T01:01:28","date_gmt":"2025-08-27T22:01:28","guid":{"rendered":"https:\/\/roveyayinevi.com.tr\/index.php\/urun\/hacilar-yolu\/"},"modified":"2026-04-16T02:53:15","modified_gmt":"2026-04-15T23:53:15","slug":"hacilar-yolu","status":"publish","type":"product","link":"https:\/\/roveyayinevi.com.tr\/index.php\/urun\/hacilar-yolu\/","title":{"rendered":"Hac\u0131lar Yolu"},"content":{"rendered":"<p>Hac\u0131lar Yolu Kitap A\u00e7\u0131klamas\u0131Hac\u0131lar Yolu, a\u015fk ve \u0131rk\u00e7\u0131l\u0131k gibi iki uzak ucu ayn\u0131 merkezde bulu\u015fturmay\u0131 ba\u015faran bir ba\u015fyap\u0131t.\u0130ngiltere\u2019deki hayat\u0131nda a\u015fa\u011f\u0131lanmayla, yoksullukla m\u00fccadele eden Daud, bir yandan da Tanzanya\u2019daki ac\u0131 dolu ge\u00e7mi\u015finin b\u0131rakt\u0131\u011f\u0131 kal\u0131nt\u0131lar\u0131 mercek alt\u0131na al\u0131yor. Hizmetli olarak \u00e7al\u0131\u015ft\u0131\u011f\u0131 hastanede hem\u015fire Catherine\u2019le tan\u0131\u015fmas\u0131yla ve kendini gerilimli bir a\u015fk\u0131n i\u00e7inde bulu\u015fuyla, Daud\u2019un hayat\u0131 yeni bir safhaya ge\u00e7iyor. \u00c7ok az ki\u015finin zihnini b\u00fcsb\u00fct\u00fcn ar\u0131 tutabildi\u011fi ayr\u0131mc\u0131l\u0131k kar\u015f\u0131s\u0131nda \u00e2deta hissizle\u015fiyor Daud, ama yeni direni\u015f y\u00f6ntemlerinin pe\u015fine d\u00fc\u015fmekten de vazge\u00e7miyor.2021\u2019de Nobel Edebiyat \u00d6d\u00fcl\u00fc\u2019n\u00fc kazanan Abdulrazak Gurnah, s\u00f6m\u00fcrgecilik sonras\u0131 edebiyat\u0131n \u00f6zg\u00fcn ustas\u0131 oldu\u011funu bir kez daha kan\u0131tl\u0131yor.\u201cHac\u0131lar Yolu, karakterlerin hik\u00e2yelerini anlat\u0131rken Gurnah\u2019\u0131n kendini nas\u0131l da s\u0131n\u0131rland\u0131rabildi\u011fini g\u00f6steriyor. Yazar, \u2018Yaln\u0131zca g\u00f6ster, anlatma,\u2019 \u015feklindeki o eski edebiyat kural\u0131n\u0131 m\u00fckemmelen uyguluyor.\u201dDebbie Jacob (Tan\u0131t\u0131m B\u00fclteninden)<\/p>\n","protected":false},"excerpt":{"rendered":"<p>Hac\u0131lar Yolu Kitap A\u00e7\u0131klamas\u0131Hac\u0131lar Yolu, a\u015fk ve \u0131rk\u00e7\u0131l\u0131k gibi iki uzak ucu ayn\u0131 merkezde bulu\u015fturmay\u0131 ba\u015faran bir ba\u015fyap\u0131t.\u0130ngiltere\u2019deki hayat\u0131nda a\u015fa\u011f\u0131lanmayla, yoksullukla m\u00fccadele eden Daud, bir yandan<span class=\"excerpt-hellip\"> [\u2026]<\/span><\/p>\n","protected":false},"featured_media":0,"template":"","meta":{"_monsterinsights_skip_tracking":false,"_monsterinsights_sitenote_active":false,"_monsterinsights_sitenote_note":"","_monsterinsights_sitenote_category":0},"product_brand":[],"product_cat":[12291,12711],"product_tag":[],"class_list":{"0":"post-741990","1":"product","2":"type-product","3":"status-publish","5":"product_cat-edebiyat","6":"product_cat-roman-oyku","7":"pa_cilt-ciltsiz","8":"pa_tur-kitap","9":"pa_yayinevi-iletisim-yayinlari","10":"pa_yazar-abdulrazak-gurnah","12":"first","13":"instock","14":"sale","15":"shipping-taxable","16":"purchasable","17":"product-type-simple"},"_links":{"self":[{"href":"https:\/\/roveyayinevi.com.tr\/index.php\/wp-json\/wp\/v2\/product\/741990","targetHints":{"allow":["GET"]}}],"collection":[{"href":"https:\/\/roveyayinevi.com.tr\/index.php\/wp-json\/wp\/v2\/product"}],"about":[{"href":"https:\/\/roveyayinevi.com.tr\/index.php\/wp-json\/wp\/v2\/types\/product"}],"wp:attachment":[{"href":"https:\/\/roveyayinevi.com.tr\/index.php\/wp-json\/wp\/v2\/media?parent=741990"}],"wp:term":[{"taxonomy":"product_brand","embeddable":true,"href":"https:\/\/roveyayinevi.com.tr\/index.php\/wp-json\/wp\/v2\/product_brand?post=741990"},{"taxonomy":"product_cat","embeddable":true,"href":"https:\/\/roveyayinevi.com.tr\/index.php\/wp-json\/wp\/v2\/product_cat?post=741990"},{"taxonomy":"product_tag","embeddable":true,"href":"https:\/\/roveyayinevi.com.tr\/index.php\/wp-json\/wp\/v2\/product_tag?post=741990"}],"curies":[{"name":"wp","href":"https:\/\/api.w.org\/{rel}","templated":true}]}}