{"id":741973,"date":"2025-08-28T01:01:05","date_gmt":"2025-08-27T22:01:05","guid":{"rendered":"https:\/\/roveyayinevi.com.tr\/index.php\/urun\/denizden-gelen-sir\/"},"modified":"2026-04-08T03:01:25","modified_gmt":"2026-04-08T00:01:25","slug":"denizden-gelen-sir","status":"publish","type":"product","link":"https:\/\/roveyayinevi.com.tr\/index.php\/urun\/denizden-gelen-sir\/","title":{"rendered":"Denizden Gelen S\u0131r"},"content":{"rendered":"<p>\u201cSag\u0306\u0131mda tropik bal\u0131klar\u0131n bulundu\u011fu alan\u0131n ayr\u0131lmas\u0131yla iyice anla\u015f\u0131lmaz hale gelen yar\u0131s\u0131 bat\u0131k bambu c\u0327itlerinin gizemli yap\u0131s\u0131na benzer bal\u0131k avlama ipleri, tuhaf bir s\u0327ekilde sanki okyanusun dig\u0306er taraf\u0131na gitmis\u0327go\u0308c\u0327ebe kabileler taraf\u0131ndan sonsuza dek terk edilmis\u0327gibiydi; c\u0327u\u0308nku\u0308 go\u0308ru\u0308n\u00fcrde herhangi bir yerles\u0327im belirtisi yoktu. Solda tas\u0327duvarlar, kuleler ve beton s\u0131g\u0306\u0131naklardan olus\u0327an kal\u0131nt\u0131lar\u0131n bulundug\u0306u verimsiz topraklara sahip bir grup k\u00fc\u00e7\u00fck ada; temelleri denize oturmus\u0327, sag\u0306lam ve dengeli bir s\u0327ekilde ayaklar\u0131m\u0131n alt\u0131nda uzan\u0131yordu. Batmakta olan gu\u0308nes\u0327in \u0131s\u0327\u0131g\u0306\u0131 bile, belli belirsiz dalgalar\u0131n oldug\u0306unu g\u00f6steren hareketli \u0131s\u0327\u0131lt\u0131ya rag\u0306men pu\u0308ru\u0308zsu\u0308zce parlad\u0131. Bar\u0131n d\u0131s\u0327\u0131nda, bizi demir atm\u0131\u015f \u015fekilde b\u0131rakan ro\u0308morkora bakmak ic\u0327in ba\u015f\u0131m\u0131 c\u0327evirdig\u0306imde k\u0131y\u0131n\u0131n du\u0308z c\u0327izgisinin koskoca go\u0308kyu\u0308zu\u0308nu\u0308n alt\u0131nda, yar\u0131 kahverengi yar\u0131 mavi du\u0308z bir seviyede u\u00e7tan uca kusursuz bir \u015fekilde durgun denizle birles\u0327tig\u0306ini go\u0308rdu\u0308m.\u201d<\/p>\n","protected":false},"excerpt":{"rendered":"<p>\u201cSag\u0306\u0131mda tropik bal\u0131klar\u0131n bulundu\u011fu alan\u0131n ayr\u0131lmas\u0131yla iyice anla\u015f\u0131lmaz hale gelen yar\u0131s\u0131 bat\u0131k bambu c\u0327itlerinin gizemli yap\u0131s\u0131na benzer bal\u0131k avlama ipleri, tuhaf bir s\u0327ekilde sanki okyanusun dig\u0306er<span class=\"excerpt-hellip\"> [\u2026]<\/span><\/p>\n","protected":false},"featured_media":0,"template":"","meta":{"_monsterinsights_skip_tracking":false,"_monsterinsights_sitenote_active":false,"_monsterinsights_sitenote_note":"","_monsterinsights_sitenote_category":0},"product_brand":[],"product_cat":[12291,12711],"product_tag":[],"class_list":{"0":"post-741973","1":"product","2":"type-product","3":"status-publish","5":"product_cat-edebiyat","6":"product_cat-roman-oyku","7":"pa_cilt-ciltsiz","8":"pa_tur-kitap","9":"pa_yayinevi-platanus-publishing","10":"pa_yazar-joseph-conrad","12":"first","13":"instock","14":"sale","15":"shipping-taxable","16":"purchasable","17":"product-type-simple"},"_links":{"self":[{"href":"https:\/\/roveyayinevi.com.tr\/index.php\/wp-json\/wp\/v2\/product\/741973","targetHints":{"allow":["GET"]}}],"collection":[{"href":"https:\/\/roveyayinevi.com.tr\/index.php\/wp-json\/wp\/v2\/product"}],"about":[{"href":"https:\/\/roveyayinevi.com.tr\/index.php\/wp-json\/wp\/v2\/types\/product"}],"wp:attachment":[{"href":"https:\/\/roveyayinevi.com.tr\/index.php\/wp-json\/wp\/v2\/media?parent=741973"}],"wp:term":[{"taxonomy":"product_brand","embeddable":true,"href":"https:\/\/roveyayinevi.com.tr\/index.php\/wp-json\/wp\/v2\/product_brand?post=741973"},{"taxonomy":"product_cat","embeddable":true,"href":"https:\/\/roveyayinevi.com.tr\/index.php\/wp-json\/wp\/v2\/product_cat?post=741973"},{"taxonomy":"product_tag","embeddable":true,"href":"https:\/\/roveyayinevi.com.tr\/index.php\/wp-json\/wp\/v2\/product_tag?post=741973"}],"curies":[{"name":"wp","href":"https:\/\/api.w.org\/{rel}","templated":true}]}}