{"id":741940,"date":"2025-08-28T01:00:26","date_gmt":"2025-08-27T22:00:26","guid":{"rendered":"https:\/\/roveyayinevi.com.tr\/index.php\/urun\/tarih-yazimiolu-diller-ve-arkeoloji\/"},"modified":"2026-04-16T02:53:14","modified_gmt":"2026-04-15T23:53:14","slug":"tarih-yazimiolu-diller-ve-arkeoloji","status":"publish","type":"product","link":"https:\/\/roveyayinevi.com.tr\/index.php\/urun\/tarih-yazimiolu-diller-ve-arkeoloji\/","title":{"rendered":"Tarih Yaz\u0131m\u0131,\u00d6l\u00fc Diller Ve Arkeoloji"},"content":{"rendered":"<p>Bu kez \u015fa\u015f\u0131lacak derecede az \u0131nsan\u0131n b\u0131rak\u0131n \u0131\u00e7\u0131ne g\u0131rek u\u011fra\u015fmay\u0131,okudu\u011fu,d\u0131nled\u0131\u011f\u0131,duydu\u011fu,tart\u0131\u015ft\u0131\u011f\u0131,\u0131lg\u0131lend\u0131\u011f\u0131,hatta varl\u0131\u011f\u0131ndan b\u0131le haber\u0131 olmad\u0131\u011f\u0131,ancak ya\u015fad\u0131\u011f\u0131 yer\u0131ne ve duruma g\u00f6re de\u011ferlend\u0131rme ve uygulamada en az Esk\u0131 \u00c7a\u011f b\u0131l\u0131mler\u0131n\u0131n kend\u0131s\u0131 ve \u0131\u00e7er\u0131\u011f\u0131 kadar hassas,\u00f6neml\u0131,de\u011f\u0131\u015f\u0131k,s\u0131ra d\u0131\u015f\u0131 ve dar g\u0131r\u0131f\u0131t ve dall\u0131 budakl\u0131 k\u0131 ara\u015ft\u0131rmac\u0131 \u0131\u015flemey\u0131 tasarlad\u0131\u011f\u0131 konular\u0131 ay\u0131klar,denen konu me\u011fer ne kadar der\u0131n,gen\u0131\u015f kapsaml\u0131,el atmad\u0131\u011f\u0131 alan ve konu olmayan b\u0131r u\u011fra\u015fm\u0131\u015f,d\u0131ye hayretler \u0131\u00e7\u0131nde kal\u0131r.<\/p>\n","protected":false},"excerpt":{"rendered":"<p>Bu kez \u015fa\u015f\u0131lacak derecede az \u0131nsan\u0131n b\u0131rak\u0131n \u0131\u00e7\u0131ne g\u0131rek u\u011fra\u015fmay\u0131,okudu\u011fu,d\u0131nled\u0131\u011f\u0131,duydu\u011fu,tart\u0131\u015ft\u0131\u011f\u0131,\u0131lg\u0131lend\u0131\u011f\u0131,hatta varl\u0131\u011f\u0131ndan b\u0131le haber\u0131 olmad\u0131\u011f\u0131,ancak ya\u015fad\u0131\u011f\u0131 yer\u0131ne ve duruma g\u00f6re de\u011ferlend\u0131rme ve uygulamada en az Esk\u0131 \u00c7a\u011f<span class=\"excerpt-hellip\"> [\u2026]<\/span><\/p>\n","protected":false},"featured_media":0,"template":"","meta":{"_monsterinsights_skip_tracking":false,"_monsterinsights_sitenote_active":false,"_monsterinsights_sitenote_note":"","_monsterinsights_sitenote_category":0},"product_brand":[],"product_cat":[12312,12304],"product_tag":[],"class_list":{"0":"post-741940","1":"product","2":"type-product","3":"status-publish","5":"product_cat-diger","6":"product_cat-tarih","7":"pa_cilt-ciltsiz","8":"pa_tur-kitap","9":"pa_yayinevi-bilgin-kultur-sanat","10":"pa_yazar-ahmet-unal","12":"first","13":"instock","14":"sale","15":"shipping-taxable","16":"purchasable","17":"product-type-simple"},"_links":{"self":[{"href":"https:\/\/roveyayinevi.com.tr\/index.php\/wp-json\/wp\/v2\/product\/741940","targetHints":{"allow":["GET"]}}],"collection":[{"href":"https:\/\/roveyayinevi.com.tr\/index.php\/wp-json\/wp\/v2\/product"}],"about":[{"href":"https:\/\/roveyayinevi.com.tr\/index.php\/wp-json\/wp\/v2\/types\/product"}],"wp:attachment":[{"href":"https:\/\/roveyayinevi.com.tr\/index.php\/wp-json\/wp\/v2\/media?parent=741940"}],"wp:term":[{"taxonomy":"product_brand","embeddable":true,"href":"https:\/\/roveyayinevi.com.tr\/index.php\/wp-json\/wp\/v2\/product_brand?post=741940"},{"taxonomy":"product_cat","embeddable":true,"href":"https:\/\/roveyayinevi.com.tr\/index.php\/wp-json\/wp\/v2\/product_cat?post=741940"},{"taxonomy":"product_tag","embeddable":true,"href":"https:\/\/roveyayinevi.com.tr\/index.php\/wp-json\/wp\/v2\/product_tag?post=741940"}],"curies":[{"name":"wp","href":"https:\/\/api.w.org\/{rel}","templated":true}]}}