{"id":741917,"date":"2025-08-28T00:59:53","date_gmt":"2025-08-27T21:59:53","guid":{"rendered":"https:\/\/roveyayinevi.com.tr\/index.php\/urun\/siircikler\/"},"modified":"2026-04-16T02:53:13","modified_gmt":"2026-04-15T23:53:13","slug":"siircikler","status":"publish","type":"product","link":"https:\/\/roveyayinevi.com.tr\/index.php\/urun\/siircikler\/","title":{"rendered":"\u015eiir\u2019cikler"},"content":{"rendered":"<p>Deniz, derin derin soluyordu G\u00f6\u011fs\u00fcnde ate\u015fi \u00fcfleyen bir k\u00f6r\u00fck vard\u0131 sanki Solu\u011fu, dalga dalga dalgalan\u0131yordu Eyvah! Sonunda deniz de \u00f6lecek demek ki Da\u011f da \u00f6yle Babam da \u00f6yleydi ben \u00e7ocukken Hi\u00e7 \u00f6lmeyecek gibi dururdu! <\/p>\n","protected":false},"excerpt":{"rendered":"<p>Deniz, derin derin soluyordu G\u00f6\u011fs\u00fcnde ate\u015fi \u00fcfleyen bir k\u00f6r\u00fck vard\u0131 sanki Solu\u011fu, dalga dalga dalgalan\u0131yordu Eyvah! Sonunda deniz de \u00f6lecek demek ki Da\u011f da \u00f6yle Babam<span class=\"excerpt-hellip\"> [\u2026]<\/span><\/p>\n","protected":false},"featured_media":0,"template":"","meta":{"_monsterinsights_skip_tracking":false,"_monsterinsights_sitenote_active":false,"_monsterinsights_sitenote_note":"","_monsterinsights_sitenote_category":0},"product_brand":[],"product_cat":[12291,12509],"product_tag":[],"class_list":{"0":"post-741917","1":"product","2":"type-product","3":"status-publish","5":"product_cat-edebiyat","6":"product_cat-siir","7":"pa_cilt-ciltsiz","8":"pa_tur-kitap","9":"pa_yayinevi-sinirsiz-kitap","10":"pa_yazar-ahmet-cuhaci","12":"first","13":"instock","14":"sale","15":"shipping-taxable","16":"purchasable","17":"product-type-simple"},"_links":{"self":[{"href":"https:\/\/roveyayinevi.com.tr\/index.php\/wp-json\/wp\/v2\/product\/741917","targetHints":{"allow":["GET"]}}],"collection":[{"href":"https:\/\/roveyayinevi.com.tr\/index.php\/wp-json\/wp\/v2\/product"}],"about":[{"href":"https:\/\/roveyayinevi.com.tr\/index.php\/wp-json\/wp\/v2\/types\/product"}],"wp:attachment":[{"href":"https:\/\/roveyayinevi.com.tr\/index.php\/wp-json\/wp\/v2\/media?parent=741917"}],"wp:term":[{"taxonomy":"product_brand","embeddable":true,"href":"https:\/\/roveyayinevi.com.tr\/index.php\/wp-json\/wp\/v2\/product_brand?post=741917"},{"taxonomy":"product_cat","embeddable":true,"href":"https:\/\/roveyayinevi.com.tr\/index.php\/wp-json\/wp\/v2\/product_cat?post=741917"},{"taxonomy":"product_tag","embeddable":true,"href":"https:\/\/roveyayinevi.com.tr\/index.php\/wp-json\/wp\/v2\/product_tag?post=741917"}],"curies":[{"name":"wp","href":"https:\/\/api.w.org\/{rel}","templated":true}]}}