{"id":741900,"date":"2025-08-28T00:59:32","date_gmt":"2025-08-27T21:59:32","guid":{"rendered":"https:\/\/roveyayinevi.com.tr\/index.php\/urun\/genclik-guzel-sey\/"},"modified":"2026-02-03T03:07:57","modified_gmt":"2026-02-03T00:07:57","slug":"genclik-guzel-sey","status":"publish","type":"product","link":"https:\/\/roveyayinevi.com.tr\/index.php\/urun\/genclik-guzel-sey\/","title":{"rendered":"Gen\u00e7lik G\u00fczel \u015eey"},"content":{"rendered":"<p>G\u00fcne\u015fe kanan \u00f6\u011frenciler K\u0131rm\u0131z\u0131 Kantin\u2019in etraf\u0131ndaki sandalyeleri ye\u015filliklere yayd\u0131lar, Hasan Efendi camdan g\u00fcl\u00fcmseyerek bak\u0131yor onlara. \u2018Gen\u00e7lik g\u00fczel \u015fey,\u2019 diyor, \u2018hayat, co\u015fku, umut hep sizde.\u2019 Sonra bana d\u00f6n\u00fcyor gazoz kapa\u011f\u0131 gibi a\u00e7\u0131lm\u0131\u015f g\u00f6zleri ne\u015feyle parlarken. Raftaki kavanozu i\u015faret ediyor: \u2018Okulun \u00e7ay\u0131 de\u011fil, kendi paramla ald\u0131m bunu. Arkada\u015flar\u0131na s\u00f6yler misin, sen de gel, yar\u0131n mesai bitiminde bana u\u011fray\u0131p bir \u00e7ay\u0131m\u0131 i\u00e7in, b\u00fct\u00fcn s\u0131n\u0131f.\u2019\u201d \ufffc   \u00dcniversite hayat\u0131, kamp\u00fcs dedikodular\u0131, ilk a\u015fklar\u0131n tatl\u0131 tela\u015flar\u0131\u2026 Ka\u00e7amak \u00f6p\u00fc\u015fler, utanga\u00e7 susu\u015flar\u2026 Burstu krediydi derken ay sonunun zor geldi\u011fi \u00f6\u011frenci evleri, yurtlar\u0131\u2026 Gen\u00e7li\u011fin ate\u015fi, dertleri, gelecek kayg\u0131lar\u0131, heyecanlar\u0131, istekleri, isteksizlikleri\u2026   Gen\u00e7lik G\u00fczel \u015eey, \u00f6\u011frencilere aynaya bak\u0131yormu\u015f gibi hissettirecek, yeti\u015fkinleri de \u00f6\u011frencilik y\u0131llar\u0131na g\u00f6t\u00fcrecek \u00f6yk\u00fclerin kitab\u0131. G\u00fcn\u00fcm\u00fcz T\u00fcrkiyesi\u2019nin ger\u00e7ek\u00e7i bir foto\u011fraf\u0131 ayn\u0131 zamanda\u2026 Ekin Kadir Sel\u00e7uk, farkl\u0131 ya\u015famlara, insanlara, hayvanlara sevgiyle, i\u00e7lerinde sakl\u0131 \u0131\u015f\u0131lt\u0131y\u0131 g\u00f6rme umuduyla bakan, \u00f6\u011frencili\u011fi iyi bilen bir yazar.   O eski \u015fark\u0131 ne diyordu? Gen\u00e7lik ba\u015f\u0131mda duman&#8230; <\/p>\n","protected":false},"excerpt":{"rendered":"<p>G\u00fcne\u015fe kanan \u00f6\u011frenciler K\u0131rm\u0131z\u0131 Kantin\u2019in etraf\u0131ndaki sandalyeleri ye\u015filliklere yayd\u0131lar, Hasan Efendi camdan g\u00fcl\u00fcmseyerek bak\u0131yor onlara. \u2018Gen\u00e7lik g\u00fczel \u015fey,\u2019 diyor, \u2018hayat, co\u015fku, umut hep sizde.\u2019 Sonra bana<span class=\"excerpt-hellip\"> [\u2026]<\/span><\/p>\n","protected":false},"featured_media":0,"template":"","meta":{"_monsterinsights_skip_tracking":false,"_monsterinsights_sitenote_active":false,"_monsterinsights_sitenote_note":"","_monsterinsights_sitenote_category":0},"product_brand":[],"product_cat":[12291,12711],"product_tag":[],"class_list":{"0":"post-741900","1":"product","2":"type-product","3":"status-publish","5":"product_cat-edebiyat","6":"product_cat-roman-oyku","7":"pa_cilt-ciltsiz","8":"pa_tur-kitap","9":"pa_yayinevi-iletisim-yayinlari","10":"pa_yazar-ekin-kadir-selcuk","12":"first","13":"instock","14":"sale","15":"shipping-taxable","16":"purchasable","17":"product-type-simple"},"_links":{"self":[{"href":"https:\/\/roveyayinevi.com.tr\/index.php\/wp-json\/wp\/v2\/product\/741900","targetHints":{"allow":["GET"]}}],"collection":[{"href":"https:\/\/roveyayinevi.com.tr\/index.php\/wp-json\/wp\/v2\/product"}],"about":[{"href":"https:\/\/roveyayinevi.com.tr\/index.php\/wp-json\/wp\/v2\/types\/product"}],"wp:attachment":[{"href":"https:\/\/roveyayinevi.com.tr\/index.php\/wp-json\/wp\/v2\/media?parent=741900"}],"wp:term":[{"taxonomy":"product_brand","embeddable":true,"href":"https:\/\/roveyayinevi.com.tr\/index.php\/wp-json\/wp\/v2\/product_brand?post=741900"},{"taxonomy":"product_cat","embeddable":true,"href":"https:\/\/roveyayinevi.com.tr\/index.php\/wp-json\/wp\/v2\/product_cat?post=741900"},{"taxonomy":"product_tag","embeddable":true,"href":"https:\/\/roveyayinevi.com.tr\/index.php\/wp-json\/wp\/v2\/product_tag?post=741900"}],"curies":[{"name":"wp","href":"https:\/\/api.w.org\/{rel}","templated":true}]}}