{"id":741895,"date":"2025-08-28T00:59:26","date_gmt":"2025-08-27T21:59:26","guid":{"rendered":"https:\/\/roveyayinevi.com.tr\/index.php\/urun\/bitmeyen-kabus\/"},"modified":"2026-04-16T02:53:13","modified_gmt":"2026-04-15T23:53:13","slug":"bitmeyen-kabus","status":"publish","type":"product","link":"https:\/\/roveyayinevi.com.tr\/index.php\/urun\/bitmeyen-kabus\/","title":{"rendered":"Bitmeyen Kabus"},"content":{"rendered":"<p>B\u00fcy\u00fck Buhran&#8217;dan bu yana tarihin en karanl\u0131k tablolardan birini ortaya \u00e7\u0131karan 2008 ekonomik krizinden sorumlu g\u00fc\u00e7lerin ayakta kalabilmesi, hatta s\u00fcre\u00e7ten g\u00fc\u00e7 kazanarak \u00e7\u0131kmas\u0131 nas\u0131l a\u00e7\u0131klanabilir? Krizi yaratan ekonomi politikalar\u0131 nas\u0131l oldu da her zamankinden daha etkili hale geldi?Neoliberalizmi basit bir ekonomik doktrinden fazlas\u0131 olarak g\u00f6ren Christian Laval ve Pierre Dardot&#8217;ya g\u00f6re \u00e7\u0131kar birli\u011fi kuran oligar\u015filerce desteklenen neoliberalizm, varl\u0131\u011f\u0131n\u0131 sald\u0131rganca s\u00fcrd\u00fcrmeye muktedir hakiki bir politik-kurumsal sistemdir. Bir dengesizlik ve karma\u015fa s\u00fcreci olmak \u015f\u00f6yle dursun, kriz etkin bir y\u00f6netim kipine d\u00f6n\u00fc\u015fm\u00fc\u015ft\u00fcr.Dardot ve Laval, Bitmeyen K\u00e2bus&#8217;ta sistemi kristalize ederek; neoliberalizmin krizlere ra\u011fmen de\u011fil, onlardan beslenerek, neden oldu\u011fu en olumsuz sonu\u00e7lar\u0131 yine kendi yarar\u0131na s\u00f6m\u00fcrmesi sayesinde g\u00fc\u00e7lendi\u011fini, neoliberal boyunduru\u011fun demokrasinin tedricen i\u015flevsizle\u015ftirilmesiyle y\u00f6r\u00fcnge de\u011fi\u015fikliklerine nas\u0131l ket vurdu\u011funu fa\u015f eder. Kar\u0131\u015f\u0131kl\u0131\u011f\u0131 ve tasfiyeleri t\u0131rmand\u0131ran &#8220;h\u00fck\u00fcmete gelmi\u015f sol&#8221;un s\u00f6z konusu oligar\u015fik mant\u0131\u011f\u0131 g\u00fc\u00e7lendirmek \u00fczere bilfiil g\u00f6rev alarak demokrasiden nihai \u00e7\u0131k\u0131\u015f ihtimalini art\u0131ran sonu\u00e7lar do\u011furdu\u011funu ise \u00f6rneklerle a\u00e7\u0131klar.K\u00fcresel neoliberal mant\u0131\u011f\u0131 mat etmeye, yeni neoliberalizmin \u00f6zg\u00fcll\u00fc\u011f\u00fcn\u00fc kavramaya ve farkl\u0131 deneylerin akt\u00f6rlerini kapsama g\u00fcc\u00fc olan demokratik ve enternasyonal bir alternatifin in\u015fas\u0131na hizmet eden bu \u00f6n a\u00e7\u0131c\u0131 \u00e7al\u0131\u015fma, T\u00fcrk\u00e7e bask\u0131s\u0131 i\u00e7in kaleme al\u0131nm\u0131\u015f \u00f6ns\u00f6z\u00fcyle&#8230;<\/p>\n","protected":false},"excerpt":{"rendered":"<p>B\u00fcy\u00fck Buhran&#8217;dan bu yana tarihin en karanl\u0131k tablolardan birini ortaya \u00e7\u0131karan 2008 ekonomik krizinden sorumlu g\u00fc\u00e7lerin ayakta kalabilmesi, hatta s\u00fcre\u00e7ten g\u00fc\u00e7 kazanarak \u00e7\u0131kmas\u0131 nas\u0131l a\u00e7\u0131klanabilir? Krizi<span class=\"excerpt-hellip\"> [\u2026]<\/span><\/p>\n","protected":false},"featured_media":0,"template":"","meta":{"_monsterinsights_skip_tracking":false,"_monsterinsights_sitenote_active":false,"_monsterinsights_sitenote_note":"","_monsterinsights_sitenote_category":0},"product_brand":[],"product_cat":[13059,12337],"product_tag":[],"class_list":{"0":"post-741895","1":"product","2":"type-product","3":"status-publish","5":"product_cat-diger-politika-siyaset","6":"product_cat-politika-siyaset","7":"pa_cilt-ciltsiz","8":"pa_tur-kitap","9":"pa_yayinevi-sel-yayincilik","10":"pa_yazar-pierre-dardot-christian-laval","12":"first","13":"instock","14":"sale","15":"shipping-taxable","16":"purchasable","17":"product-type-simple"},"_links":{"self":[{"href":"https:\/\/roveyayinevi.com.tr\/index.php\/wp-json\/wp\/v2\/product\/741895","targetHints":{"allow":["GET"]}}],"collection":[{"href":"https:\/\/roveyayinevi.com.tr\/index.php\/wp-json\/wp\/v2\/product"}],"about":[{"href":"https:\/\/roveyayinevi.com.tr\/index.php\/wp-json\/wp\/v2\/types\/product"}],"wp:attachment":[{"href":"https:\/\/roveyayinevi.com.tr\/index.php\/wp-json\/wp\/v2\/media?parent=741895"}],"wp:term":[{"taxonomy":"product_brand","embeddable":true,"href":"https:\/\/roveyayinevi.com.tr\/index.php\/wp-json\/wp\/v2\/product_brand?post=741895"},{"taxonomy":"product_cat","embeddable":true,"href":"https:\/\/roveyayinevi.com.tr\/index.php\/wp-json\/wp\/v2\/product_cat?post=741895"},{"taxonomy":"product_tag","embeddable":true,"href":"https:\/\/roveyayinevi.com.tr\/index.php\/wp-json\/wp\/v2\/product_tag?post=741895"}],"curies":[{"name":"wp","href":"https:\/\/api.w.org\/{rel}","templated":true}]}}