{"id":741883,"date":"2025-08-28T00:59:09","date_gmt":"2025-08-27T21:59:09","guid":{"rendered":"https:\/\/roveyayinevi.com.tr\/index.php\/urun\/denize-dogru\/"},"modified":"2026-04-08T03:01:07","modified_gmt":"2026-04-08T00:01:07","slug":"denize-dogru","status":"publish","type":"product","link":"https:\/\/roveyayinevi.com.tr\/index.php\/urun\/denize-dogru\/","title":{"rendered":"Denize Do\u011fru"},"content":{"rendered":"<p>\u201cBeyaz kanatl\u0131 ku\u015flar, hep \u00e7\u0131\u011fl\u0131k \u00e7\u0131\u011fl\u0131\u011fa, ba\u015f\u0131m\u0131n \u00fczerinde. \u0130\u00e7imde sonsuz bir sevin\u00e7. Ba\u011f\u0131rmak istiyorum: &#8216;Bo\u015f ver!&#8217; diye ba\u011f\u0131rmak istiyorum, &#8216;Be\u015f liraya da bo\u015f ver!&#8217;\u201d    K\u0131sac\u0131k \u00f6mr\u00fcne s\u0131\u011fd\u0131rd\u0131\u011f\u0131 say\u0131s\u0131z \u015fiiriyle edebiyat\u0131m\u0131z\u0131n k\u00f6\u015fe ta\u015f\u0131 haline gelen Orhan Veli\u2019nin, kendine \u00f6zg\u00fc, yal\u0131n ve ironik \u00fcslubuyla kaleme ald\u0131\u011f\u0131 \u00f6yk\u00fcleri, edebiyat ve sanat hakk\u0131ndaki se\u00e7ilmi\u015f yaz\u0131lar\u0131yla birlikte okurlar\u0131m\u0131za sunuyoruz&#8230; <\/p>\n","protected":false},"excerpt":{"rendered":"<p>\u201cBeyaz kanatl\u0131 ku\u015flar, hep \u00e7\u0131\u011fl\u0131k \u00e7\u0131\u011fl\u0131\u011fa, ba\u015f\u0131m\u0131n \u00fczerinde. \u0130\u00e7imde sonsuz bir sevin\u00e7. Ba\u011f\u0131rmak istiyorum: &#8216;Bo\u015f ver!&#8217; diye ba\u011f\u0131rmak istiyorum, &#8216;Be\u015f liraya da bo\u015f ver!&#8217;\u201d K\u0131sac\u0131k \u00f6mr\u00fcne<span class=\"excerpt-hellip\"> [\u2026]<\/span><\/p>\n","protected":false},"featured_media":0,"template":"","meta":{"_monsterinsights_skip_tracking":false,"_monsterinsights_sitenote_active":false,"_monsterinsights_sitenote_note":"","_monsterinsights_sitenote_category":0},"product_brand":[],"product_cat":[12291,12711],"product_tag":[],"class_list":{"0":"post-741883","1":"product","2":"type-product","3":"status-publish","5":"product_cat-edebiyat","6":"product_cat-roman-oyku","7":"pa_cilt-ciltsiz","8":"pa_tur-kitap","9":"pa_yayinevi-telgrafhane-yayinlari","10":"pa_yazar-orhan-veli","12":"first","13":"instock","14":"sale","15":"shipping-taxable","16":"purchasable","17":"product-type-simple"},"_links":{"self":[{"href":"https:\/\/roveyayinevi.com.tr\/index.php\/wp-json\/wp\/v2\/product\/741883","targetHints":{"allow":["GET"]}}],"collection":[{"href":"https:\/\/roveyayinevi.com.tr\/index.php\/wp-json\/wp\/v2\/product"}],"about":[{"href":"https:\/\/roveyayinevi.com.tr\/index.php\/wp-json\/wp\/v2\/types\/product"}],"wp:attachment":[{"href":"https:\/\/roveyayinevi.com.tr\/index.php\/wp-json\/wp\/v2\/media?parent=741883"}],"wp:term":[{"taxonomy":"product_brand","embeddable":true,"href":"https:\/\/roveyayinevi.com.tr\/index.php\/wp-json\/wp\/v2\/product_brand?post=741883"},{"taxonomy":"product_cat","embeddable":true,"href":"https:\/\/roveyayinevi.com.tr\/index.php\/wp-json\/wp\/v2\/product_cat?post=741883"},{"taxonomy":"product_tag","embeddable":true,"href":"https:\/\/roveyayinevi.com.tr\/index.php\/wp-json\/wp\/v2\/product_tag?post=741883"}],"curies":[{"name":"wp","href":"https:\/\/api.w.org\/{rel}","templated":true}]}}