{"id":741880,"date":"2025-08-28T00:59:05","date_gmt":"2025-08-27T21:59:05","guid":{"rendered":"https:\/\/roveyayinevi.com.tr\/index.php\/urun\/telgraftan-tablete\/"},"modified":"2026-04-16T02:52:57","modified_gmt":"2026-04-15T23:52:57","slug":"telgraftan-tablete","status":"publish","type":"product","link":"https:\/\/roveyayinevi.com.tr\/index.php\/urun\/telgraftan-tablete\/","title":{"rendered":"Telgraftan Tablete"},"content":{"rendered":"<p>Evrim Kuran, uzun y\u0131llard\u0131r s\u00fcrd\u00fcrd\u00fc\u011f\u00fc ku\u015fak \u00e7al\u0131\u015fmalar\u0131nda edindi\u011fi bilgi birikimi ve deneyimle T\u00fcrkiye\u2019nin be\u015f ku\u015fa\u011f\u0131na bak\u0131yor, bizi bir zaman t\u00fcnelinden ge\u00e7irerek ya\u015fanan de\u011fi\u015fimlere ayna tutuyor.   Cumhuriyet, an itibar\u0131yla be\u015finci nesli olan Z ku\u015fa\u011f\u0131n\u0131 yeti\u015ftiriyor. Bug\u00fcn \u00fc\u00e7 ku\u015fakl\u0131 \u015firketlerimiz var ve bir yandan kural+sonu\u00e7+s\u00fcre\u00e7 kodlar\u0131n\u0131 tek potada eriterek ortak bir dil yaratmaya \u00e7al\u0131\u015f\u0131yor, bir yandan da 2000\u2019den sonra do\u011fan \u00e7ocuklar\u0131m\u0131z\u0131, Z ku\u015fa\u011f\u0131n\u0131 ya\u015fama haz\u0131rl\u0131yoruz. Mozai\u011fe her ad\u0131mda yeni bir renk ve yeni bir doku daha ekleniyor.   Benim i\u00e7in bir ku\u015fa\u011f\u0131 anlamak suya at\u0131lan ta\u015f gibi; etkisi dalga dalga b\u00fcy\u00fcyerek ya\u015fama, ge\u00e7mi\u015fe ve gelece\u011fe dair m\u00fcthi\u015f bir kavray\u0131\u015f sa\u011fl\u0131yor; ho\u015fg\u00f6r\u00fc s\u0131n\u0131rlar\u0131m\u0131 geni\u015fletiyor; zaman\u0131n ruhuna yakla\u015ft\u0131r\u0131yor ve her ad\u0131mda, yarg\u0131layan de\u011fil \u00f6\u011frenen olmaya y\u00f6nlendiriyor. \u00c7\u00fcnk\u00fc bir \u00c7in atas\u00f6z\u00fcnde de s\u00f6ylendi\u011fi gibi: \u201cBir ku\u015fa\u011f\u0131n dikti\u011fi a\u011fac\u0131n g\u00f6lgesinde \u00f6teki ku\u015faklar serinler.\u201d   Evrim Kuran   <\/p>\n","protected":false},"excerpt":{"rendered":"<p>Evrim Kuran, uzun y\u0131llard\u0131r s\u00fcrd\u00fcrd\u00fc\u011f\u00fc ku\u015fak \u00e7al\u0131\u015fmalar\u0131nda edindi\u011fi bilgi birikimi ve deneyimle T\u00fcrkiye\u2019nin be\u015f ku\u015fa\u011f\u0131na bak\u0131yor, bizi bir zaman t\u00fcnelinden ge\u00e7irerek ya\u015fanan de\u011fi\u015fimlere ayna tutuyor. Cumhuriyet,<span class=\"excerpt-hellip\"> [\u2026]<\/span><\/p>\n","protected":false},"featured_media":0,"template":"","meta":{"_monsterinsights_skip_tracking":false,"_monsterinsights_sitenote_active":false,"_monsterinsights_sitenote_note":"","_monsterinsights_sitenote_category":0},"product_brand":[],"product_cat":[13059,12337],"product_tag":[],"class_list":{"0":"post-741880","1":"product","2":"type-product","3":"status-publish","5":"product_cat-diger-politika-siyaset","6":"product_cat-politika-siyaset","7":"pa_cilt-ciltsiz","8":"pa_tur-kitap","9":"pa_yayinevi-mundi","10":"pa_yazar-evrim-kuran","12":"first","13":"instock","14":"sale","15":"shipping-taxable","16":"purchasable","17":"product-type-simple"},"_links":{"self":[{"href":"https:\/\/roveyayinevi.com.tr\/index.php\/wp-json\/wp\/v2\/product\/741880","targetHints":{"allow":["GET"]}}],"collection":[{"href":"https:\/\/roveyayinevi.com.tr\/index.php\/wp-json\/wp\/v2\/product"}],"about":[{"href":"https:\/\/roveyayinevi.com.tr\/index.php\/wp-json\/wp\/v2\/types\/product"}],"wp:attachment":[{"href":"https:\/\/roveyayinevi.com.tr\/index.php\/wp-json\/wp\/v2\/media?parent=741880"}],"wp:term":[{"taxonomy":"product_brand","embeddable":true,"href":"https:\/\/roveyayinevi.com.tr\/index.php\/wp-json\/wp\/v2\/product_brand?post=741880"},{"taxonomy":"product_cat","embeddable":true,"href":"https:\/\/roveyayinevi.com.tr\/index.php\/wp-json\/wp\/v2\/product_cat?post=741880"},{"taxonomy":"product_tag","embeddable":true,"href":"https:\/\/roveyayinevi.com.tr\/index.php\/wp-json\/wp\/v2\/product_tag?post=741880"}],"curies":[{"name":"wp","href":"https:\/\/api.w.org\/{rel}","templated":true}]}}