{"id":741857,"date":"2025-08-28T00:58:34","date_gmt":"2025-08-27T21:58:34","guid":{"rendered":"https:\/\/roveyayinevi.com.tr\/index.php\/urun\/mimar-sinanin-kayip-kafatasi\/"},"modified":"2026-04-16T02:52:56","modified_gmt":"2026-04-15T23:52:56","slug":"mimar-sinanin-kayip-kafatasi","status":"publish","type":"product","link":"https:\/\/roveyayinevi.com.tr\/index.php\/urun\/mimar-sinanin-kayip-kafatasi\/","title":{"rendered":"Mimar Sinan&#8217;\u0131n Kay\u0131p Kafatas\u0131"},"content":{"rendered":"<p>Tarihler 1935\u2019i g\u00f6sterirken, Mustafa Kemal Atat\u00fcrk\u2019\u00fcn de izniyle, T\u00fcrk Tarihi Ara\u015ft\u0131rma Cemiyeti\u2019nden \u00fc\u00e7 uzman Mimar Sinan\u2019\u0131n mezar\u0131n\u0131 a\u00e7\u0131p kafatas\u0131n\u0131 incelemek ve \u00f6l\u00e7\u00fclerini tespit edip Mimar Sinan\u2019\u0131n T\u00fcrk oldu\u011funu ispatlamak i\u00e7in t\u00fcrbenin \u00f6n\u00fcnde bir araya gelmi\u015fti. Y\u00fczy\u0131llar \u00f6nce kapanan bu mezar bilimsel bir ara\u015ft\u0131rma i\u00e7in a\u00e7\u0131lacakt\u0131; ama bundan daha heyecan verici olan \u015feyse d\u00fcnya mimarl\u0131\u011f\u0131na damga vuran, Osmanl\u0131\u2019n\u0131n en \u00f6nemli \u015fahsiyetlerinden birisinin kafatas\u0131n\u0131n g\u00fcn y\u00fcz\u00fcne \u00e7\u0131kmas\u0131 olacakt\u0131.\u201dD\u00f6nem gazeteleri Mimar Sinan\u2019\u0131n kafatas\u0131n\u0131n mezar\u0131ndan \u00e7\u0131kar\u0131l\u0131p \u00f6l\u00e7\u00fcld\u00fc\u011f\u00fcn\u00fc ve b\u00fcy\u00fck mimar\u0131n yaln\u0131z k\u00fclt\u00fcr de\u011fil, k\u00f6keni itibar\u0131yla da T\u00fcrk oldu\u011funun ispat edildi\u011fini duyurmu\u015ftu.Fakat o g\u00fcn gazete haberlerine yans\u0131mayan ba\u015fka \u015feyler de ya\u015fanm\u0131\u015ft\u0131.Bug\u00fcn ya\u015fanacaklar ise sadece gelece\u011fi de\u011fil ge\u00e7mi\u015fi de de\u011fi\u015ftirecekti\u2026Hakan S\u00f6kmen, ilk roman\u0131 Mimar Sinan\u2019\u0131n Kay\u0131p Kafatas\u0131\u2019yla okuru mitolojik \u00f6gelerle bezenmi\u015f, gizemli olaylar\u0131n ve komplolar\u0131n eksik olmad\u0131\u011f\u0131, gerilim dolu heyecanl\u0131 kovalamacalar\u0131n hi\u00e7 bitmedi\u011fi, g\u00fcn\u00fcm\u00fczden ge\u00e7mi\u015fe uzanan tarih\u00ee bir maceraya davet ediyor. <\/p>\n","protected":false},"excerpt":{"rendered":"<p>Tarihler 1935\u2019i g\u00f6sterirken, Mustafa Kemal Atat\u00fcrk\u2019\u00fcn de izniyle, T\u00fcrk Tarihi Ara\u015ft\u0131rma Cemiyeti\u2019nden \u00fc\u00e7 uzman Mimar Sinan\u2019\u0131n mezar\u0131n\u0131 a\u00e7\u0131p kafatas\u0131n\u0131 incelemek ve \u00f6l\u00e7\u00fclerini tespit edip Mimar Sinan\u2019\u0131n<span class=\"excerpt-hellip\"> [\u2026]<\/span><\/p>\n","protected":false},"featured_media":0,"template":"","meta":{"_monsterinsights_skip_tracking":false,"_monsterinsights_sitenote_active":false,"_monsterinsights_sitenote_note":"","_monsterinsights_sitenote_category":0},"product_brand":[],"product_cat":[12291,12711],"product_tag":[],"class_list":{"0":"post-741857","1":"product","2":"type-product","3":"status-publish","5":"product_cat-edebiyat","6":"product_cat-roman-oyku","7":"pa_cilt-ciltsiz","8":"pa_tur-kitap","9":"pa_yayinevi-timas-yayinlari","10":"pa_yazar-hakan-sokmen","12":"first","13":"instock","14":"sale","15":"shipping-taxable","16":"purchasable","17":"product-type-simple"},"_links":{"self":[{"href":"https:\/\/roveyayinevi.com.tr\/index.php\/wp-json\/wp\/v2\/product\/741857","targetHints":{"allow":["GET"]}}],"collection":[{"href":"https:\/\/roveyayinevi.com.tr\/index.php\/wp-json\/wp\/v2\/product"}],"about":[{"href":"https:\/\/roveyayinevi.com.tr\/index.php\/wp-json\/wp\/v2\/types\/product"}],"wp:attachment":[{"href":"https:\/\/roveyayinevi.com.tr\/index.php\/wp-json\/wp\/v2\/media?parent=741857"}],"wp:term":[{"taxonomy":"product_brand","embeddable":true,"href":"https:\/\/roveyayinevi.com.tr\/index.php\/wp-json\/wp\/v2\/product_brand?post=741857"},{"taxonomy":"product_cat","embeddable":true,"href":"https:\/\/roveyayinevi.com.tr\/index.php\/wp-json\/wp\/v2\/product_cat?post=741857"},{"taxonomy":"product_tag","embeddable":true,"href":"https:\/\/roveyayinevi.com.tr\/index.php\/wp-json\/wp\/v2\/product_tag?post=741857"}],"curies":[{"name":"wp","href":"https:\/\/api.w.org\/{rel}","templated":true}]}}