{"id":741852,"date":"2025-08-28T00:58:28","date_gmt":"2025-08-27T21:58:28","guid":{"rendered":"https:\/\/roveyayinevi.com.tr\/index.php\/urun\/vatan-kokusu\/"},"modified":"2026-04-16T02:52:56","modified_gmt":"2026-04-15T23:52:56","slug":"vatan-kokusu","status":"publish","type":"product","link":"https:\/\/roveyayinevi.com.tr\/index.php\/urun\/vatan-kokusu\/","title":{"rendered":"Vatan Kokusu"},"content":{"rendered":"<p>Bu kitapta, yazd\u0131\u011f\u0131m veya haz\u0131rlad\u0131\u011f\u0131m metinlerden se\u00e7meler yer almaktad\u0131r. T\u00fcrk \u00e7ocuklar\u0131na dilini, tarihini, vatan\u0131n\u0131, milletini ve bayra\u011f\u0131n\u0131 sevdirmenin ara\u00e7lar\u0131ndan biridir \u015fiir. Ezberlenmi\u015f veya \u00fcst\u00fcnde yeteri kadar al\u0131\u015ft\u0131rma yap\u0131lm\u0131\u015f \u015fiirleri oratoryo \u015feklinde seslendirmenin \u00f6\u011frenciler \u00fczerindeki olumlu etkisini ke\u015ffettikten sonra her etkinlikte daha fazla \u00f6\u011frencimizin kat\u0131ld\u0131\u011f\u0131 programlar yapmaya ba\u015flad\u0131m. <\/p>\n","protected":false},"excerpt":{"rendered":"<p>Bu kitapta, yazd\u0131\u011f\u0131m veya haz\u0131rlad\u0131\u011f\u0131m metinlerden se\u00e7meler yer almaktad\u0131r. T\u00fcrk \u00e7ocuklar\u0131na dilini, tarihini, vatan\u0131n\u0131, milletini ve bayra\u011f\u0131n\u0131 sevdirmenin ara\u00e7lar\u0131ndan biridir \u015fiir. Ezberlenmi\u015f veya \u00fcst\u00fcnde yeteri kadar<span class=\"excerpt-hellip\"> [\u2026]<\/span><\/p>\n","protected":false},"featured_media":0,"template":"","meta":{"_monsterinsights_skip_tracking":false,"_monsterinsights_sitenote_active":false,"_monsterinsights_sitenote_note":"","_monsterinsights_sitenote_category":0},"product_brand":[],"product_cat":[12291,12509],"product_tag":[],"class_list":{"0":"post-741852","1":"product","2":"type-product","3":"status-publish","5":"product_cat-edebiyat","6":"product_cat-siir","7":"pa_cilt-ciltsiz","8":"pa_tur-kitap","9":"pa_yayinevi-karina-yayinevi","10":"pa_yazar-abdullah-dede","12":"first","13":"instock","14":"sale","15":"shipping-taxable","16":"purchasable","17":"product-type-simple"},"_links":{"self":[{"href":"https:\/\/roveyayinevi.com.tr\/index.php\/wp-json\/wp\/v2\/product\/741852","targetHints":{"allow":["GET"]}}],"collection":[{"href":"https:\/\/roveyayinevi.com.tr\/index.php\/wp-json\/wp\/v2\/product"}],"about":[{"href":"https:\/\/roveyayinevi.com.tr\/index.php\/wp-json\/wp\/v2\/types\/product"}],"wp:attachment":[{"href":"https:\/\/roveyayinevi.com.tr\/index.php\/wp-json\/wp\/v2\/media?parent=741852"}],"wp:term":[{"taxonomy":"product_brand","embeddable":true,"href":"https:\/\/roveyayinevi.com.tr\/index.php\/wp-json\/wp\/v2\/product_brand?post=741852"},{"taxonomy":"product_cat","embeddable":true,"href":"https:\/\/roveyayinevi.com.tr\/index.php\/wp-json\/wp\/v2\/product_cat?post=741852"},{"taxonomy":"product_tag","embeddable":true,"href":"https:\/\/roveyayinevi.com.tr\/index.php\/wp-json\/wp\/v2\/product_tag?post=741852"}],"curies":[{"name":"wp","href":"https:\/\/api.w.org\/{rel}","templated":true}]}}