{"id":741850,"date":"2025-08-28T00:58:25","date_gmt":"2025-08-27T21:58:25","guid":{"rendered":"https:\/\/roveyayinevi.com.tr\/index.php\/urun\/dedemin-emine-turkusu-veya-saksida-narcicegi\/"},"modified":"2026-04-08T03:01:06","modified_gmt":"2026-04-08T00:01:06","slug":"dedemin-emine-turkusu-veya-saksida-narcicegi","status":"publish","type":"product","link":"https:\/\/roveyayinevi.com.tr\/index.php\/urun\/dedemin-emine-turkusu-veya-saksida-narcicegi\/","title":{"rendered":"Dedemin Emine T\u00fcrk\u00fcs\u00fc Veya  Saks\u0131da Nar\u00e7i\u00e7e\u011fi"},"content":{"rendered":"<p>Bu kitaptaki 21 hik\u00e2yeden sadece birinin do\u011frudan d\u0131\u015f\u0131ndad\u0131r yazar. Hepsi yar\u0131na giden yolda birebir ya\u015fanm\u0131\u015f hik\u00e2yelerdir. (Yan\u0131k Ka\u015f, aile b\u00fcy\u00fcklerinden Mehmet \u00c7avu\u015f\u2019a ait efsanedir.) <\/p>\n","protected":false},"excerpt":{"rendered":"<p>Bu kitaptaki 21 hik\u00e2yeden sadece birinin do\u011frudan d\u0131\u015f\u0131ndad\u0131r yazar. Hepsi yar\u0131na giden yolda birebir ya\u015fanm\u0131\u015f hik\u00e2yelerdir. (Yan\u0131k Ka\u015f, aile b\u00fcy\u00fcklerinden Mehmet \u00c7avu\u015f\u2019a ait efsanedir.)<\/p>\n","protected":false},"featured_media":0,"template":"","meta":{"_monsterinsights_skip_tracking":false,"_monsterinsights_sitenote_active":false,"_monsterinsights_sitenote_note":"","_monsterinsights_sitenote_category":0},"product_brand":[],"product_cat":[12291,12711],"product_tag":[],"class_list":{"0":"post-741850","1":"product","2":"type-product","3":"status-publish","5":"product_cat-edebiyat","6":"product_cat-roman-oyku","7":"pa_cilt-ciltsiz","8":"pa_tur-kitap","9":"pa_yayinevi-karina-yayinevi","10":"pa_yazar-abdullah-dede","12":"first","13":"instock","14":"sale","15":"shipping-taxable","16":"purchasable","17":"product-type-simple"},"_links":{"self":[{"href":"https:\/\/roveyayinevi.com.tr\/index.php\/wp-json\/wp\/v2\/product\/741850","targetHints":{"allow":["GET"]}}],"collection":[{"href":"https:\/\/roveyayinevi.com.tr\/index.php\/wp-json\/wp\/v2\/product"}],"about":[{"href":"https:\/\/roveyayinevi.com.tr\/index.php\/wp-json\/wp\/v2\/types\/product"}],"wp:attachment":[{"href":"https:\/\/roveyayinevi.com.tr\/index.php\/wp-json\/wp\/v2\/media?parent=741850"}],"wp:term":[{"taxonomy":"product_brand","embeddable":true,"href":"https:\/\/roveyayinevi.com.tr\/index.php\/wp-json\/wp\/v2\/product_brand?post=741850"},{"taxonomy":"product_cat","embeddable":true,"href":"https:\/\/roveyayinevi.com.tr\/index.php\/wp-json\/wp\/v2\/product_cat?post=741850"},{"taxonomy":"product_tag","embeddable":true,"href":"https:\/\/roveyayinevi.com.tr\/index.php\/wp-json\/wp\/v2\/product_tag?post=741850"}],"curies":[{"name":"wp","href":"https:\/\/api.w.org\/{rel}","templated":true}]}}