{"id":741849,"date":"2025-08-28T00:58:24","date_gmt":"2025-08-27T21:58:24","guid":{"rendered":"https:\/\/roveyayinevi.com.tr\/index.php\/urun\/sihirli-agac-evi-cizgi-roman-1-dinozorlar-vadisinde\/"},"modified":"2026-04-16T02:52:56","modified_gmt":"2026-04-15T23:52:56","slug":"sihirli-agac-evi-cizgi-roman-1-dinozorlar-vadisinde","status":"publish","type":"product","link":"https:\/\/roveyayinevi.com.tr\/index.php\/urun\/sihirli-agac-evi-cizgi-roman-1-dinozorlar-vadisinde\/","title":{"rendered":"Sihirli A\u011fa\u00e7 Evi -\u00c7izgi Roman- 1: Dinozorlar Vadisinde"},"content":{"rendered":"<p>D\u00fcnya \u00e7ocuklar\u0131n\u0131n sevgilisi Sihirli A\u011fa\u00e7 Evi \u015fimdi \u00e7izgi roman!   ORMANDA G\u0130ZEML\u0130 VE S\u0130H\u0130RL\u0130 B\u0130R A\u011eA\u00c7 EV\u0130 VAR&#8230;   Tim ve Lea tesad\u00fcfen bir a\u011fa\u00e7 evi ke\u015ffediyorlar. Buran\u0131n kime ait oldu\u011funa dair bir fikirleri yok. Tek bildikleri, i\u00e7erisinin kitaplarla dolu oldu\u011fu&#8230; Hem de sihirli kitaplarla! A\u011fa\u00e7 evi, bir anda iki karde\u015fi tarih \u00f6ncesi \u00e7a\u011flara u\u00e7uruveriyor! Hem sevimli hem korkutucu dinozorlarla dolu bu topraklardan eve d\u00f6nmenin yolunu bulabilecekler mi? Yoksa etobur bir dinozorun ak\u015fam yeme\u011fi mi olacaklar?   Sihirli A\u011fa\u00e7 Evi serisi hakk\u0131nda: K\u00fc\u00e7\u00fck okurlar\u0131 hem okuma keyfi hem de tarihteki farkl\u0131 k\u00fclt\u00fcrlerle tan\u0131\u015ft\u0131ran Sihirli A\u011fa\u00e7 Evi serisi bu y\u00f6n\u00fcyle sadece d\u00fcnyan\u0131n d\u00f6rt bir yan\u0131ndaki \u00e7ocuklar\u0131n de\u011fil, anne babalar ve e\u011fitimcilerin de g\u00f6zdesi oldu.    New York Times \u00e7oksatanlar listesinde bir numaraya kadar \u00e7\u0131k\u0131p be\u015f y\u0131ldan uzun bir s\u00fcre bu listede kalmay\u0131 ba\u015faran, 33 dilde 130 milyondan fazla satan bu \u00f6d\u00fcll\u00fc seri, \u015fimdi rengarenk ve soluksuz okutan \u00e7izimleriyle \u00e7izgi roman format\u0131nda okurunun kar\u015f\u0131s\u0131nda. <\/p>\n","protected":false},"excerpt":{"rendered":"<p>D\u00fcnya \u00e7ocuklar\u0131n\u0131n sevgilisi Sihirli A\u011fa\u00e7 Evi \u015fimdi \u00e7izgi roman! ORMANDA G\u0130ZEML\u0130 VE S\u0130H\u0130RL\u0130 B\u0130R A\u011eA\u00c7 EV\u0130 VAR&#8230; Tim ve Lea tesad\u00fcfen bir a\u011fa\u00e7 evi ke\u015ffediyorlar. Buran\u0131n<span class=\"excerpt-hellip\"> [\u2026]<\/span><\/p>\n","protected":false},"featured_media":0,"template":"","meta":{"_monsterinsights_skip_tracking":false,"_monsterinsights_sitenote_active":false,"_monsterinsights_sitenote_note":"","_monsterinsights_sitenote_category":0},"product_brand":[],"product_cat":[12689,12274],"product_tag":[],"class_list":{"0":"post-741849","1":"product","2":"type-product","3":"status-publish","5":"product_cat-cizgi-roman-cocuk-ve-genclik-kitaplari","6":"product_cat-cocuk-ve-genclik-kitaplari","7":"pa_cilt-ciltsiz","8":"pa_tur-kitap","9":"pa_yayinevi-domingo-yayinevi","10":"pa_yazar-mary-pope-osborne","12":"first","13":"instock","14":"sale","15":"shipping-taxable","16":"purchasable","17":"product-type-simple"},"_links":{"self":[{"href":"https:\/\/roveyayinevi.com.tr\/index.php\/wp-json\/wp\/v2\/product\/741849","targetHints":{"allow":["GET"]}}],"collection":[{"href":"https:\/\/roveyayinevi.com.tr\/index.php\/wp-json\/wp\/v2\/product"}],"about":[{"href":"https:\/\/roveyayinevi.com.tr\/index.php\/wp-json\/wp\/v2\/types\/product"}],"wp:attachment":[{"href":"https:\/\/roveyayinevi.com.tr\/index.php\/wp-json\/wp\/v2\/media?parent=741849"}],"wp:term":[{"taxonomy":"product_brand","embeddable":true,"href":"https:\/\/roveyayinevi.com.tr\/index.php\/wp-json\/wp\/v2\/product_brand?post=741849"},{"taxonomy":"product_cat","embeddable":true,"href":"https:\/\/roveyayinevi.com.tr\/index.php\/wp-json\/wp\/v2\/product_cat?post=741849"},{"taxonomy":"product_tag","embeddable":true,"href":"https:\/\/roveyayinevi.com.tr\/index.php\/wp-json\/wp\/v2\/product_tag?post=741849"}],"curies":[{"name":"wp","href":"https:\/\/api.w.org\/{rel}","templated":true}]}}