{"id":741848,"date":"2025-08-28T00:58:22","date_gmt":"2025-08-27T21:58:22","guid":{"rendered":"https:\/\/roveyayinevi.com.tr\/index.php\/urun\/dar-kapi-4\/"},"modified":"2026-04-16T02:52:56","modified_gmt":"2026-04-15T23:52:56","slug":"dar-kapi-4","status":"publish","type":"product","link":"https:\/\/roveyayinevi.com.tr\/index.php\/urun\/dar-kapi-4\/","title":{"rendered":"Dar Kap\u0131"},"content":{"rendered":"<p>\u201cDar kap\u0131dan girmeye gayret edin.\u201d Erdemli bir hayata giden yol ne kadar zorludur? Andr\u00e9 Gide\u2019in \u00e7oktan bir klasik h\u00e2line gelmi\u015f eseri   Dar Kap\u0131\u2026 Erdemin pe\u015finde sab\u0131rla \u00f6r\u00fclm\u00fc\u015f \u00e7arp\u0131c\u0131 bir anlat\u0131\u2026 \u0130stek ve bekleyi\u015fin \u00e7atall\u0131 yolunda ayr\u0131l\u0131k ta\u015flar\u0131yla d\u00f6\u015fenmi\u015f \u00e7etin bir hik\u00e2ye. Kimi Jerome gibi a\u015fk\u0131n\u0131 en b\u00fcy\u00fck erdem olarak g\u00f6r\u00fcp onu ya\u015fatmak i\u00e7in her \u015feyi yapar kimi de Alissa gibi ger\u00e7ek erdemin a\u015fktan \u00fcst\u00fcn oldu\u011funu ve her t\u00fcrl\u00fc d\u00fcnyevilikten ar\u0131nmas\u0131 gerekti\u011fini d\u00fc\u015f\u00fcn\u00fcr. Y\u00fcr\u00fcyene g\u00f6re izi, menzili, duraklar\u0131 beliren bir yoldur asl\u0131nda bu. Nobel \u00f6d\u00fcll\u00fc Andr\u00e9 Gide, a\u015fk ve trajedi gelgitinde bir inan\u00e7 dili de geli\u015ftirir. \u201cHerkes Tanr\u0131\u2019ya tek ba\u015f\u0131na ula\u015fmal\u0131.\u201d <\/p>\n","protected":false},"excerpt":{"rendered":"<p>\u201cDar kap\u0131dan girmeye gayret edin.\u201d Erdemli bir hayata giden yol ne kadar zorludur? Andr\u00e9 Gide\u2019in \u00e7oktan bir klasik h\u00e2line gelmi\u015f eseri Dar Kap\u0131\u2026 Erdemin pe\u015finde sab\u0131rla<span class=\"excerpt-hellip\"> [\u2026]<\/span><\/p>\n","protected":false},"featured_media":0,"template":"","meta":{"_monsterinsights_skip_tracking":false,"_monsterinsights_sitenote_active":false,"_monsterinsights_sitenote_note":"","_monsterinsights_sitenote_category":0},"product_brand":[],"product_cat":[12291,13872],"product_tag":[],"class_list":{"0":"post-741848","1":"product","2":"type-product","3":"status-publish","5":"product_cat-edebiyat","6":"product_cat-klasikler","7":"pa_cilt-ciltsiz","8":"pa_tur-kitap","9":"pa_yayinevi-kapi-yayinlari","10":"pa_yazar-andre-gide","12":"first","13":"instock","14":"sale","15":"shipping-taxable","16":"purchasable","17":"product-type-simple"},"_links":{"self":[{"href":"https:\/\/roveyayinevi.com.tr\/index.php\/wp-json\/wp\/v2\/product\/741848","targetHints":{"allow":["GET"]}}],"collection":[{"href":"https:\/\/roveyayinevi.com.tr\/index.php\/wp-json\/wp\/v2\/product"}],"about":[{"href":"https:\/\/roveyayinevi.com.tr\/index.php\/wp-json\/wp\/v2\/types\/product"}],"wp:attachment":[{"href":"https:\/\/roveyayinevi.com.tr\/index.php\/wp-json\/wp\/v2\/media?parent=741848"}],"wp:term":[{"taxonomy":"product_brand","embeddable":true,"href":"https:\/\/roveyayinevi.com.tr\/index.php\/wp-json\/wp\/v2\/product_brand?post=741848"},{"taxonomy":"product_cat","embeddable":true,"href":"https:\/\/roveyayinevi.com.tr\/index.php\/wp-json\/wp\/v2\/product_cat?post=741848"},{"taxonomy":"product_tag","embeddable":true,"href":"https:\/\/roveyayinevi.com.tr\/index.php\/wp-json\/wp\/v2\/product_tag?post=741848"}],"curies":[{"name":"wp","href":"https:\/\/api.w.org\/{rel}","templated":true}]}}