{"id":741844,"date":"2025-08-28T00:58:17","date_gmt":"2025-08-27T21:58:17","guid":{"rendered":"https:\/\/roveyayinevi.com.tr\/index.php\/urun\/unicorn-ve-noktalari-evcil-hayvan-klinigi-etkinlik-kitabi\/"},"modified":"2026-04-16T02:52:55","modified_gmt":"2026-04-15T23:52:55","slug":"unicorn-ve-noktalari-evcil-hayvan-klinigi-etkinlik-kitabi","status":"publish","type":"product","link":"https:\/\/roveyayinevi.com.tr\/index.php\/urun\/unicorn-ve-noktalari-evcil-hayvan-klinigi-etkinlik-kitabi\/","title":{"rendered":"Unicorn Ve Noktalar\u0131 Evcil Hayvan Klini\u011fi \u2013 Etkinlik Kitab\u0131"},"content":{"rendered":"<p>Olamaz! Noktalarla kaplanm\u0131\u015f bir unicorn mu? \u015eimdi ne yapaca\u011f\u0131m diye sordu\u011funu duyar gibiyim\u2026   Bir veteriner olmak istiyorsan e\u011fer bu kitapla al\u0131\u015ft\u0131rma yapmaya ne dersin?   Diane Alber\u2019in hayal g\u00fcc\u00fc ve yarat\u0131c\u0131l\u0131\u011f\u0131 destekleyen Unicorn serisi uzun zamand\u0131r \u00e7ok satanlar listelerinde. T\u00fcm d\u00fcnyada milyonlarca satan serinin i\u00e7inde bu kez boyama ve aktivite kitaplar\u0131 da var! <\/p>\n","protected":false},"excerpt":{"rendered":"<p>Olamaz! Noktalarla kaplanm\u0131\u015f bir unicorn mu? \u015eimdi ne yapaca\u011f\u0131m diye sordu\u011funu duyar gibiyim\u2026 Bir veteriner olmak istiyorsan e\u011fer bu kitapla al\u0131\u015ft\u0131rma yapmaya ne dersin? Diane Alber\u2019in<span class=\"excerpt-hellip\"> [\u2026]<\/span><\/p>\n","protected":false},"featured_media":0,"template":"","meta":{"_monsterinsights_skip_tracking":false,"_monsterinsights_sitenote_active":false,"_monsterinsights_sitenote_note":"","_monsterinsights_sitenote_category":0},"product_brand":[],"product_cat":[12274,15842],"product_tag":[],"class_list":{"0":"post-741844","1":"product","2":"type-product","3":"status-publish","5":"product_cat-cocuk-ve-genclik-kitaplari","6":"product_cat-egitici-kitaplar","7":"pa_cilt-ciltsiz","8":"pa_tur-kitap","9":"pa_yayinevi-beta-kids","10":"pa_yazar-diane-alber","12":"first","13":"instock","14":"sale","15":"shipping-taxable","16":"purchasable","17":"product-type-simple"},"_links":{"self":[{"href":"https:\/\/roveyayinevi.com.tr\/index.php\/wp-json\/wp\/v2\/product\/741844","targetHints":{"allow":["GET"]}}],"collection":[{"href":"https:\/\/roveyayinevi.com.tr\/index.php\/wp-json\/wp\/v2\/product"}],"about":[{"href":"https:\/\/roveyayinevi.com.tr\/index.php\/wp-json\/wp\/v2\/types\/product"}],"wp:attachment":[{"href":"https:\/\/roveyayinevi.com.tr\/index.php\/wp-json\/wp\/v2\/media?parent=741844"}],"wp:term":[{"taxonomy":"product_brand","embeddable":true,"href":"https:\/\/roveyayinevi.com.tr\/index.php\/wp-json\/wp\/v2\/product_brand?post=741844"},{"taxonomy":"product_cat","embeddable":true,"href":"https:\/\/roveyayinevi.com.tr\/index.php\/wp-json\/wp\/v2\/product_cat?post=741844"},{"taxonomy":"product_tag","embeddable":true,"href":"https:\/\/roveyayinevi.com.tr\/index.php\/wp-json\/wp\/v2\/product_tag?post=741844"}],"curies":[{"name":"wp","href":"https:\/\/api.w.org\/{rel}","templated":true}]}}