{"id":741843,"date":"2025-08-28T00:58:15","date_gmt":"2025-08-27T21:58:15","guid":{"rendered":"https:\/\/roveyayinevi.com.tr\/index.php\/urun\/haydi-durma-unicornu-boya\/"},"modified":"2026-04-16T02:52:55","modified_gmt":"2026-04-15T23:52:55","slug":"haydi-durma-unicornu-boya","status":"publish","type":"product","link":"https:\/\/roveyayinevi.com.tr\/index.php\/urun\/haydi-durma-unicornu-boya\/","title":{"rendered":"Haydi Durma, Unicorn\u2019u Boya!"},"content":{"rendered":"<p>Siyah beyaz bir unicorn kula\u011fa fazlas\u0131yla s\u0131k\u0131c\u0131 geliyor, de\u011fil mi? \u00d6yleyse al kalemlerini eline ve Haydi Durma, Unicorn\u2019u Boya! Diane Alber\u2019in hayal g\u00fcc\u00fc ve yarat\u0131c\u0131l\u0131\u011f\u0131 destekleyen Unicorn serisi uzun zamand\u0131r \u00e7ok satanlar listelerinde. T\u00fcm d\u00fcnyada milyonlarca satan serinin i\u00e7inde bu kez boyama ve aktivite kitaplar\u0131 da var!<\/p>\n","protected":false},"excerpt":{"rendered":"<p>Siyah beyaz bir unicorn kula\u011fa fazlas\u0131yla s\u0131k\u0131c\u0131 geliyor, de\u011fil mi? \u00d6yleyse al kalemlerini eline ve Haydi Durma, Unicorn\u2019u Boya! Diane Alber\u2019in hayal g\u00fcc\u00fc ve yarat\u0131c\u0131l\u0131\u011f\u0131 destekleyen<span class=\"excerpt-hellip\"> [\u2026]<\/span><\/p>\n","protected":false},"featured_media":0,"template":"","meta":{"_monsterinsights_skip_tracking":false,"_monsterinsights_sitenote_active":false,"_monsterinsights_sitenote_note":"","_monsterinsights_sitenote_category":0},"product_brand":[],"product_cat":[12644,12274],"product_tag":[],"class_list":{"0":"post-741843","1":"product","2":"type-product","3":"status-publish","5":"product_cat-boyama-kitaplari","6":"product_cat-cocuk-ve-genclik-kitaplari","7":"pa_cilt-ciltsiz","8":"pa_tur-kitap","9":"pa_yayinevi-beta-kids","10":"pa_yazar-diane-alber","12":"first","13":"instock","14":"sale","15":"shipping-taxable","16":"purchasable","17":"product-type-simple"},"_links":{"self":[{"href":"https:\/\/roveyayinevi.com.tr\/index.php\/wp-json\/wp\/v2\/product\/741843","targetHints":{"allow":["GET"]}}],"collection":[{"href":"https:\/\/roveyayinevi.com.tr\/index.php\/wp-json\/wp\/v2\/product"}],"about":[{"href":"https:\/\/roveyayinevi.com.tr\/index.php\/wp-json\/wp\/v2\/types\/product"}],"wp:attachment":[{"href":"https:\/\/roveyayinevi.com.tr\/index.php\/wp-json\/wp\/v2\/media?parent=741843"}],"wp:term":[{"taxonomy":"product_brand","embeddable":true,"href":"https:\/\/roveyayinevi.com.tr\/index.php\/wp-json\/wp\/v2\/product_brand?post=741843"},{"taxonomy":"product_cat","embeddable":true,"href":"https:\/\/roveyayinevi.com.tr\/index.php\/wp-json\/wp\/v2\/product_cat?post=741843"},{"taxonomy":"product_tag","embeddable":true,"href":"https:\/\/roveyayinevi.com.tr\/index.php\/wp-json\/wp\/v2\/product_tag?post=741843"}],"curies":[{"name":"wp","href":"https:\/\/api.w.org\/{rel}","templated":true}]}}