{"id":741837,"date":"2025-08-28T00:58:08","date_gmt":"2025-08-27T21:58:08","guid":{"rendered":"https:\/\/roveyayinevi.com.tr\/index.php\/urun\/anne-baba-egitimi-2\/"},"modified":"2026-04-16T02:52:55","modified_gmt":"2026-04-15T23:52:55","slug":"anne-baba-egitimi-2","status":"publish","type":"product","link":"https:\/\/roveyayinevi.com.tr\/index.php\/urun\/anne-baba-egitimi-2\/","title":{"rendered":"Anne Baba E\u011fitimi"},"content":{"rendered":"<p>Bu kitapta, aile kavram\u0131 tarihsel, kavramsal ve kuramsal bak\u0131\u015f a\u00e7\u0131lar\u0131 do\u011frultusunda ele al\u0131nm\u0131\u015ft\u0131r. Ayr\u0131ca T\u00fcrkiye\u2019deki aile yap\u0131s\u0131 ve ailelere y\u00f6nelik hizmetler, anne baba \u00e7ocuk ileti\u015fimi, anne baba tutumlar\u0131, anne baba e\u011fitimiyle ilgili \u00f6n plana \u00e7\u0131kan konular (tan\u0131m, \u00f6nem, ama\u00e7lar, ilkeler, dikkat edilmesi gereken noktalar), ulusal ve uluslararas\u0131 anne baba e\u011fitim modelleri, anne baba e\u011fitim programlar\u0131n\u0131n geli\u015ftirilme s\u00fcreci, aile kat\u0131l\u0131m\u0131, baba kat\u0131l\u0131m\u0131, \u00f6zel durumlarda aile e\u011fitimi, \u00f6zel gereksinimli \u00e7ocuklar\u0131n ailelerinin e\u011fitimi, pandemi s\u00fcrecinde aile e\u011fitimi, b\u00fcy\u00fckanne \u00fcy\u00fckbaba e\u011fitimi, okul aile i\u015fbirli\u011fi, aile dan\u0131\u015fmal\u0131\u011f\u0131 konular\u0131 yer almaktad\u0131r.   Konular\u0131n kapsam\u0131ndan anla\u015f\u0131laca\u011f\u0131 \u00fczere kitap b\u00fcnyesinde anne  baba e\u011fitimi konusunun detayl\u0131 bir \u015fekilde ele al\u0131nmas\u0131 ama\u00e7lanm\u0131\u015ft\u0131r.<\/p>\n","protected":false},"excerpt":{"rendered":"<p>Bu kitapta, aile kavram\u0131 tarihsel, kavramsal ve kuramsal bak\u0131\u015f a\u00e7\u0131lar\u0131 do\u011frultusunda ele al\u0131nm\u0131\u015ft\u0131r. Ayr\u0131ca T\u00fcrkiye\u2019deki aile yap\u0131s\u0131 ve ailelere y\u00f6nelik hizmetler, anne baba \u00e7ocuk ileti\u015fimi, anne<span class=\"excerpt-hellip\"> [\u2026]<\/span><\/p>\n","protected":false},"featured_media":0,"template":"","meta":{"_monsterinsights_skip_tracking":false,"_monsterinsights_sitenote_active":false,"_monsterinsights_sitenote_note":"","_monsterinsights_sitenote_category":0},"product_brand":[],"product_cat":[17996,12364],"product_tag":[],"class_list":{"0":"post-741837","1":"product","2":"type-product","3":"status-publish","5":"product_cat-ebeveyn-kitaplari","6":"product_cat-genel-konular","7":"pa_cilt-ciltsiz","8":"pa_tur-kitap","9":"pa_yayinevi-egiten-kitap","10":"pa_yazar-hulya-gulay-ogeman","12":"first","13":"instock","14":"sale","15":"shipping-taxable","16":"purchasable","17":"product-type-simple"},"_links":{"self":[{"href":"https:\/\/roveyayinevi.com.tr\/index.php\/wp-json\/wp\/v2\/product\/741837","targetHints":{"allow":["GET"]}}],"collection":[{"href":"https:\/\/roveyayinevi.com.tr\/index.php\/wp-json\/wp\/v2\/product"}],"about":[{"href":"https:\/\/roveyayinevi.com.tr\/index.php\/wp-json\/wp\/v2\/types\/product"}],"wp:attachment":[{"href":"https:\/\/roveyayinevi.com.tr\/index.php\/wp-json\/wp\/v2\/media?parent=741837"}],"wp:term":[{"taxonomy":"product_brand","embeddable":true,"href":"https:\/\/roveyayinevi.com.tr\/index.php\/wp-json\/wp\/v2\/product_brand?post=741837"},{"taxonomy":"product_cat","embeddable":true,"href":"https:\/\/roveyayinevi.com.tr\/index.php\/wp-json\/wp\/v2\/product_cat?post=741837"},{"taxonomy":"product_tag","embeddable":true,"href":"https:\/\/roveyayinevi.com.tr\/index.php\/wp-json\/wp\/v2\/product_tag?post=741837"}],"curies":[{"name":"wp","href":"https:\/\/api.w.org\/{rel}","templated":true}]}}