{"id":741815,"date":"2025-08-28T00:57:28","date_gmt":"2025-08-27T21:57:28","guid":{"rendered":"https:\/\/roveyayinevi.com.tr\/index.php\/urun\/kagit-kesigi\/"},"modified":"2026-04-16T02:52:54","modified_gmt":"2026-04-15T23:52:54","slug":"kagit-kesigi","status":"publish","type":"product","link":"https:\/\/roveyayinevi.com.tr\/index.php\/urun\/kagit-kesigi\/","title":{"rendered":"Ka\u011f\u0131t Kesi\u011fi"},"content":{"rendered":"<p>Hande \u00c7i\u011fdemo\u011flu, k\u0131sa bir s\u00fcre i\u00e7inde ger\u00e7ekle\u015fen olaylar\u0131 anlat\u0131rken, kahraman\u0131n b\u00fct\u00fcn hayat\u0131n\u0131 yans\u0131tan hik\u00e2yeler yarat\u0131yor. \u00c7e\u015fitli insanl\u0131k durumlar\u0131n\u0131, hayat\u0131n ger\u00e7eklerini g\u00f6r\u00fcn\u00fcr hale getiriyor. Hayata dair olsa da pek konu\u015fulmayan, k\u00e2\u011f\u0131t kesi\u011fi gibi s\u0131zlayan konular i\u015fliyor. Bir \u00f6yk\u00fcs\u00fcn\u00fcn ba\u015fl\u0131\u011f\u0131na benzer bi\u00e7imde anlat\u0131yor; \u00e7ok dokunmadan, fazla \u00fczmeden. B\u00f6ylesine olgun bir ilk kitap olan K\u00e2\u011f\u0131t Kesi\u011fi\u2019nin ve Hande \u00c7i\u011fdemo\u011flu\u2019nun edebiyat yolculu\u011funu umutla takip edece\u011fim. Z\u00fclf\u00fc Livaneli K\u00e2\u011f\u0131t Kesi\u011fi, 2021 G\u00fclten Ak\u0131n Mektup Yar\u0131\u015fmas\u0131 B\u00fcy\u00fck \u00d6d\u00fcl\u00fc, 2020 Fakir Baykurt \u00d6yk\u00fc Yar\u0131\u015fmas\u0131 Birincili\u011fi ve 2020 Seyhan Livaneli \u00d6yk\u00fc Yar\u0131\u015fmas\u0131 \u00dc\u00e7\u00fcnc\u00fcl\u00fc\u011f\u00fc alan \u00f6yk\u00fcleri ile T\u00fcrk edebiyat\u0131nda yads\u0131namayacak bir yer edinmeyi ba\u015far\u0131yor, \u00fcstelik daha ilk anda.<\/p>\n","protected":false},"excerpt":{"rendered":"<p>Hande \u00c7i\u011fdemo\u011flu, k\u0131sa bir s\u00fcre i\u00e7inde ger\u00e7ekle\u015fen olaylar\u0131 anlat\u0131rken, kahraman\u0131n b\u00fct\u00fcn hayat\u0131n\u0131 yans\u0131tan hik\u00e2yeler yarat\u0131yor. \u00c7e\u015fitli insanl\u0131k durumlar\u0131n\u0131, hayat\u0131n ger\u00e7eklerini g\u00f6r\u00fcn\u00fcr hale getiriyor. Hayata dair olsa<span class=\"excerpt-hellip\"> [\u2026]<\/span><\/p>\n","protected":false},"featured_media":0,"template":"","meta":{"_monsterinsights_skip_tracking":false,"_monsterinsights_sitenote_active":false,"_monsterinsights_sitenote_note":"","_monsterinsights_sitenote_category":0},"product_brand":[],"product_cat":[12291,12711],"product_tag":[],"class_list":{"0":"post-741815","1":"product","2":"type-product","3":"status-publish","5":"product_cat-edebiyat","6":"product_cat-roman-oyku","7":"pa_cilt-ciltsiz","8":"pa_tur-kitap","9":"pa_yayinevi-inkilap-kitabevi","10":"pa_yazar-hande-cigdemoglu","12":"first","13":"instock","14":"sale","15":"shipping-taxable","16":"purchasable","17":"product-type-simple"},"_links":{"self":[{"href":"https:\/\/roveyayinevi.com.tr\/index.php\/wp-json\/wp\/v2\/product\/741815","targetHints":{"allow":["GET"]}}],"collection":[{"href":"https:\/\/roveyayinevi.com.tr\/index.php\/wp-json\/wp\/v2\/product"}],"about":[{"href":"https:\/\/roveyayinevi.com.tr\/index.php\/wp-json\/wp\/v2\/types\/product"}],"wp:attachment":[{"href":"https:\/\/roveyayinevi.com.tr\/index.php\/wp-json\/wp\/v2\/media?parent=741815"}],"wp:term":[{"taxonomy":"product_brand","embeddable":true,"href":"https:\/\/roveyayinevi.com.tr\/index.php\/wp-json\/wp\/v2\/product_brand?post=741815"},{"taxonomy":"product_cat","embeddable":true,"href":"https:\/\/roveyayinevi.com.tr\/index.php\/wp-json\/wp\/v2\/product_cat?post=741815"},{"taxonomy":"product_tag","embeddable":true,"href":"https:\/\/roveyayinevi.com.tr\/index.php\/wp-json\/wp\/v2\/product_tag?post=741815"}],"curies":[{"name":"wp","href":"https:\/\/api.w.org\/{rel}","templated":true}]}}