{"id":741808,"date":"2025-08-28T00:57:17","date_gmt":"2025-08-27T21:57:17","guid":{"rendered":"https:\/\/roveyayinevi.com.tr\/index.php\/urun\/korku-ve-yakaris\/"},"modified":"2026-04-16T02:52:54","modified_gmt":"2026-04-15T23:52:54","slug":"korku-ve-yakaris","status":"publish","type":"product","link":"https:\/\/roveyayinevi.com.tr\/index.php\/urun\/korku-ve-yakaris\/","title":{"rendered":"Korku ve Yakar\u0131\u015f"},"content":{"rendered":"<p>S\u0131cak ili\u015fkiler ad\u0131na davet al\u0131yorum Biraz kan ve ilik h\u0131zland\u0131r\u0131c\u0131 olarak   Karde\u015fim dedim Ac\u0131lar\u0131ma da karde\u015f olur musun   Baltas\u0131n\u0131 havaya kald\u0131rd\u0131 Yu\u0308kselemezdi daha S\u00f6yledim \u2013Haydi ac\u0131lar haydi az daha   Dedim karde\u015fim Omuzba\u015flar\u0131mdaki \u015fu yara Ormanlar\u0131n serin g\u00f6lgesindeki papatya de\u011fil Arif bir bilin\u00e7le yu\u0308ru\u0308rken oldu <\/p>\n","protected":false},"excerpt":{"rendered":"<p>S\u0131cak ili\u015fkiler ad\u0131na davet al\u0131yorum Biraz kan ve ilik h\u0131zland\u0131r\u0131c\u0131 olarak Karde\u015fim dedim Ac\u0131lar\u0131ma da karde\u015f olur musun Baltas\u0131n\u0131 havaya kald\u0131rd\u0131 Yu\u0308kselemezdi daha S\u00f6yledim \u2013Haydi ac\u0131lar<span class=\"excerpt-hellip\"> [\u2026]<\/span><\/p>\n","protected":false},"featured_media":0,"template":"","meta":{"_monsterinsights_skip_tracking":false,"_monsterinsights_sitenote_active":false,"_monsterinsights_sitenote_note":"","_monsterinsights_sitenote_category":0},"product_brand":[],"product_cat":[12291,12509],"product_tag":[],"class_list":{"0":"post-741808","1":"product","2":"type-product","3":"status-publish","5":"product_cat-edebiyat","6":"product_cat-siir","7":"pa_cilt-ciltsiz","8":"pa_tur-kitap","9":"pa_yayinevi-ketebe-yayinlari","10":"pa_yazar-cahit-zarifoglu","12":"first","13":"instock","14":"sale","15":"shipping-taxable","16":"purchasable","17":"product-type-simple"},"_links":{"self":[{"href":"https:\/\/roveyayinevi.com.tr\/index.php\/wp-json\/wp\/v2\/product\/741808","targetHints":{"allow":["GET"]}}],"collection":[{"href":"https:\/\/roveyayinevi.com.tr\/index.php\/wp-json\/wp\/v2\/product"}],"about":[{"href":"https:\/\/roveyayinevi.com.tr\/index.php\/wp-json\/wp\/v2\/types\/product"}],"wp:attachment":[{"href":"https:\/\/roveyayinevi.com.tr\/index.php\/wp-json\/wp\/v2\/media?parent=741808"}],"wp:term":[{"taxonomy":"product_brand","embeddable":true,"href":"https:\/\/roveyayinevi.com.tr\/index.php\/wp-json\/wp\/v2\/product_brand?post=741808"},{"taxonomy":"product_cat","embeddable":true,"href":"https:\/\/roveyayinevi.com.tr\/index.php\/wp-json\/wp\/v2\/product_cat?post=741808"},{"taxonomy":"product_tag","embeddable":true,"href":"https:\/\/roveyayinevi.com.tr\/index.php\/wp-json\/wp\/v2\/product_tag?post=741808"}],"curies":[{"name":"wp","href":"https:\/\/api.w.org\/{rel}","templated":true}]}}