{"id":741778,"date":"2025-08-28T00:56:42","date_gmt":"2025-08-27T21:56:42","guid":{"rendered":"https:\/\/roveyayinevi.com.tr\/index.php\/urun\/cevre-bilinci\/"},"modified":"2026-04-16T02:52:53","modified_gmt":"2026-04-15T23:52:53","slug":"cevre-bilinci","status":"publish","type":"product","link":"https:\/\/roveyayinevi.com.tr\/index.php\/urun\/cevre-bilinci\/","title":{"rendered":"\u00c7evre Bilinci"},"content":{"rendered":"<p>\u0130\u00e7inde bulundu\u011fumuz d\u00f6nem insan hayat\u0131n\u0131 kolayla\u015ft\u0131rd\u0131\u011f\u0131 kadar b\u00fcy\u00fck sorunlar\u0131 da beraberinde getirmektedir. Son y\u00fczy\u0131lda ya\u015fanan \u00e7evre problemleri bu konuda topyek\u00fbn yap\u0131lmas\u0131 gerekenleri g\u00f6zler \u00f6n\u00fcne sermektedir. \u00c7o\u011fu insan etkileriyle ger\u00e7ekle\u015fen bu sorunlar i\u00e7in ciddi \u00f6nlemler alma vakti gelip ge\u00e7mektedir.   K\u00fcresel boyutta ya\u015fanan iklim de\u011fi\u015fikli\u011fi krizi, biyo\u00e7e\u015fitlilikteki azalma ve \u00e7ok say\u0131da t\u00fcr\u00fcn yok olmas\u0131, d\u00fcnyan\u0131n her yerinde ya\u015fanan kirlili\u011fin boyutu gibi b\u00fcy\u00fck \u00e7apl\u0131 bu problemler t\u00fcm ya\u015fam\u0131 olumsuz etkilemektedir. D\u00fcnyan\u0131n farkl\u0131 co\u011frafyalar\u0131nda birbirine ba\u011fl\u0131 ekosistemlerin her birindeki en ufak olumlu ya da olumsuz etkile\u015fim di\u011ferlerine de yans\u0131makta, zincirleme bir yolla hatta parabolik bir etkiyle artmaktad\u0131r.<\/p>\n","protected":false},"excerpt":{"rendered":"<p>\u0130\u00e7inde bulundu\u011fumuz d\u00f6nem insan hayat\u0131n\u0131 kolayla\u015ft\u0131rd\u0131\u011f\u0131 kadar b\u00fcy\u00fck sorunlar\u0131 da beraberinde getirmektedir. Son y\u00fczy\u0131lda ya\u015fanan \u00e7evre problemleri bu konuda topyek\u00fbn yap\u0131lmas\u0131 gerekenleri g\u00f6zler \u00f6n\u00fcne sermektedir. \u00c7o\u011fu<span class=\"excerpt-hellip\"> [\u2026]<\/span><\/p>\n","protected":false},"featured_media":0,"template":"","meta":{"_monsterinsights_skip_tracking":false,"_monsterinsights_sitenote_active":false,"_monsterinsights_sitenote_note":"","_monsterinsights_sitenote_category":0},"product_brand":[],"product_cat":[12573,12566],"product_tag":[],"class_list":{"0":"post-741778","1":"product","2":"type-product","3":"status-publish","5":"product_cat-akademik-kitaplar","6":"product_cat-egitim","7":"pa_cilt-ciltsiz","8":"pa_tur-kitap","9":"pa_yayinevi-egiten-kitap","10":"pa_yazar-elif-ozturk","12":"first","13":"instock","14":"sale","15":"shipping-taxable","16":"purchasable","17":"product-type-simple"},"_links":{"self":[{"href":"https:\/\/roveyayinevi.com.tr\/index.php\/wp-json\/wp\/v2\/product\/741778","targetHints":{"allow":["GET"]}}],"collection":[{"href":"https:\/\/roveyayinevi.com.tr\/index.php\/wp-json\/wp\/v2\/product"}],"about":[{"href":"https:\/\/roveyayinevi.com.tr\/index.php\/wp-json\/wp\/v2\/types\/product"}],"wp:attachment":[{"href":"https:\/\/roveyayinevi.com.tr\/index.php\/wp-json\/wp\/v2\/media?parent=741778"}],"wp:term":[{"taxonomy":"product_brand","embeddable":true,"href":"https:\/\/roveyayinevi.com.tr\/index.php\/wp-json\/wp\/v2\/product_brand?post=741778"},{"taxonomy":"product_cat","embeddable":true,"href":"https:\/\/roveyayinevi.com.tr\/index.php\/wp-json\/wp\/v2\/product_cat?post=741778"},{"taxonomy":"product_tag","embeddable":true,"href":"https:\/\/roveyayinevi.com.tr\/index.php\/wp-json\/wp\/v2\/product_tag?post=741778"}],"curies":[{"name":"wp","href":"https:\/\/api.w.org\/{rel}","templated":true}]}}