{"id":741714,"date":"2025-08-28T00:55:24","date_gmt":"2025-08-27T21:55:24","guid":{"rendered":"https:\/\/roveyayinevi.com.tr\/index.php\/urun\/pandora-odasi\/"},"modified":"2026-04-16T02:52:50","modified_gmt":"2026-04-15T23:52:50","slug":"pandora-odasi","status":"publish","type":"product","link":"https:\/\/roveyayinevi.com.tr\/index.php\/urun\/pandora-odasi\/","title":{"rendered":"Pandora Odas\u0131"},"content":{"rendered":"<p>\u201cChristopher Golden insan\u0131 nas\u0131l korkutaca\u011f\u0131n\u0131 \u00e7ok iyi biliyor!\u201d \u2013Victor LaValle, Siyah Tom\u2019un Balad\u0131\u2019n\u0131n yazar\u0131   \u201cKitab\u0131n ilk c\u00fcmleleri beni \u00e2deta bo\u011faz\u0131mdan yakalad\u0131 ve sayfalar ilerledik\u00e7e g\u0131rtla\u011f\u0131m\u0131 s\u0131kmaya devam etti. \u0130\u015fte size hakiki bir \u00f6yk\u00fc anlat\u0131c\u0131s\u0131.\u201d \u2013James RollinsPANDORA\u2019NIN KUTUSU A\u00c7ILDI\u011eINDA K\u00d6T\u00dcL\u00dcKLER VE LANETLER T\u00dcM D\u00dcNYAYA YAYILACAK   A\u011fr\u0131 Da\u011f\u0131\u2019n\u0131n New York Times \u00e7oksatan yazar\u0131 Christopher Golden\u2019dan Kuzey Irak\u2019ta ge\u00e7en korku ve macera dolu bir hik\u00e2ye: Pandora Odas\u0131.Ger\u00e7ekte iki kutu vard\u0131. Bir tanesi Pandora\u2019n\u0131n, bir tanesi de k\u0131z karde\u015fi Anesidora\u2019n\u0131n. Biri, tanr\u0131lar\u0131n l\u00fctuflar\u0131n\u0131 i\u00e7erirken di\u011ferindeyse korkun\u00e7 lanetler sakl\u0131. Kuzey Irak\u2019taki bir antik kentte arkeolog Sophie Durand gizemli bir kutunun oldu\u011fu bir oday\u0131 ke\u015ffeder. Duvarlardaki \u00e7ivi yaz\u0131lar\u0131 Pandora efsanesini do\u011frularken B\u00fcy\u00fck \u0130skender\u2019den de uyar\u0131 i\u00e7erir. \u0130\u015fler giderek gariple\u015fir ve \u00e7irkinle\u015firken tuhaf vakalar uzman\u0131 Ben Walker, Sophie\u2019nin ekibine kat\u0131l\u0131r. L\u00fctuflar\u0131 m\u0131 yoksa lanetleri mi i\u00e7erdi\u011fini umursamadan hem \u00e7evredeki \u00fclkelerin hem de Irak\u2019taki g\u00fc\u00e7lerin tek amac\u0131 onu ele ge\u00e7irmektir. \u0130nsanlar planlar yaparken do\u011fa\u00fcst\u00fc g\u00fc\u00e7ler uyanmak \u00fczeredir ve Sophie, Walker ve ekiptekiler i\u00e7in Pandora Odas\u0131\u2019nda deh\u015fet ba\u015flar.   <\/p>\n","protected":false},"excerpt":{"rendered":"<p>\u201cChristopher Golden insan\u0131 nas\u0131l korkutaca\u011f\u0131n\u0131 \u00e7ok iyi biliyor!\u201d \u2013Victor LaValle, Siyah Tom\u2019un Balad\u0131\u2019n\u0131n yazar\u0131 \u201cKitab\u0131n ilk c\u00fcmleleri beni \u00e2deta bo\u011faz\u0131mdan yakalad\u0131 ve sayfalar ilerledik\u00e7e g\u0131rtla\u011f\u0131m\u0131 s\u0131kmaya<span class=\"excerpt-hellip\"> [\u2026]<\/span><\/p>\n","protected":false},"featured_media":0,"template":"","meta":{"_monsterinsights_skip_tracking":false,"_monsterinsights_sitenote_active":false,"_monsterinsights_sitenote_note":"","_monsterinsights_sitenote_category":0},"product_brand":[],"product_cat":[12291,17033],"product_tag":[],"class_list":{"0":"post-741714","1":"product","2":"type-product","3":"status-publish","5":"product_cat-edebiyat","6":"product_cat-korku-gerilim","7":"pa_cilt-ciltsiz","8":"pa_tur-kitap","9":"pa_yayinevi-ithaki-yayinlari","10":"pa_yazar-christopher-golden","12":"first","13":"instock","14":"sale","15":"shipping-taxable","16":"purchasable","17":"product-type-simple"},"_links":{"self":[{"href":"https:\/\/roveyayinevi.com.tr\/index.php\/wp-json\/wp\/v2\/product\/741714","targetHints":{"allow":["GET"]}}],"collection":[{"href":"https:\/\/roveyayinevi.com.tr\/index.php\/wp-json\/wp\/v2\/product"}],"about":[{"href":"https:\/\/roveyayinevi.com.tr\/index.php\/wp-json\/wp\/v2\/types\/product"}],"wp:attachment":[{"href":"https:\/\/roveyayinevi.com.tr\/index.php\/wp-json\/wp\/v2\/media?parent=741714"}],"wp:term":[{"taxonomy":"product_brand","embeddable":true,"href":"https:\/\/roveyayinevi.com.tr\/index.php\/wp-json\/wp\/v2\/product_brand?post=741714"},{"taxonomy":"product_cat","embeddable":true,"href":"https:\/\/roveyayinevi.com.tr\/index.php\/wp-json\/wp\/v2\/product_cat?post=741714"},{"taxonomy":"product_tag","embeddable":true,"href":"https:\/\/roveyayinevi.com.tr\/index.php\/wp-json\/wp\/v2\/product_tag?post=741714"}],"curies":[{"name":"wp","href":"https:\/\/api.w.org\/{rel}","templated":true}]}}