{"id":741696,"date":"2025-08-28T00:55:02","date_gmt":"2025-08-27T21:55:02","guid":{"rendered":"https:\/\/roveyayinevi.com.tr\/index.php\/urun\/evimizdeki-canavar\/"},"modified":"2026-04-16T02:52:50","modified_gmt":"2026-04-15T23:52:50","slug":"evimizdeki-canavar","status":"publish","type":"product","link":"https:\/\/roveyayinevi.com.tr\/index.php\/urun\/evimizdeki-canavar\/","title":{"rendered":"Evimizdeki Canavar"},"content":{"rendered":"<p>\u201cD\u00fcnya halk sa\u011fl\u0131\u011f\u0131 kurumlar\u0131 pandemilere kar\u015f\u0131 daha ziyade Titanik\u2019teki tahliye sandal\u0131 sistemini and\u0131ran bir \u015fekilde \u00f6rg\u00fctlenmi\u015flerdir: \u015eirketin eli s\u0131k\u0131 ve basiretsiz tutumu nedeniyle birinci s\u0131n\u0131f yolcular\u0131n b\u00fcy\u00fck bir \u00e7o\u011funlu\u011fu, hatta m\u00fcrettebat\u0131n bir k\u0131sm\u0131 bo\u011fularak hayat\u0131n\u0131 kaybedecek; \u00fc\u00e7\u00fcnc\u00fc s\u0131n\u0131fta yolculuk eden yoksullar\u0131nsa binecek tek bir cankurtaran sandallar\u0131 bile olmayacak; kaderlerine terk edilen bu insanlar\u0131n hepsi buz gibi sularda \u00f6l\u00fcm kal\u0131m sava\u015f\u0131 vermek durumunda kalacaklar.\u201d   T\u00fcrk\u00e7ede b\u00fcy\u00fck ilgi g\u00f6ren Gecekondu Gezegeni ile bilinen yazar ve aktivist Mike Davis, 2005\u2019te yazd\u0131\u011f\u0131 Kap\u0131m\u0131zdaki Canavar adl\u0131 kitab\u0131n\u0131 Covid-19 pandemisiyle birlikte g\u00fcncelledi: Evet canavar art\u0131k evimizde!   Mike Davis\u2019in kehanetlerinin birer birer do\u011fruland\u0131\u011f\u0131 bug\u00fcnlerde ortal\u0131\u011f\u0131 saran komplo teorilerinin yaratt\u0131\u011f\u0131 toz duman havas\u0131 da\u011f\u0131l\u0131nca \u015fapkam\u0131z\u0131 \u00f6n\u00fcm\u00fcze koyup k\u00e2r pe\u015findeki ila\u00e7 tekellerinin, do\u011fay\u0131 tahrip eden kapitalist \u015firketlerin, fast food end\u00fcstrilerinin, yozla\u015fm\u0131\u015f y\u00f6netimlerin, bu viral k\u0131yametlerde oynad\u0131klar\u0131 kilit rol\u00fc sorgular olduk. Ya\u015fad\u0131\u011f\u0131m\u0131z felaketi adland\u0131rmak i\u00e7in t\u0131ls\u0131ml\u0131 \u201ckader\u201d ve \u201ckomplo\u201d s\u00f6zc\u00fcklerinden fazlas\u0131, k\u0131yametin failini i\u015faret eden bir bilin\u00e7 gerekiyordu. \u0130\u015fte, Mike Davis\u2019in viral k\u0131yametin ekonomipoliti\u011fini olanca \u00e7\u0131plakl\u0131\u011f\u0131yla g\u00f6zler \u00f6n\u00fcne serdi\u011fi Evimizdeki Canavar bu bilincin eseri.   Yazar Hakk\u0131nda: Mike Davis, tarih\u00e7i, kent kuramc\u0131s\u0131 ve aktivist. Aralar\u0131nda City of Quartz [Kuvars \u015eehri], Buda\u2019s Wagon, Ecology of Fear [Korkunun Ekolojisi], Magical Urbanism [B\u00fcy\u00fcl\u00fc \u015eehircilik], Dead Cities and Other Tales [\u00d6l\u00fc Kentler ve Di\u011fer Masallar] ve Jon Wiener\u2019le birlikte kaleme ald\u0131\u011f\u0131 Set the Night on Fire adl\u0131 kitaplar\u0131n da bulundu\u011fu pek \u00e7ok kitab\u0131n yazar\u0131d\u0131r.<\/p>\n","protected":false},"excerpt":{"rendered":"<p>\u201cD\u00fcnya halk sa\u011fl\u0131\u011f\u0131 kurumlar\u0131 pandemilere kar\u015f\u0131 daha ziyade Titanik\u2019teki tahliye sandal\u0131 sistemini and\u0131ran bir \u015fekilde \u00f6rg\u00fctlenmi\u015flerdir: \u015eirketin eli s\u0131k\u0131 ve basiretsiz tutumu nedeniyle birinci s\u0131n\u0131f yolcular\u0131n<span class=\"excerpt-hellip\"> [\u2026]<\/span><\/p>\n","protected":false},"featured_media":0,"template":"","meta":{"_monsterinsights_skip_tracking":false,"_monsterinsights_sitenote_active":false,"_monsterinsights_sitenote_note":"","_monsterinsights_sitenote_category":0},"product_brand":[],"product_cat":[13072,12291],"product_tag":[],"class_list":{"0":"post-741696","1":"product","2":"type-product","3":"status-publish","5":"product_cat-arastirma-inceleme-referans","6":"product_cat-edebiyat","7":"pa_cilt-ciltsiz","8":"pa_tur-kitap","9":"pa_yayinevi-dogan-kitap","10":"pa_yazar-mike-davis","12":"first","13":"instock","14":"sale","15":"shipping-taxable","16":"purchasable","17":"product-type-simple"},"_links":{"self":[{"href":"https:\/\/roveyayinevi.com.tr\/index.php\/wp-json\/wp\/v2\/product\/741696","targetHints":{"allow":["GET"]}}],"collection":[{"href":"https:\/\/roveyayinevi.com.tr\/index.php\/wp-json\/wp\/v2\/product"}],"about":[{"href":"https:\/\/roveyayinevi.com.tr\/index.php\/wp-json\/wp\/v2\/types\/product"}],"wp:attachment":[{"href":"https:\/\/roveyayinevi.com.tr\/index.php\/wp-json\/wp\/v2\/media?parent=741696"}],"wp:term":[{"taxonomy":"product_brand","embeddable":true,"href":"https:\/\/roveyayinevi.com.tr\/index.php\/wp-json\/wp\/v2\/product_brand?post=741696"},{"taxonomy":"product_cat","embeddable":true,"href":"https:\/\/roveyayinevi.com.tr\/index.php\/wp-json\/wp\/v2\/product_cat?post=741696"},{"taxonomy":"product_tag","embeddable":true,"href":"https:\/\/roveyayinevi.com.tr\/index.php\/wp-json\/wp\/v2\/product_tag?post=741696"}],"curies":[{"name":"wp","href":"https:\/\/api.w.org\/{rel}","templated":true}]}}