{"id":741666,"date":"2025-08-28T00:54:25","date_gmt":"2025-08-27T21:54:25","guid":{"rendered":"https:\/\/roveyayinevi.com.tr\/index.php\/urun\/keskeden-iyi-kiye\/"},"modified":"2026-04-16T02:52:49","modified_gmt":"2026-04-15T23:52:49","slug":"keskeden-iyi-kiye","status":"publish","type":"product","link":"https:\/\/roveyayinevi.com.tr\/index.php\/urun\/keskeden-iyi-kiye\/","title":{"rendered":"\u2018Ke\u015fke\u2019den \u0130yi Ki\u2019ye"},"content":{"rendered":"<p>\u0130nsanlar\u0131n senin y\u00fcz\u00fcne bak\u0131p i\u00e7inde kopan f\u0131rt\u0131nalar\u0131 anlamalar\u0131n\u0131 \u00e7aresizce beklemekten vazge\u00e7meye ne dersin? Ne istedi\u011fini, neye ihtiya\u00e7 duydu\u011funu birinci a\u011f\u0131zdan s\u00f6ylemeye ve kendi kalbi k\u0131r\u0131k hakl\u0131l\u0131\u011f\u0131n\u0131n derin yaln\u0131zl\u0131\u011f\u0131ndan azade olup \u201cme\u011fer yan\u0131lm\u0131\u015f\u0131m\u201d diyebilmeye var m\u0131s\u0131n? \u201c\u0130yi ki\u201dleri huzurla kabul eden bir mutlulu\u011fa yelken a\u00e7maya haz\u0131r m\u0131s\u0131n? \u00c7at\u0131k kar\u015f\u0131l\u0131\u011f\u0131n\u0131n onay\u0131 m\u0131, g\u00fcler y\u00fcz\u00fcn\u00fcn yan\u0131lg\u0131s\u0131 m\u0131 tercihin? Seni ger\u00e7ekten mutlu edecek olan hangisi?   Yaln\u0131zl\u0131k bazen d\u0131\u015f d\u00fcnyadan istedi\u011fini alamayan\u0131n kibirli geri \u00e7ekili\u015fi, bazen daha fazla \u00f6rselenmekten korkan\u0131n s\u0131\u011f\u0131na\u011f\u0131, bazen varl\u0131\u011f\u0131 \u015faibeli bir efendinin talebi, bazen de yarat\u0131c\u0131 eylemlerin \u00f6n ko\u015fulu olan bir tek ba\u015f\u0131nal\u0131k halidir. Yani yaln\u0131zl\u0131k kiminin yaras\u0131, kiminin yara band\u0131, kiminin de yara merhemidir.   Ancak ve ancak seni terk edebilme g\u00fcc\u00fcn\u00fc\u0308 verdi\u011fin birini ger\u00e7ekten sevebilir, ancak ve ancak sana sadakatsizlik etme iradesini verdi\u011fin birine ger\u00e7ekten g\u00fcvenebilirsin.    \u201cBir terapist, dan\u0131\u015fan\u0131n\u0131 dinlerken zihninden neler ge\u00e7irir, o d\u00fcnyada nas\u0131l gezinir? Sevgili meslekta\u015f\u0131m Erkin, \u00f6yk\u00fclerinde terapinin nas\u0131l sanat gibi icra edildi\u011fini ve terapistin bir sanat\u00e7\u0131 edas\u0131yla dan\u0131\u015fanlar\u0131na nas\u0131l yakla\u015ft\u0131\u011f\u0131n\u0131 s\u0131cac\u0131k \u00fcslubuyla d\u00f6rt farkl\u0131 \u00f6yk\u00fcyle bizlerle payla\u015fm\u0131\u015f. Bir solukta okuyacaks\u0131n\u0131z.\u201d   Klinik Psikolog Ceyla Taner <\/p>\n","protected":false},"excerpt":{"rendered":"<p>\u0130nsanlar\u0131n senin y\u00fcz\u00fcne bak\u0131p i\u00e7inde kopan f\u0131rt\u0131nalar\u0131 anlamalar\u0131n\u0131 \u00e7aresizce beklemekten vazge\u00e7meye ne dersin? Ne istedi\u011fini, neye ihtiya\u00e7 duydu\u011funu birinci a\u011f\u0131zdan s\u00f6ylemeye ve kendi kalbi k\u0131r\u0131k hakl\u0131l\u0131\u011f\u0131n\u0131n<span class=\"excerpt-hellip\"> [\u2026]<\/span><\/p>\n","protected":false},"featured_media":0,"template":"","meta":{"_monsterinsights_skip_tracking":false,"_monsterinsights_sitenote_active":false,"_monsterinsights_sitenote_note":"","_monsterinsights_sitenote_category":0},"product_brand":[],"product_cat":[12358,12357],"product_tag":[],"class_list":{"0":"post-741666","1":"product","2":"type-product","3":"status-publish","5":"product_cat-genel-psikoloji","6":"product_cat-psikoloji","7":"pa_cilt-ciltsiz","8":"pa_tur-kitap","9":"pa_yayinevi-mona-kitap","10":"pa_yazar-erkin-unalan","12":"first","13":"instock","14":"sale","15":"shipping-taxable","16":"purchasable","17":"product-type-simple"},"_links":{"self":[{"href":"https:\/\/roveyayinevi.com.tr\/index.php\/wp-json\/wp\/v2\/product\/741666","targetHints":{"allow":["GET"]}}],"collection":[{"href":"https:\/\/roveyayinevi.com.tr\/index.php\/wp-json\/wp\/v2\/product"}],"about":[{"href":"https:\/\/roveyayinevi.com.tr\/index.php\/wp-json\/wp\/v2\/types\/product"}],"wp:attachment":[{"href":"https:\/\/roveyayinevi.com.tr\/index.php\/wp-json\/wp\/v2\/media?parent=741666"}],"wp:term":[{"taxonomy":"product_brand","embeddable":true,"href":"https:\/\/roveyayinevi.com.tr\/index.php\/wp-json\/wp\/v2\/product_brand?post=741666"},{"taxonomy":"product_cat","embeddable":true,"href":"https:\/\/roveyayinevi.com.tr\/index.php\/wp-json\/wp\/v2\/product_cat?post=741666"},{"taxonomy":"product_tag","embeddable":true,"href":"https:\/\/roveyayinevi.com.tr\/index.php\/wp-json\/wp\/v2\/product_tag?post=741666"}],"curies":[{"name":"wp","href":"https:\/\/api.w.org\/{rel}","templated":true}]}}